{"id":15690,"date":"2024-12-25T15:57:12","date_gmt":"2024-12-25T12:57:12","guid":{"rendered":"https:\/\/akerkimya.com\/eticaret\/?post_type=product&#038;p=15690"},"modified":"2026-04-16T02:18:48","modified_gmt":"2026-04-15T23:18:48","slug":"adc-250-akrilik","status":"publish","type":"product","link":"https:\/\/akerkimya.com\/eticaret\/urun\/adc-250-akrilik\/","title":{"rendered":"ADC 250 AKR\u0130L\u0130K"},"content":{"rendered":"<h1>ADC 250 AKR\u0130L\u0130K<\/h1>\n<p><strong>Arakr\u0131l ADC 250,APEO ve formaldehit i\u00e7ermeyen anyonik-nonyonik\u00a0 stiren ve akrilik i\u00e7erikli asit ester em\u00fclsiyondur.<\/strong><\/p>\n<p><strong>ADC 250 AKR\u0130L\u0130K TEKN\u0130K \u00d6ZELL\u0130KLER\u00a0<\/strong><strong>\u00a0\u00a0 \u00a0<\/strong><\/p>\n<p><strong>RENK: Beyaz a\u00e7\u0131k sar\u0131ms\u0131<\/strong><\/p>\n<p><strong>F\u0130LM G\u00d6R\u00dcN\u00dcM: Berrak<\/strong><\/p>\n<p><strong>\u0130YON\u0130K Y\u00dcK: Anyonik-Nonyonik<\/strong><\/p>\n<p><strong>KATI MADDE: %50.0<\/strong><\/p>\n<p><strong>YO\u011eUNLUK: 1.04 g\/cm3<\/strong><\/p>\n<p><strong>PH: 7.0-9.0<\/strong><\/p>\n<p><strong>V\u0130SKOZ\u0130TE: 8000-11000<\/strong><\/p>\n<p><strong>TG: 19 C<\/strong><\/p>\n<p><strong>\u00a0<\/strong><\/p>\n<p><strong>\u00a0ADC 250 \u00d6ZELL\u0130KLER\u0130<\/strong><\/p>\n<p><strong>ADC 250 y\u00fcksek ve orta PVC i\u00e7erikli astar,i\u00e7 cephe-d\u0131\u015f cephe boya uygulamalar\u0131 i\u00e7in uygundur.<\/strong><\/p>\n<p><strong>ADC 250 su ve alkali\u2019ye kar\u015f\u0131 dayan\u0131m\u0131 y\u00fcksek oldu\u011fundan seramik yap\u0131\u015ft\u0131r\u0131c\u0131larda ve dolgu malzemelerinde kullan\u0131l\u0131r.<\/strong><\/p>\n<p><strong>Pigment ba\u011flama g\u00fcc\u00fc y\u00fcksek oldu\u011fundan di\u011fer kullan\u0131m alanlar\u0131 olarak tekst\u00fcre kaplamalar\u0131 ve y\u00fcksek pigment i\u00e7erikli \u00e7imento kaplamalar\u0131nda \u00f6nerilir.<\/strong><\/p>\n<p><strong>\u00a0<\/strong><\/p>\n<p><strong>ADC 250 KULLANIM ALANLARI<\/strong><\/p>\n<p><strong>\u0130\u00e7 ve d\u0131\u015f cephe boyalar\u0131nda kullan\u0131l\u0131r.<\/strong><\/p>\n<p><strong>Tekst \u00fcre boyalar\u0131nda kullan\u0131l\u0131r.<\/strong><\/p>\n<p><strong>Y\u00fcksek PVC i\u00e7erikli boyalarda kullan\u0131l\u0131r.<\/strong><\/p>\n<p><strong>Astar ve s\u0131va uygulamalar\u0131nda kullan\u0131l\u0131r.<\/strong><\/p>\n<p><strong>\u00a0<\/strong><\/p>\n<p><strong>AMBALAJ <\/strong><\/p>\n<p><strong>1-5-10-30 kg bidonlar, 170 kg variller ve 1050 kg \u0131bc halindedir.<\/strong><\/p>\n<p><strong>\u00a0<\/strong><\/p>\n<p><strong>DEPOLAMA<\/strong><\/p>\n<p><strong>G\u00fcne\u015f \u0131\u015f\u0131\u011f\u0131na temas etmeyen kuru ve serin yerlerde muhafaza ediniz.<\/strong><\/p>\n","protected":false},"excerpt":{"rendered":"<p>ADC 250 AKR\u0130L\u0130K Arakr\u0131l ADC 250,APEO ve formaldehit i\u00e7ermeyen anyonik-nonyonik\u00a0 stiren ve akrilik i\u00e7erikli asit ester em\u00fclsiyondur. ADC 250 AKR\u0130L\u0130K<\/p>\n","protected":false},"featured_media":15691,"comment_status":"open","ping_status":"closed","template":"","meta":{"_joinchat":[]},"product_cat":[70],"product_tag":[977,978,982,979,981,980,970,985,983,984],"class_list":{"0":"post-15690","1":"product","2":"type-product","3":"status-publish","4":"has-post-thumbnail","6":"product_cat-boya-ve-yapi-kimyasallar","7":"product_tag-adc-250-akrilik","8":"product_tag-akrilik-emulsiyon","9":"product_tag-astar-hammaddesi","10":"product_tag-boya-baglayici","11":"product_tag-dis-cephe-boyasi","12":"product_tag-ic-cephe-boyasi","13":"product_tag-kimyasal-hammadde","14":"product_tag-su-bazli-emulsiyon","15":"product_tag-tekstur-kaplama","16":"product_tag-yuksek-pvc-boya","18":"first","19":"instock","20":"shipping-taxable","21":"purchasable","22":"product-type-variable"},"yoast_head":"<!-- This site is optimized with the Yoast SEO Premium plugin v20.2.1 (Yoast SEO v20.2.1) - https:\/\/yoast.com\/wordpress\/plugins\/seo\/ -->\n<title>ADC 250 Akrilik: Y\u00fcksek Performansl\u0131 Boya ve Astar Ba\u011flay\u0131c\u0131s\u0131<\/title>\n<meta name=\"description\" content=\"ADC 250 akrilik em\u00fclsiyon; i\u00e7 ve d\u0131\u015f cephe boyalar\u0131, astar ve tekst\u00fcr kaplamalar\u0131nda y\u00fcksek ba\u011flay\u0131c\u0131l\u0131k ve dayan\u0131m sunar. Teknik \u00f6zelliklerini ke\u015ffedin.\" \/>\n<meta name=\"robots\" content=\"index, follow, max-snippet:-1, max-image-preview:large, max-video-preview:-1\" \/>\n<link rel=\"canonical\" href=\"https:\/\/akerkimya.com\/eticaret\/urun\/adc-250-akrilik\/\" \/>\n<meta property=\"og:locale\" content=\"tr_TR\" \/>\n<meta property=\"og:type\" content=\"article\" \/>\n<meta property=\"og:title\" content=\"ADC 250 AKR\u0130L\u0130K\" \/>\n<meta property=\"og:description\" content=\"ADC 250 akrilik em\u00fclsiyon; i\u00e7 ve d\u0131\u015f cephe boyalar\u0131, astar ve tekst\u00fcr kaplamalar\u0131nda y\u00fcksek ba\u011flay\u0131c\u0131l\u0131k ve dayan\u0131m sunar. Teknik \u00f6zelliklerini ke\u015ffedin.\" \/>\n<meta property=\"og:url\" content=\"https:\/\/akerkimya.com\/eticaret\/urun\/adc-250-akrilik\/\" \/>\n<meta property=\"og:site_name\" content=\"Akerkimya\" \/>\n<meta property=\"article:modified_time\" content=\"2026-04-15T23:18:48+00:00\" \/>\n<meta property=\"og:image\" content=\"https:\/\/akerkimya.com\/eticaret\/wp-content\/uploads\/2024\/12\/ADC-250-GUNCEL.png\" \/>\n\t<meta property=\"og:image:width\" content=\"1000\" \/>\n\t<meta property=\"og:image:height\" content=\"1000\" \/>\n\t<meta property=\"og:image:type\" content=\"image\/png\" \/>\n<meta name=\"twitter:card\" content=\"summary_large_image\" \/>\n<meta name=\"twitter:label1\" content=\"Tahmini okuma s\u00fcresi\" \/>\n\t<meta name=\"twitter:data1\" content=\"1 dakika\" \/>\n<script type=\"application\/ld+json\" class=\"yoast-schema-graph\">{\"@context\":\"https:\/\/schema.org\",\"@graph\":[{\"@type\":\"WebPage\",\"@id\":\"https:\/\/akerkimya.com\/eticaret\/urun\/adc-250-akrilik\/\",\"url\":\"https:\/\/akerkimya.com\/eticaret\/urun\/adc-250-akrilik\/\",\"name\":\"ADC 250 Akrilik: Y\u00fcksek Performansl\u0131 Boya ve Astar Ba\u011flay\u0131c\u0131s\u0131\",\"isPartOf\":{\"@id\":\"https:\/\/akerkimya.com\/eticaret\/#website\"},\"datePublished\":\"2024-12-25T12:57:12+00:00\",\"dateModified\":\"2026-04-15T23:18:48+00:00\",\"description\":\"ADC 250 akrilik em\u00fclsiyon; i\u00e7 ve d\u0131\u015f cephe boyalar\u0131, astar ve tekst\u00fcr kaplamalar\u0131nda y\u00fcksek ba\u011flay\u0131c\u0131l\u0131k ve dayan\u0131m sunar. Teknik \u00f6zelliklerini ke\u015ffedin.\",\"breadcrumb\":{\"@id\":\"https:\/\/akerkimya.com\/eticaret\/urun\/adc-250-akrilik\/#breadcrumb\"},\"inLanguage\":\"tr\",\"potentialAction\":[{\"@type\":\"ReadAction\",\"target\":[\"https:\/\/akerkimya.com\/eticaret\/urun\/adc-250-akrilik\/\"]}]},{\"@type\":\"BreadcrumbList\",\"@id\":\"https:\/\/akerkimya.com\/eticaret\/urun\/adc-250-akrilik\/#breadcrumb\",\"itemListElement\":[{\"@type\":\"ListItem\",\"position\":1,\"name\":\"Home\",\"item\":\"https:\/\/akerkimya.com\/eticaret\/\"},{\"@type\":\"ListItem\",\"position\":2,\"name\":\"Market\",\"item\":\"https:\/\/akerkimya.com\/eticaret\/market\/\"},{\"@type\":\"ListItem\",\"position\":3,\"name\":\"ADC 250 AKR\u0130L\u0130K\"}]},{\"@type\":\"WebSite\",\"@id\":\"https:\/\/akerkimya.com\/eticaret\/#website\",\"url\":\"https:\/\/akerkimya.com\/eticaret\/\",\"name\":\"Akerkimya\",\"description\":\"\",\"potentialAction\":[{\"@type\":\"SearchAction\",\"target\":{\"@type\":\"EntryPoint\",\"urlTemplate\":\"https:\/\/akerkimya.com\/eticaret\/?s={search_term_string}\"},\"query-input\":\"required name=search_term_string\"}],\"inLanguage\":\"tr\"}]}<\/script>\n<!-- \/ Yoast SEO Premium plugin. -->","yoast_head_json":{"title":"ADC 250 Akrilik: Y\u00fcksek Performansl\u0131 Boya ve Astar Ba\u011flay\u0131c\u0131s\u0131","description":"ADC 250 akrilik em\u00fclsiyon; i\u00e7 ve d\u0131\u015f cephe boyalar\u0131, astar ve tekst\u00fcr kaplamalar\u0131nda y\u00fcksek ba\u011flay\u0131c\u0131l\u0131k ve dayan\u0131m sunar. Teknik \u00f6zelliklerini ke\u015ffedin.","robots":{"index":"index","follow":"follow","max-snippet":"max-snippet:-1","max-image-preview":"max-image-preview:large","max-video-preview":"max-video-preview:-1"},"canonical":"https:\/\/akerkimya.com\/eticaret\/urun\/adc-250-akrilik\/","og_locale":"tr_TR","og_type":"article","og_title":"ADC 250 AKR\u0130L\u0130K","og_description":"ADC 250 akrilik em\u00fclsiyon; i\u00e7 ve d\u0131\u015f cephe boyalar\u0131, astar ve tekst\u00fcr kaplamalar\u0131nda y\u00fcksek ba\u011flay\u0131c\u0131l\u0131k ve dayan\u0131m sunar. Teknik \u00f6zelliklerini ke\u015ffedin.","og_url":"https:\/\/akerkimya.com\/eticaret\/urun\/adc-250-akrilik\/","og_site_name":"Akerkimya","article_modified_time":"2026-04-15T23:18:48+00:00","og_image":[{"width":1000,"height":1000,"url":"https:\/\/akerkimya.com\/eticaret\/wp-content\/uploads\/2024\/12\/ADC-250-GUNCEL.png","type":"image\/png"}],"twitter_card":"summary_large_image","twitter_misc":{"Tahmini okuma s\u00fcresi":"1 dakika"},"schema":{"@context":"https:\/\/schema.org","@graph":[{"@type":"WebPage","@id":"https:\/\/akerkimya.com\/eticaret\/urun\/adc-250-akrilik\/","url":"https:\/\/akerkimya.com\/eticaret\/urun\/adc-250-akrilik\/","name":"ADC 250 Akrilik: Y\u00fcksek Performansl\u0131 Boya ve Astar Ba\u011flay\u0131c\u0131s\u0131","isPartOf":{"@id":"https:\/\/akerkimya.com\/eticaret\/#website"},"datePublished":"2024-12-25T12:57:12+00:00","dateModified":"2026-04-15T23:18:48+00:00","description":"ADC 250 akrilik em\u00fclsiyon; i\u00e7 ve d\u0131\u015f cephe boyalar\u0131, astar ve tekst\u00fcr kaplamalar\u0131nda y\u00fcksek ba\u011flay\u0131c\u0131l\u0131k ve dayan\u0131m sunar. Teknik \u00f6zelliklerini ke\u015ffedin.","breadcrumb":{"@id":"https:\/\/akerkimya.com\/eticaret\/urun\/adc-250-akrilik\/#breadcrumb"},"inLanguage":"tr","potentialAction":[{"@type":"ReadAction","target":["https:\/\/akerkimya.com\/eticaret\/urun\/adc-250-akrilik\/"]}]},{"@type":"BreadcrumbList","@id":"https:\/\/akerkimya.com\/eticaret\/urun\/adc-250-akrilik\/#breadcrumb","itemListElement":[{"@type":"ListItem","position":1,"name":"Home","item":"https:\/\/akerkimya.com\/eticaret\/"},{"@type":"ListItem","position":2,"name":"Market","item":"https:\/\/akerkimya.com\/eticaret\/market\/"},{"@type":"ListItem","position":3,"name":"ADC 250 AKR\u0130L\u0130K"}]},{"@type":"WebSite","@id":"https:\/\/akerkimya.com\/eticaret\/#website","url":"https:\/\/akerkimya.com\/eticaret\/","name":"Akerkimya","description":"","potentialAction":[{"@type":"SearchAction","target":{"@type":"EntryPoint","urlTemplate":"https:\/\/akerkimya.com\/eticaret\/?s={search_term_string}"},"query-input":"required name=search_term_string"}],"inLanguage":"tr"}]}},"_links":{"self":[{"href":"https:\/\/akerkimya.com\/eticaret\/wp-json\/wp\/v2\/product\/15690","targetHints":{"allow":["GET"]}}],"collection":[{"href":"https:\/\/akerkimya.com\/eticaret\/wp-json\/wp\/v2\/product"}],"about":[{"href":"https:\/\/akerkimya.com\/eticaret\/wp-json\/wp\/v2\/types\/product"}],"replies":[{"embeddable":true,"href":"https:\/\/akerkimya.com\/eticaret\/wp-json\/wp\/v2\/comments?post=15690"}],"version-history":[{"count":3,"href":"https:\/\/akerkimya.com\/eticaret\/wp-json\/wp\/v2\/product\/15690\/revisions"}],"predecessor-version":[{"id":16791,"href":"https:\/\/akerkimya.com\/eticaret\/wp-json\/wp\/v2\/product\/15690\/revisions\/16791"}],"wp:featuredmedia":[{"embeddable":true,"href":"https:\/\/akerkimya.com\/eticaret\/wp-json\/wp\/v2\/media\/15691"}],"wp:attachment":[{"href":"https:\/\/akerkimya.com\/eticaret\/wp-json\/wp\/v2\/media?parent=15690"}],"wp:term":[{"taxonomy":"product_cat","embeddable":true,"href":"https:\/\/akerkimya.com\/eticaret\/wp-json\/wp\/v2\/product_cat?post=15690"},{"taxonomy":"product_tag","embeddable":true,"href":"https:\/\/akerkimya.com\/eticaret\/wp-json\/wp\/v2\/product_tag?post=15690"}],"curies":[{"name":"wp","href":"https:\/\/api.w.org\/{rel}","templated":true}]}}