{"id":15715,"date":"2024-12-26T15:28:03","date_gmt":"2024-12-26T12:28:03","guid":{"rendered":"https:\/\/akerkimya.com\/eticaret\/?post_type=product&#038;p=15715"},"modified":"2026-05-08T16:00:25","modified_gmt":"2026-05-08T13:00:25","slug":"aerosil-200","status":"publish","type":"product","link":"https:\/\/akerkimya.com\/eticaret\/urun\/aerosil-200\/","title":{"rendered":"AEROSIL 200"},"content":{"rendered":"<h1>AEROSIL 200<\/h1>\n<p><strong>Amorf\u00a0ince kristalin toz olan silikon dioksit;<\/strong><\/p>\n<p><strong>Kendi a\u011f\u0131rl\u0131\u011f\u0131n\u0131n %120 kadar nem \u00e7ekme \u00f6zeli\u011fine sahiptir.<\/strong><\/p>\n<p><strong>Topaklanmay\u0131 \u00f6nleyici, nem \u00f6nleyici, serbest ak\u0131\u015fl\u0131, jelle\u015fen, s\u00fcspanse edici, da\u011f\u0131t\u0131c\u0131 ve k\u0131vam verici bir madde olarak i\u015flev g\u00f6r\u00fcr.<\/strong><\/p>\n<p><strong>\u00a0<\/strong><\/p>\n<p><strong>AEROS\u0130L 200 TEKN\u0130K \u00d6ZELL\u0130KLER\u00a0<\/strong><\/p>\n<p><strong>FORM\u00dcL: S\u0130O2<\/strong><\/p>\n<p><strong>G\u00d6R\u00dcN\u00dcM: Toz<\/strong><\/p>\n<p><strong>RENK: Beyaz<\/strong><\/p>\n<p><strong>PH: 3,7-4,5 \u00a0\u00a0\u00a0\u00a0\u00a0\u00a0\u00a0\u00a0\u00a0\u00a0\u00a0\u00a0\u00a0\u00a0\u00a0\u00a0\u00a0\u00a0\u00a0\u00a0\u00a0\u00a0\u00a0\u00a0\u00a0\u00a0\u00a0\u00a0\u00a0\u00a0\u00a0\u00a0\u00a0\u00a0\u00a0\u00a0\u00a0\u00a0\u00a0\u00a0\u00a0<\/strong><\/p>\n<p><strong>FORM\u00dcL A\u011eIRLI\u011eI: 60,08\u00a0\u00a0\u00a0\u00a0\u00a0\u00a0\u00a0 \u00a0\u00a0\u00a0\u00a0\u00a0\u00a0\u00a0\u00a0\u00a0\u00a0\u00a0\u00a0\u00a0\u00a0\u00a0\u00a0\u00a0\u00a0<\/strong><\/p>\n<p><strong>\u00c7\u00d6Z\u00dcNME: Suda \u00a0\u00a0\u00a0\u00a0\u00a0\u00a0\u00a0\u00a0\u00a0\u00a0\u00a0\u00a0\u00a0\u00a0\u00a0\u00a0\u00a0\u00a0\u00a0\u00a0\u00a0\u00a0\u00a0\u00a0\u00a0\u00a0<\/strong><\/p>\n<p><strong>KURU MADDE: % 99,8\u00a0\u00a0\u00a0\u00a0 \u00a0\u00a0\u00a0\u00a0\u00a0\u00a0\u00a0\u00a0\u00a0\u00a0\u00a0\u00a0\u00a0\u00a0\u00a0\u00a0\u00a0\u00a0\u00a0\u00a0\u00a0<\/strong><\/p>\n<p><strong>KURUTMA KAYBI: %1,5<\/strong><\/p>\n<p><strong>\u00a0<\/strong><\/p>\n<p><strong>AEROSIL 200 KULLANIM ALANLARI-\u00d6ZELL\u0130KLER\u0130<\/strong><\/p>\n<p><strong>Kendi a\u011f\u0131rl\u0131\u011f\u0131n\u0131n %120 kadar nem \u00e7ekme \u00f6zeli\u011fine sahiptir.<\/strong><\/p>\n<p><strong>Boya sanayinde y\u00fcksek dayan\u0131kl\u0131l\u0131\u011fa sahip boya imalat\u0131nda kullan\u0131l\u0131r.<\/strong><\/p>\n<p><strong>\u0130la\u00e7 sanayisinde tablet yap\u0131m\u0131nda kullan\u0131l\u0131r.<\/strong><\/p>\n<p><strong>Topaklanmay\u0131 \u00f6nleyici, nem \u00f6nleyici, serbest ak\u0131\u015fl\u0131, jelle\u015fen, s\u00fcspanse edici, da\u011f\u0131t\u0131c\u0131 ve k\u0131vam verici bir madde olarak i\u015flev g\u00f6r\u00fcr.<\/strong><\/p>\n<p><strong>Kozmetik ya\u011flar\u0131 y\u00fcksek viskoz jellere d\u00f6n\u00fc\u015ft\u00fcrmek i\u00e7in kullan\u0131lan hidrofilik f\u00fcme silisdir.<\/strong><\/p>\n<p><strong>Belirgin bir ps\u00f6doplastik ak\u0131\u015f davran\u0131\u015f\u0131 ile b\u00fcy\u00fck \u00f6l\u00e7\u00fcde \u015feffaf \u00fcr\u00fcnler \u00fcretir.<\/strong><\/p>\n<p><strong>Di\u015f macunu form\u00fclasyonlar\u0131nda, t\u00fcm silika form\u00fclasyonlar\u0131nda, karbonat macunlar\u0131nda veya fosfat a\u015f\u0131nd\u0131r\u0131c\u0131lar\u0131 kullananlarda, reolojik v\u00fccudu verir.<\/strong><\/p>\n<p><strong>Sa\u00e7 \u015fekillendirici maddelerin \u201cd\u00fczle\u015ftirme\u201d etkisini azaltarak sa\u00e7 hacmini art\u0131rmaya yard\u0131mc\u0131 olabilir.<\/strong><\/p>\n<p><strong>Toz halinde renklendirici bile\u015fenlerin (sa\u00e7 boyalar\u0131\u2026) erken reaksiyonunu ve kekle\u015fmesini \u00f6nler.<\/strong><\/p>\n<p><strong>Renkli kozmetiklerdeki pigmentlerin homojen da\u011f\u0131l\u0131m\u0131n\u0131 geli\u015ftirmeye yard\u0131mc\u0131 olur.<\/strong><\/p>\n<p><strong>\u00dcretim esnas\u0131nda malzemelerin e\u015fit olarak da\u011f\u0131lmalar\u0131n\u0131 ve yo\u011fun ve uzun s\u00fcreli bir etkiye sahip olmalar\u0131n\u0131 sa\u011flamak i\u00e7in aktif bile\u015fenlerin (genellikle al\u00fcminyum ve zirkonyum tuzlar\u0131 (AP tuzlar\u0131)) toplanmas\u0131n\u0131 \u00f6nler.<\/strong><\/p>\n<p><strong>Ayr\u0131ca beyaz kal\u0131nt\u0131lar\u0131 da \u00f6nler.<\/strong><\/p>\n<p><strong>AEROSIL\u00ae 200, cilt bak\u0131m\u0131, a\u011f\u0131z bak\u0131m\u0131, sa\u00e7 bak\u0131m\u0131 (plajlar, boyalar, sa\u00e7 kremleri), makyaj (toz, oje, ruj \/ dudak parlat\u0131c\u0131s\u0131) ve ter \u00f6nleyiciler ve deodorantlar (\u00e7ubuklar) uygulamalar\u0131nda kullan\u0131m i\u00e7in \u00f6nerilmektedir.<\/strong><\/p>\n<p><strong>Kullan\u0131m oran\u0131 tuzlarda maximum %2 iken vitamin premikslerinde ise %3 civar\u0131ndad\u0131r.<\/strong><\/p>\n<p><strong>Bili\u015fim teknolojisinde P tipi kristalleri kaplamada ve ak\u0131m\u0131n d\u00fczenlenmesinde entegre devre \u00fcretiminde kullan\u0131l\u0131r.<\/strong><\/p>\n<p><strong>Depolama alanlar\u0131ndaki nem kontrol\u00fcnde ve nemin belirli de\u011ferlerde tutulmas\u0131 istenen durumlarda kullan\u0131l\u0131r.<\/strong><\/p>\n<p><strong>Kuru y\u00fck gemilerinin depolama alanlar\u0131, nem oran\u0131 y\u00fcksek alanlar, su kenar\u0131nda yap\u0131lan depolarda, tah\u0131l ambarlar\u0131nda, nem kontrol\u00fcn\u00fcn \u00e7ok s\u0131k\u0131 yap\u0131lmas\u0131 gereken pek \u00e7ok alanda kullan\u0131l\u0131r.<\/strong><\/p>\n<p><strong>\u00a0<\/strong><\/p>\n<p><strong>AMBALAJ <\/strong><\/p>\n<p><strong>1-10 kg torbalar halindedir. <\/strong><\/p>\n<p><strong>\u00a0<\/strong><\/p>\n<p><strong>DEPOLAMA<\/strong><\/p>\n<p><strong>G\u00fcne\u015f \u0131\u015f\u0131\u011f\u0131na temas etmeyen kuru ve serin yerlerde muhafaza ediniz.<\/strong><\/p>\n<p><strong>\u00a0<\/strong><\/p>\n","protected":false},"excerpt":{"rendered":"<p>AEROSIL 200 Amorf\u00a0ince kristalin toz olan silikon dioksit; Kendi a\u011f\u0131rl\u0131\u011f\u0131n\u0131n %120 kadar nem \u00e7ekme \u00f6zeli\u011fine sahiptir. Topaklanmay\u0131 \u00f6nleyici, nem \u00f6nleyici,<\/p>\n","protected":false},"featured_media":15716,"comment_status":"open","ping_status":"closed","template":"","meta":{"_joinchat":[]},"product_cat":[70,74],"product_tag":[989,996,973,994,995,992,997,991,990,993],"class_list":{"0":"post-15715","1":"product","2":"type-product","3":"status-publish","4":"has-post-thumbnail","6":"product_cat-boya-ve-yapi-kimyasallar","7":"product_cat-deterjan-ve-kozmetik-kimyasallari","8":"product_tag-aerosil-200","9":"product_tag-boya-katkisi","10":"product_tag-endustriyel-kimya","11":"product_tag-kivam-artirici","12":"product_tag-kozmetik-hammaddesi","13":"product_tag-nem-alici","14":"product_tag-reoloji-duzenleyici","15":"product_tag-silika-tozu","16":"product_tag-silikon-dioksit","17":"product_tag-topaklanma-onleyici","19":"first","20":"instock","21":"shipping-taxable","22":"purchasable","23":"product-type-variable"},"yoast_head":"<!-- This site is optimized with the Yoast SEO Premium plugin v20.2.1 (Yoast SEO v20.2.1) - https:\/\/yoast.com\/wordpress\/plugins\/seo\/ -->\n<title>Aerosil 200: Y\u00fcksek Performansl\u0131 Silika Tozu ve Nem Kontrol \u00c7\u00f6z\u00fcm\u00fc<\/title>\n<meta name=\"description\" content=\"Aerosil 200 (SiO\u2082); nem alma, topaklanma \u00f6nleme ve k\u0131vam art\u0131rma \u00f6zellikleriyle boya, kozmetik ve end\u00fcstriyel uygulamalarda kullan\u0131lan y\u00fcksek safl\u0131kta silika tozudur.\" \/>\n<meta name=\"robots\" content=\"index, follow, max-snippet:-1, max-image-preview:large, max-video-preview:-1\" \/>\n<link rel=\"canonical\" href=\"https:\/\/akerkimya.com\/eticaret\/urun\/aerosil-200\/\" \/>\n<meta property=\"og:locale\" content=\"tr_TR\" \/>\n<meta property=\"og:type\" content=\"article\" \/>\n<meta property=\"og:title\" content=\"AEROSIL 200\" \/>\n<meta property=\"og:description\" content=\"Aerosil 200 (SiO\u2082); nem alma, topaklanma \u00f6nleme ve k\u0131vam art\u0131rma \u00f6zellikleriyle boya, kozmetik ve end\u00fcstriyel uygulamalarda kullan\u0131lan y\u00fcksek safl\u0131kta silika tozudur.\" \/>\n<meta property=\"og:url\" content=\"https:\/\/akerkimya.com\/eticaret\/urun\/aerosil-200\/\" \/>\n<meta property=\"og:site_name\" content=\"Akerkimya\" \/>\n<meta property=\"article:modified_time\" content=\"2026-05-08T13:00:25+00:00\" \/>\n<meta property=\"og:image\" content=\"https:\/\/akerkimya.com\/eticaret\/wp-content\/uploads\/2024\/12\/GUNCEL.png\" \/>\n\t<meta property=\"og:image:width\" content=\"1000\" \/>\n\t<meta property=\"og:image:height\" content=\"1000\" \/>\n\t<meta property=\"og:image:type\" content=\"image\/png\" \/>\n<meta name=\"twitter:card\" content=\"summary_large_image\" \/>\n<meta name=\"twitter:label1\" content=\"Tahmini okuma s\u00fcresi\" \/>\n\t<meta name=\"twitter:data1\" content=\"2 dakika\" \/>\n<script type=\"application\/ld+json\" class=\"yoast-schema-graph\">{\"@context\":\"https:\/\/schema.org\",\"@graph\":[{\"@type\":\"WebPage\",\"@id\":\"https:\/\/akerkimya.com\/eticaret\/urun\/aerosil-200\/\",\"url\":\"https:\/\/akerkimya.com\/eticaret\/urun\/aerosil-200\/\",\"name\":\"Aerosil 200: Y\u00fcksek Performansl\u0131 Silika Tozu ve Nem Kontrol \u00c7\u00f6z\u00fcm\u00fc\",\"isPartOf\":{\"@id\":\"https:\/\/akerkimya.com\/eticaret\/#website\"},\"datePublished\":\"2024-12-26T12:28:03+00:00\",\"dateModified\":\"2026-05-08T13:00:25+00:00\",\"description\":\"Aerosil 200 (SiO\u2082); nem alma, topaklanma \u00f6nleme ve k\u0131vam art\u0131rma \u00f6zellikleriyle boya, kozmetik ve end\u00fcstriyel uygulamalarda kullan\u0131lan y\u00fcksek safl\u0131kta silika tozudur.\",\"breadcrumb\":{\"@id\":\"https:\/\/akerkimya.com\/eticaret\/urun\/aerosil-200\/#breadcrumb\"},\"inLanguage\":\"tr\",\"potentialAction\":[{\"@type\":\"ReadAction\",\"target\":[\"https:\/\/akerkimya.com\/eticaret\/urun\/aerosil-200\/\"]}]},{\"@type\":\"BreadcrumbList\",\"@id\":\"https:\/\/akerkimya.com\/eticaret\/urun\/aerosil-200\/#breadcrumb\",\"itemListElement\":[{\"@type\":\"ListItem\",\"position\":1,\"name\":\"Home\",\"item\":\"https:\/\/akerkimya.com\/eticaret\/\"},{\"@type\":\"ListItem\",\"position\":2,\"name\":\"Market\",\"item\":\"https:\/\/akerkimya.com\/eticaret\/market\/\"},{\"@type\":\"ListItem\",\"position\":3,\"name\":\"AEROSIL 200\"}]},{\"@type\":\"WebSite\",\"@id\":\"https:\/\/akerkimya.com\/eticaret\/#website\",\"url\":\"https:\/\/akerkimya.com\/eticaret\/\",\"name\":\"Akerkimya\",\"description\":\"\",\"potentialAction\":[{\"@type\":\"SearchAction\",\"target\":{\"@type\":\"EntryPoint\",\"urlTemplate\":\"https:\/\/akerkimya.com\/eticaret\/?s={search_term_string}\"},\"query-input\":\"required name=search_term_string\"}],\"inLanguage\":\"tr\"}]}<\/script>\n<!-- \/ Yoast SEO Premium plugin. -->","yoast_head_json":{"title":"Aerosil 200: Y\u00fcksek Performansl\u0131 Silika Tozu ve Nem Kontrol \u00c7\u00f6z\u00fcm\u00fc","description":"Aerosil 200 (SiO\u2082); nem alma, topaklanma \u00f6nleme ve k\u0131vam art\u0131rma \u00f6zellikleriyle boya, kozmetik ve end\u00fcstriyel uygulamalarda kullan\u0131lan y\u00fcksek safl\u0131kta silika tozudur.","robots":{"index":"index","follow":"follow","max-snippet":"max-snippet:-1","max-image-preview":"max-image-preview:large","max-video-preview":"max-video-preview:-1"},"canonical":"https:\/\/akerkimya.com\/eticaret\/urun\/aerosil-200\/","og_locale":"tr_TR","og_type":"article","og_title":"AEROSIL 200","og_description":"Aerosil 200 (SiO\u2082); nem alma, topaklanma \u00f6nleme ve k\u0131vam art\u0131rma \u00f6zellikleriyle boya, kozmetik ve end\u00fcstriyel uygulamalarda kullan\u0131lan y\u00fcksek safl\u0131kta silika tozudur.","og_url":"https:\/\/akerkimya.com\/eticaret\/urun\/aerosil-200\/","og_site_name":"Akerkimya","article_modified_time":"2026-05-08T13:00:25+00:00","og_image":[{"width":1000,"height":1000,"url":"https:\/\/akerkimya.com\/eticaret\/wp-content\/uploads\/2024\/12\/GUNCEL.png","type":"image\/png"}],"twitter_card":"summary_large_image","twitter_misc":{"Tahmini okuma s\u00fcresi":"2 dakika"},"schema":{"@context":"https:\/\/schema.org","@graph":[{"@type":"WebPage","@id":"https:\/\/akerkimya.com\/eticaret\/urun\/aerosil-200\/","url":"https:\/\/akerkimya.com\/eticaret\/urun\/aerosil-200\/","name":"Aerosil 200: Y\u00fcksek Performansl\u0131 Silika Tozu ve Nem Kontrol \u00c7\u00f6z\u00fcm\u00fc","isPartOf":{"@id":"https:\/\/akerkimya.com\/eticaret\/#website"},"datePublished":"2024-12-26T12:28:03+00:00","dateModified":"2026-05-08T13:00:25+00:00","description":"Aerosil 200 (SiO\u2082); nem alma, topaklanma \u00f6nleme ve k\u0131vam art\u0131rma \u00f6zellikleriyle boya, kozmetik ve end\u00fcstriyel uygulamalarda kullan\u0131lan y\u00fcksek safl\u0131kta silika tozudur.","breadcrumb":{"@id":"https:\/\/akerkimya.com\/eticaret\/urun\/aerosil-200\/#breadcrumb"},"inLanguage":"tr","potentialAction":[{"@type":"ReadAction","target":["https:\/\/akerkimya.com\/eticaret\/urun\/aerosil-200\/"]}]},{"@type":"BreadcrumbList","@id":"https:\/\/akerkimya.com\/eticaret\/urun\/aerosil-200\/#breadcrumb","itemListElement":[{"@type":"ListItem","position":1,"name":"Home","item":"https:\/\/akerkimya.com\/eticaret\/"},{"@type":"ListItem","position":2,"name":"Market","item":"https:\/\/akerkimya.com\/eticaret\/market\/"},{"@type":"ListItem","position":3,"name":"AEROSIL 200"}]},{"@type":"WebSite","@id":"https:\/\/akerkimya.com\/eticaret\/#website","url":"https:\/\/akerkimya.com\/eticaret\/","name":"Akerkimya","description":"","potentialAction":[{"@type":"SearchAction","target":{"@type":"EntryPoint","urlTemplate":"https:\/\/akerkimya.com\/eticaret\/?s={search_term_string}"},"query-input":"required name=search_term_string"}],"inLanguage":"tr"}]}},"_links":{"self":[{"href":"https:\/\/akerkimya.com\/eticaret\/wp-json\/wp\/v2\/product\/15715","targetHints":{"allow":["GET"]}}],"collection":[{"href":"https:\/\/akerkimya.com\/eticaret\/wp-json\/wp\/v2\/product"}],"about":[{"href":"https:\/\/akerkimya.com\/eticaret\/wp-json\/wp\/v2\/types\/product"}],"replies":[{"embeddable":true,"href":"https:\/\/akerkimya.com\/eticaret\/wp-json\/wp\/v2\/comments?post=15715"}],"version-history":[{"count":3,"href":"https:\/\/akerkimya.com\/eticaret\/wp-json\/wp\/v2\/product\/15715\/revisions"}],"predecessor-version":[{"id":19145,"href":"https:\/\/akerkimya.com\/eticaret\/wp-json\/wp\/v2\/product\/15715\/revisions\/19145"}],"wp:featuredmedia":[{"embeddable":true,"href":"https:\/\/akerkimya.com\/eticaret\/wp-json\/wp\/v2\/media\/15716"}],"wp:attachment":[{"href":"https:\/\/akerkimya.com\/eticaret\/wp-json\/wp\/v2\/media?parent=15715"}],"wp:term":[{"taxonomy":"product_cat","embeddable":true,"href":"https:\/\/akerkimya.com\/eticaret\/wp-json\/wp\/v2\/product_cat?post=15715"},{"taxonomy":"product_tag","embeddable":true,"href":"https:\/\/akerkimya.com\/eticaret\/wp-json\/wp\/v2\/product_tag?post=15715"}],"curies":[{"name":"wp","href":"https:\/\/api.w.org\/{rel}","templated":true}]}}