{"id":15750,"date":"2024-12-26T16:06:11","date_gmt":"2024-12-26T13:06:11","guid":{"rendered":"https:\/\/akerkimya.com\/eticaret\/?post_type=product&#038;p=15750"},"modified":"2026-05-12T03:24:40","modified_gmt":"2026-05-12T00:24:40","slug":"alfa-olefin-sulfonat","status":"publish","type":"product","link":"https:\/\/akerkimya.com\/eticaret\/urun\/alfa-olefin-sulfonat\/","title":{"rendered":"ALFA OLEF\u0130N S\u00dcLFONAT (ASCO 93)"},"content":{"rendered":"<h1>ALFA OLEF\u0130N S\u00dcLFONAT (ASCO 93)<\/h1>\n<p><strong>AOS, CnH2n-1SO3Na(n=14-16) form\u00fcl\u00fcne sahip anyonik y\u00fczey aktif maddedir. Hindistan cevizi ya\u011flar\u0131ndan yap\u0131l\u0131r. M\u00fckemmel viskozite ve anyon k\u00f6p\u00fcrme \u00f6zelliklerine sahip, lauril s\u00fclfatlara k\u0131yasla daha yumu\u015fakl\u0131\u011fa sahiptir.<\/strong><\/p>\n<p><strong>ALFA OLEF\u0130N S\u00dcLFANAT \u00d6ZELL\u0130KLER\u0130<\/strong><\/p>\n<p><strong>Beyaz veya a\u00e7\u0131k sar\u0131 renginde toz formundad\u0131r.<\/strong><\/p>\n<p><strong>Suda iyi \u00e7\u00f6z\u00fcn\u00fcr ve kolayca durulan\u0131r.<\/strong><\/p>\n<p><strong>Y\u00fczey aktif maddelerle iyi uyumluluk sa\u011flar.<\/strong><\/p>\n<p><strong>% 100 biyolojik olarak par\u00e7alanabilirlik.<\/strong><\/p>\n<p><strong>D\u00fc\u015f\u00fck toksisiteye ve ciltte d\u00fc\u015f\u00fck tahribe sahiptir.<\/strong><\/p>\n<p><strong>Asidik ko\u015fularda stabildir, bu da b\u00fct\u00fcn temizlik \u00fcr\u00fcnlerinde kullan\u0131lmas\u0131n\u0131 sa\u011flar.<\/strong><\/p>\n<p><strong>\u00a0<\/strong><\/p>\n<p><strong>TEKN\u0130K \u00d6ZELL\u0130KLER\u0130<\/strong><\/p>\n<p><strong>CAS NUMARASI: 68439-57-6<\/strong><\/p>\n<p><strong>MOLEK\u00dcLER FORM\u00dcL: CnH2n-1SO3Na(n=14-16)<\/strong><\/p>\n<p><strong>K\u0130MYASAL \u0130SM\u0130: Alfa Olefin S\u00fclfonat, Sodyum A-Olefin S\u00fclfonat<\/strong><\/p>\n<p><strong>MOLEK\u00dcLER A\u011eIRLIK: 336<\/strong><\/p>\n<p><strong>PH (%1 SULU): 9.50-11.50<\/strong><\/p>\n<p><strong>AKT\u0130F MADDE: 93 min.<\/strong><\/p>\n<p><strong>ORGAN\u0130K TUZLAR: 6.0 max. (s\u00fclfat+ klor\u00fcr)<\/strong><\/p>\n<p><strong>\u00a0<\/strong><\/p>\n<p><strong>\u00a0<\/strong><\/p>\n<p><strong>KULLANIM ALANLARI<\/strong><\/p>\n<p><strong>Fosfats\u0131z deterjan \u00fcretiminde, g\u00fc\u00e7l\u00fc bir \u0131slatma ve temizleme etkisine, iyi k\u00f6p\u00fcrme g\u00fcc\u00fcne sahip olan alfa olesfin s\u00fclfonat kullan\u0131l\u0131r.<\/strong><\/p>\n<p><strong>Deri sekt\u00f6r\u00fcnde, \u0131slat\u0131c\u0131 ve k\u00f6p\u00fcrt\u00fcc\u00fc olarak kullan\u0131lmaktad\u0131r.<\/strong><\/p>\n<p><strong>D\u00fc\u015f\u00fck yap\u0131\u015fkanl\u0131\u011f\u0131 nedeni ile d\u00f6\u015feme ve hal\u0131lar i\u00e7in k\u00f6p\u00fck temizleyicilerde kullan\u0131l\u0131r.<\/strong><\/p>\n<p><strong>Har\u00e7 ve betonlarda g\u00fc\u00e7l\u00fc bir hava s\u00fcr\u00fckleyici ve \u0131slatma maddesi olarak ve plastikle\u015ftirici ve donma \u00f6nleyici olarak kullan\u0131l\u0131r.<\/strong><\/p>\n<p><strong>\u00c7imento ve kire\u00e7 har\u00e7lar\u0131nda, stabilitesini artt\u0131rmak ve g\u00f6zenekler olu\u015fturmak i\u00e7in kullan\u0131l\u0131r.<\/strong><\/p>\n<p><strong>Tekstil sekt\u00f6r\u00fcnde \u0131slat\u0131c\u0131, deterjan ve k\u00f6p\u00fcrt\u00fcc\u00fc ajan olarak kullan\u0131l\u0131r.<\/strong><\/p>\n<p><strong>K\u00f6p\u00fcrme duvar panosu olarak kullan\u0131l\u0131r.<\/strong><\/p>\n<p><strong>Ki\u015fisel bak\u0131m \u00fcr\u00fcnlerinde, asidik ko\u015fullar alt\u0131nda kararl\u0131 olmas\u0131 nedeniyle y\u00fcz temizleyicilerde, el dezenfektan\u0131nda kullan\u0131lmaktad\u0131r.<\/strong><\/p>\n<p><strong>Ya\u011f katk\u0131lar\u0131, ni\u015fasta i\u015fleme yard\u0131mc\u0131lar\u0131, akrilat em\u00fclsiyonu ve y\u00fcn y\u0131kama alanlar\u0131nda kullan\u0131lmakrad\u0131r.<\/strong><\/p>\n<p><strong>Bask\u0131 ve boyama end\u00fcstrisinde kullan\u0131m\u0131 mevcuttur.<\/strong><\/p>\n<p><strong>Em\u00fclsiye \u00f6zelli\u011finden dolay\u0131 kozmetik sekt\u00f6r\u00fcnde, di\u015f macunu, krem gibi \u00fcr\u00fcnlerde kullan\u0131l\u0131r.<\/strong><\/p>\n<p><strong>Yang\u0131nla m\u00fccadele k\u00f6p\u00fcklerinin yap\u0131m\u0131nda kullan\u0131l\u0131r.<\/strong><\/p>\n<p><strong>\u00a0<\/strong><\/p>\n<p><strong>AMBALAJ<\/strong><\/p>\n<p><strong>1-5-25 kg torbalar halindedir.<\/strong><\/p>\n<p><strong>\u00a0<\/strong><\/p>\n<p><strong>DEPOLAMA<\/strong><\/p>\n<p><strong>Serin ve kuru bir alanda muhafaza ediniz.<\/strong><\/p>\n<p><strong>\u00a0<\/strong><\/p>\n","protected":false},"excerpt":{"rendered":"<p>ALFA OLEF\u0130N S\u00dcLFONAT (ASCO 93) AOS, CnH2n-1SO3Na(n=14-16) form\u00fcl\u00fcne sahip anyonik y\u00fczey aktif maddedir. Hindistan cevizi ya\u011flar\u0131ndan yap\u0131l\u0131r. M\u00fckemmel viskozite ve<\/p>\n","protected":false},"featured_media":15751,"comment_status":"open","ping_status":"closed","template":"","meta":{"_joinchat":[]},"product_cat":[70,74],"product_tag":[1164,1165,1166,1008,1150,1167,995,1168,1169,1170],"class_list":{"0":"post-15750","1":"product","2":"type-product","3":"status-publish","4":"has-post-thumbnail","6":"product_cat-boya-ve-yapi-kimyasallar","7":"product_cat-deterjan-ve-kozmetik-kimyasallari","8":"product_tag-alfa-olefin-sulfonat","9":"product_tag-anyonik-yuzey-aktif-madde","10":"product_tag-aos-93","11":"product_tag-deterjan-hammaddesi","12":"product_tag-endustriyel-kimyasallar","13":"product_tag-kopurtucu-ajan","14":"product_tag-kozmetik-hammaddesi","15":"product_tag-tekstil-kimyasallari","16":"product_tag-temizlik-kimyasallari","17":"product_tag-yuzey-aktif-madde","19":"first","20":"instock","21":"shipping-taxable","22":"purchasable","23":"product-type-variable"},"yoast_head":"<!-- This site is optimized with the Yoast SEO Premium plugin v20.2.1 (Yoast SEO v20.2.1) - https:\/\/yoast.com\/wordpress\/plugins\/seo\/ -->\n<title>Alfa Olefin S\u00fclfonat (AOS 93) Nedir? \u00d6zellikleri ve Kullan\u0131m Alanlar\u0131<\/title>\n<meta name=\"description\" content=\"Alfa Olefin S\u00fclfonat (AOS 93), y\u00fcksek k\u00f6p\u00fcrme g\u00fcc\u00fc ve d\u00fc\u015f\u00fck tahri\u015f \u00f6zelli\u011fi ile deterjan, kozmetik ve tekstil sekt\u00f6r\u00fcnde kullan\u0131lan anyonik y\u00fczey aktif maddedir. Detayl\u0131 bilgi i\u00e7in inceleyin.\" \/>\n<meta name=\"robots\" content=\"index, follow, max-snippet:-1, max-image-preview:large, max-video-preview:-1\" \/>\n<link rel=\"canonical\" href=\"https:\/\/akerkimya.com\/eticaret\/urun\/alfa-olefin-sulfonat\/\" \/>\n<meta property=\"og:locale\" content=\"tr_TR\" \/>\n<meta property=\"og:type\" content=\"article\" \/>\n<meta property=\"og:title\" content=\"ALFA OLEF\u0130N S\u00dcLFONAT (ASCO 93)\" \/>\n<meta property=\"og:description\" content=\"Alfa Olefin S\u00fclfonat (AOS 93), y\u00fcksek k\u00f6p\u00fcrme g\u00fcc\u00fc ve d\u00fc\u015f\u00fck tahri\u015f \u00f6zelli\u011fi ile deterjan, kozmetik ve tekstil sekt\u00f6r\u00fcnde kullan\u0131lan anyonik y\u00fczey aktif maddedir. Detayl\u0131 bilgi i\u00e7in inceleyin.\" \/>\n<meta property=\"og:url\" content=\"https:\/\/akerkimya.com\/eticaret\/urun\/alfa-olefin-sulfonat\/\" \/>\n<meta property=\"og:site_name\" content=\"Akerkimya\" \/>\n<meta property=\"article:modified_time\" content=\"2026-05-12T00:24:40+00:00\" \/>\n<meta property=\"og:image\" content=\"https:\/\/akerkimya.com\/eticaret\/wp-content\/uploads\/2024\/12\/ALFA-OLEFIN-GUNCEL-.png\" \/>\n\t<meta property=\"og:image:width\" content=\"1000\" \/>\n\t<meta property=\"og:image:height\" content=\"1000\" \/>\n\t<meta property=\"og:image:type\" content=\"image\/png\" \/>\n<meta name=\"twitter:card\" content=\"summary_large_image\" \/>\n<meta name=\"twitter:label1\" content=\"Tahmini okuma s\u00fcresi\" \/>\n\t<meta name=\"twitter:data1\" content=\"2 dakika\" \/>\n<script type=\"application\/ld+json\" class=\"yoast-schema-graph\">{\"@context\":\"https:\/\/schema.org\",\"@graph\":[{\"@type\":\"WebPage\",\"@id\":\"https:\/\/akerkimya.com\/eticaret\/urun\/alfa-olefin-sulfonat\/\",\"url\":\"https:\/\/akerkimya.com\/eticaret\/urun\/alfa-olefin-sulfonat\/\",\"name\":\"Alfa Olefin S\u00fclfonat (AOS 93) Nedir? \u00d6zellikleri ve Kullan\u0131m Alanlar\u0131\",\"isPartOf\":{\"@id\":\"https:\/\/akerkimya.com\/eticaret\/#website\"},\"datePublished\":\"2024-12-26T13:06:11+00:00\",\"dateModified\":\"2026-05-12T00:24:40+00:00\",\"description\":\"Alfa Olefin S\u00fclfonat (AOS 93), y\u00fcksek k\u00f6p\u00fcrme g\u00fcc\u00fc ve d\u00fc\u015f\u00fck tahri\u015f \u00f6zelli\u011fi ile deterjan, kozmetik ve tekstil sekt\u00f6r\u00fcnde kullan\u0131lan anyonik y\u00fczey aktif maddedir. Detayl\u0131 bilgi i\u00e7in inceleyin.\",\"breadcrumb\":{\"@id\":\"https:\/\/akerkimya.com\/eticaret\/urun\/alfa-olefin-sulfonat\/#breadcrumb\"},\"inLanguage\":\"tr\",\"potentialAction\":[{\"@type\":\"ReadAction\",\"target\":[\"https:\/\/akerkimya.com\/eticaret\/urun\/alfa-olefin-sulfonat\/\"]}]},{\"@type\":\"BreadcrumbList\",\"@id\":\"https:\/\/akerkimya.com\/eticaret\/urun\/alfa-olefin-sulfonat\/#breadcrumb\",\"itemListElement\":[{\"@type\":\"ListItem\",\"position\":1,\"name\":\"Home\",\"item\":\"https:\/\/akerkimya.com\/eticaret\/\"},{\"@type\":\"ListItem\",\"position\":2,\"name\":\"Market\",\"item\":\"https:\/\/akerkimya.com\/eticaret\/market\/\"},{\"@type\":\"ListItem\",\"position\":3,\"name\":\"ALFA OLEF\u0130N S\u00dcLFONAT (ASCO 93)\"}]},{\"@type\":\"WebSite\",\"@id\":\"https:\/\/akerkimya.com\/eticaret\/#website\",\"url\":\"https:\/\/akerkimya.com\/eticaret\/\",\"name\":\"Akerkimya\",\"description\":\"\",\"potentialAction\":[{\"@type\":\"SearchAction\",\"target\":{\"@type\":\"EntryPoint\",\"urlTemplate\":\"https:\/\/akerkimya.com\/eticaret\/?s={search_term_string}\"},\"query-input\":\"required name=search_term_string\"}],\"inLanguage\":\"tr\"}]}<\/script>\n<!-- \/ Yoast SEO Premium plugin. -->","yoast_head_json":{"title":"Alfa Olefin S\u00fclfonat (AOS 93) Nedir? \u00d6zellikleri ve Kullan\u0131m Alanlar\u0131","description":"Alfa Olefin S\u00fclfonat (AOS 93), y\u00fcksek k\u00f6p\u00fcrme g\u00fcc\u00fc ve d\u00fc\u015f\u00fck tahri\u015f \u00f6zelli\u011fi ile deterjan, kozmetik ve tekstil sekt\u00f6r\u00fcnde kullan\u0131lan anyonik y\u00fczey aktif maddedir. Detayl\u0131 bilgi i\u00e7in inceleyin.","robots":{"index":"index","follow":"follow","max-snippet":"max-snippet:-1","max-image-preview":"max-image-preview:large","max-video-preview":"max-video-preview:-1"},"canonical":"https:\/\/akerkimya.com\/eticaret\/urun\/alfa-olefin-sulfonat\/","og_locale":"tr_TR","og_type":"article","og_title":"ALFA OLEF\u0130N S\u00dcLFONAT (ASCO 93)","og_description":"Alfa Olefin S\u00fclfonat (AOS 93), y\u00fcksek k\u00f6p\u00fcrme g\u00fcc\u00fc ve d\u00fc\u015f\u00fck tahri\u015f \u00f6zelli\u011fi ile deterjan, kozmetik ve tekstil sekt\u00f6r\u00fcnde kullan\u0131lan anyonik y\u00fczey aktif maddedir. Detayl\u0131 bilgi i\u00e7in inceleyin.","og_url":"https:\/\/akerkimya.com\/eticaret\/urun\/alfa-olefin-sulfonat\/","og_site_name":"Akerkimya","article_modified_time":"2026-05-12T00:24:40+00:00","og_image":[{"width":1000,"height":1000,"url":"https:\/\/akerkimya.com\/eticaret\/wp-content\/uploads\/2024\/12\/ALFA-OLEFIN-GUNCEL-.png","type":"image\/png"}],"twitter_card":"summary_large_image","twitter_misc":{"Tahmini okuma s\u00fcresi":"2 dakika"},"schema":{"@context":"https:\/\/schema.org","@graph":[{"@type":"WebPage","@id":"https:\/\/akerkimya.com\/eticaret\/urun\/alfa-olefin-sulfonat\/","url":"https:\/\/akerkimya.com\/eticaret\/urun\/alfa-olefin-sulfonat\/","name":"Alfa Olefin S\u00fclfonat (AOS 93) Nedir? \u00d6zellikleri ve Kullan\u0131m Alanlar\u0131","isPartOf":{"@id":"https:\/\/akerkimya.com\/eticaret\/#website"},"datePublished":"2024-12-26T13:06:11+00:00","dateModified":"2026-05-12T00:24:40+00:00","description":"Alfa Olefin S\u00fclfonat (AOS 93), y\u00fcksek k\u00f6p\u00fcrme g\u00fcc\u00fc ve d\u00fc\u015f\u00fck tahri\u015f \u00f6zelli\u011fi ile deterjan, kozmetik ve tekstil sekt\u00f6r\u00fcnde kullan\u0131lan anyonik y\u00fczey aktif maddedir. Detayl\u0131 bilgi i\u00e7in inceleyin.","breadcrumb":{"@id":"https:\/\/akerkimya.com\/eticaret\/urun\/alfa-olefin-sulfonat\/#breadcrumb"},"inLanguage":"tr","potentialAction":[{"@type":"ReadAction","target":["https:\/\/akerkimya.com\/eticaret\/urun\/alfa-olefin-sulfonat\/"]}]},{"@type":"BreadcrumbList","@id":"https:\/\/akerkimya.com\/eticaret\/urun\/alfa-olefin-sulfonat\/#breadcrumb","itemListElement":[{"@type":"ListItem","position":1,"name":"Home","item":"https:\/\/akerkimya.com\/eticaret\/"},{"@type":"ListItem","position":2,"name":"Market","item":"https:\/\/akerkimya.com\/eticaret\/market\/"},{"@type":"ListItem","position":3,"name":"ALFA OLEF\u0130N S\u00dcLFONAT (ASCO 93)"}]},{"@type":"WebSite","@id":"https:\/\/akerkimya.com\/eticaret\/#website","url":"https:\/\/akerkimya.com\/eticaret\/","name":"Akerkimya","description":"","potentialAction":[{"@type":"SearchAction","target":{"@type":"EntryPoint","urlTemplate":"https:\/\/akerkimya.com\/eticaret\/?s={search_term_string}"},"query-input":"required name=search_term_string"}],"inLanguage":"tr"}]}},"_links":{"self":[{"href":"https:\/\/akerkimya.com\/eticaret\/wp-json\/wp\/v2\/product\/15750","targetHints":{"allow":["GET"]}}],"collection":[{"href":"https:\/\/akerkimya.com\/eticaret\/wp-json\/wp\/v2\/product"}],"about":[{"href":"https:\/\/akerkimya.com\/eticaret\/wp-json\/wp\/v2\/types\/product"}],"replies":[{"embeddable":true,"href":"https:\/\/akerkimya.com\/eticaret\/wp-json\/wp\/v2\/comments?post=15750"}],"version-history":[{"count":3,"href":"https:\/\/akerkimya.com\/eticaret\/wp-json\/wp\/v2\/product\/15750\/revisions"}],"predecessor-version":[{"id":18207,"href":"https:\/\/akerkimya.com\/eticaret\/wp-json\/wp\/v2\/product\/15750\/revisions\/18207"}],"wp:featuredmedia":[{"embeddable":true,"href":"https:\/\/akerkimya.com\/eticaret\/wp-json\/wp\/v2\/media\/15751"}],"wp:attachment":[{"href":"https:\/\/akerkimya.com\/eticaret\/wp-json\/wp\/v2\/media?parent=15750"}],"wp:term":[{"taxonomy":"product_cat","embeddable":true,"href":"https:\/\/akerkimya.com\/eticaret\/wp-json\/wp\/v2\/product_cat?post=15750"},{"taxonomy":"product_tag","embeddable":true,"href":"https:\/\/akerkimya.com\/eticaret\/wp-json\/wp\/v2\/product_tag?post=15750"}],"curies":[{"name":"wp","href":"https:\/\/api.w.org\/{rel}","templated":true}]}}