{"id":15762,"date":"2024-12-26T16:14:40","date_gmt":"2024-12-26T13:14:40","guid":{"rendered":"https:\/\/akerkimya.com\/eticaret\/?post_type=product&#038;p=15762"},"modified":"2026-05-12T03:28:11","modified_gmt":"2026-05-12T00:28:11","slug":"atapulgit","status":"publish","type":"product","link":"https:\/\/akerkimya.com\/eticaret\/urun\/atapulgit\/","title":{"rendered":"ATAPULG\u0130T"},"content":{"rendered":"<h1>ATAPULG\u0130T<\/h1>\n<p><strong>Polygorskit grubuna ait sulu bir magnezyum, al\u00fcminyum silikatt\u0131r. Al\u00fcminyum, magnezyum ve silis yerine ge\u00e7ebilir. Absorbant ve adsorbant olarak kullan\u0131lan killerdendir. Yap\u0131lar\u0131ndaki mikro g\u00f6zenek, b\u00fcy\u00fck y\u00fczeylere ve kanallara sahip olmalar\u0131 nerede kullan\u0131laca\u011f\u0131n\u0131 belirler.<\/strong><\/p>\n<p><strong>ATAPULG\u0130T \u00d6ZELL\u0130KLER\u0130<\/strong><\/p>\n<p><strong>Tatl\u0131 ve tuzlu suda jel yap\u0131lar\u0131 olu\u015fturur.<\/strong><\/p>\n<p><strong>Baz\u0131 bentonitlerin aksine deniz suyunda jelle\u015febilir.<\/strong><\/p>\n<p><strong>G\u00fc\u00e7lendirme, s\u00fcspansiyon, ba\u011flama \u00f6zellikleri vard\u0131r.<\/strong><\/p>\n<p><strong>Emici \u00f6zelli\u011fe sahiptir.<\/strong><\/p>\n<p><strong>\u00a0<\/strong><\/p>\n<p><strong>TEKN\u0130K \u00d6ZELL\u0130KLER\u0130<\/strong><\/p>\n<p><strong>K\u0130MYASAL FORM\u00dcL\u00dc: (OH)2 Mg5 Si8 O2 (H2O)4. 4H2O<\/strong><\/p>\n<p><strong>G\u00d6R\u00dcN\u00dcM: Bej renk toz<\/strong><\/p>\n<p><strong>\u00a0<\/strong><\/p>\n<p><strong>KULLANIM ALANLARI<\/strong><\/p>\n<p><strong>T\u0131p alan\u0131nda ishal \u00f6nleyici ila\u00e7larda kullan\u0131l\u0131r.<\/strong><\/p>\n<p><strong>Ba\u011flay\u0131c\u0131 \u00f6zelli\u011fi sayesinde eczac\u0131l\u0131kta ve kataliz\u00f6r ta\u015f\u0131y\u0131c\u0131 pelet ve tablet \u00fcretiminde kullan\u0131l\u0131r.<\/strong><\/p>\n<p><strong>D\u00f6k\u00fcm kumunda ba\u011flay\u0131c\u0131 olarak kullan\u0131l\u0131r.<\/strong><\/p>\n<p><strong>Petrol sondaj\u0131nda kullan\u0131l\u0131r.<\/strong><\/p>\n<p><strong>Derin sondajlarda \u00e7amur malzemesi olarak kullan\u0131l\u0131r.<\/strong><\/p>\n<p><strong>Demir cevheri peletleme i\u015flemlerinde kullan\u0131l\u0131r.<\/strong><\/p>\n<p><strong>Kedi kumu, zemin temizleyici gibi absorbent emicilerde kullan\u0131l\u0131r.<\/strong><\/p>\n<p><strong>\u00c7evre kirlili\u011fini \u00f6nlemede at\u0131k sulardaki toksit maddeleri uzakla\u015ft\u0131rmada kullan\u0131l\u0131r.<\/strong><\/p>\n<p><strong>Deterjan \u00fcretiminde kullan\u0131l\u0131r.<\/strong><\/p>\n<p><strong>Hayvan yeminde kullan\u0131l\u0131r.<\/strong><\/p>\n<p><strong>Filtrasyon i\u015flemlerinde kullan\u0131l\u0131r.<\/strong><\/p>\n<p><strong>Tekstilde renk a\u011fartmada kullan\u0131l\u0131r.<\/strong><\/p>\n<p><strong>Su yal\u0131t\u0131m\u0131nda kullan\u0131l\u0131r.<\/strong><\/p>\n<p><strong>\u0130n\u015faat sekt\u00f6r\u00fcnde tu\u011fla ve seramik \u00fcr\u00fcnlerde kullan\u0131l\u0131r.<\/strong><\/p>\n<p><strong>Tar\u0131mda toprak d\u00fczenleyici, g\u00fcbre s\u00fcspansiyonlar\u0131nda ve b\u00f6cek ila\u00e7 ta\u015f\u0131y\u0131c\u0131s\u0131 olarak kullan\u0131l\u0131r.<\/strong><\/p>\n<p><strong>Karbonsuz kopya ka\u011f\u0131tlar\u0131 ve sigara filtrelerinde kullan\u0131l\u0131r.<\/strong><\/p>\n<p><strong>Mukavva, ka\u011f\u0131t, duvar ka\u011f\u0131d\u0131 ve kau\u00e7uk end\u00fcstrisinde dolgu maddesi olarak kullan\u0131l\u0131r.<\/strong><\/p>\n<p><strong>\u00c7\u00f6zelti kal\u0131nla\u015ft\u0131r\u0131c\u0131 \u00f6zelli\u011fi sebebiyle boya, asfalt kaplamalar\u0131, kozmetik \u00fcr\u00fcn ve gres ya\u011f\u0131nda kullan\u0131l\u0131r.<\/strong><\/p>\n<p><strong>\u00a0<\/strong><\/p>\n<p><strong>AMBALAJ<\/strong><\/p>\n<p><strong>1-5-25 kg ambalajlar halinde <\/strong><\/p>\n<p><strong>\u00a0<\/strong><\/p>\n<p><strong>DEPOLAMA <\/strong><\/p>\n<p><strong>Serin ve kuru bir alanda muhafaza ediniz.<\/strong><\/p>\n","protected":false},"excerpt":{"rendered":"<p>ATAPULG\u0130T Polygorskit grubuna ait sulu bir magnezyum, al\u00fcminyum silikatt\u0131r. Al\u00fcminyum, magnezyum ve silis yerine ge\u00e7ebilir. Absorbant ve adsorbant olarak kullan\u0131lan<\/p>\n","protected":false},"featured_media":15763,"comment_status":"open","ping_status":"closed","template":"","meta":{"_joinchat":[]},"product_cat":[70,73,79,80],"product_tag":[1179,1180,1181,1008,1176,1182,1183,1184,1185,1186,1168,1162],"class_list":{"0":"post-15762","1":"product","2":"type-product","3":"status-publish","4":"has-post-thumbnail","6":"product_cat-boya-ve-yapi-kimyasallar","7":"product_cat-deri-ve-tekstil-kimyasallari","8":"product_cat-tarim-kimyasallari","9":"product_cat-veteriner-ve-ilac-kimyasallari","10":"product_tag-absorbent-kil","11":"product_tag-adsorbent-malzeme","12":"product_tag-atapulgit","13":"product_tag-deterjan-hammaddesi","14":"product_tag-endustriyel-mineraller","15":"product_tag-kedi-kumu-hammaddesi","16":"product_tag-kil-minerali","17":"product_tag-polygorskit","18":"product_tag-sondaj-camuru","19":"product_tag-su-aritma-malzemesi","20":"product_tag-tekstil-kimyasallari","21":"product_tag-yapi-kimyasallari","23":"first","24":"instock","25":"shipping-taxable","26":"purchasable","27":"product-type-variable"},"yoast_head":"<!-- This site is optimized with the Yoast SEO Premium plugin v20.2.1 (Yoast SEO v20.2.1) - https:\/\/yoast.com\/wordpress\/plugins\/seo\/ -->\n<title>Atapulgit Nedir? \u00d6zellikleri, Faydalar\u0131 ve Kullan\u0131m Alanlar\u0131<\/title>\n<meta name=\"description\" content=\"Atapulgit, y\u00fcksek emicilik ve jel olu\u015fturma \u00f6zelli\u011fine sahip magnezyum al\u00fcminyum silikatt\u0131r. Deterjan, sondaj, tar\u0131m ve ila\u00e7 sekt\u00f6r\u00fcnde yayg\u0131n olarak kullan\u0131l\u0131r.\" \/>\n<meta name=\"robots\" content=\"index, follow, max-snippet:-1, max-image-preview:large, max-video-preview:-1\" \/>\n<link rel=\"canonical\" href=\"https:\/\/akerkimya.com\/eticaret\/urun\/atapulgit\/\" \/>\n<meta property=\"og:locale\" content=\"tr_TR\" \/>\n<meta property=\"og:type\" content=\"article\" \/>\n<meta property=\"og:title\" content=\"ATAPULG\u0130T\" \/>\n<meta property=\"og:description\" content=\"Atapulgit, y\u00fcksek emicilik ve jel olu\u015fturma \u00f6zelli\u011fine sahip magnezyum al\u00fcminyum silikatt\u0131r. Deterjan, sondaj, tar\u0131m ve ila\u00e7 sekt\u00f6r\u00fcnde yayg\u0131n olarak kullan\u0131l\u0131r.\" \/>\n<meta property=\"og:url\" content=\"https:\/\/akerkimya.com\/eticaret\/urun\/atapulgit\/\" \/>\n<meta property=\"og:site_name\" content=\"Akerkimya\" \/>\n<meta property=\"article:modified_time\" content=\"2026-05-12T00:28:11+00:00\" \/>\n<meta property=\"og:image\" content=\"https:\/\/akerkimya.com\/eticaret\/wp-content\/uploads\/2024\/12\/ATAPULGIT-GUNCEL.png\" \/>\n\t<meta property=\"og:image:width\" content=\"1000\" \/>\n\t<meta property=\"og:image:height\" content=\"1000\" \/>\n\t<meta property=\"og:image:type\" content=\"image\/png\" \/>\n<meta name=\"twitter:card\" content=\"summary_large_image\" \/>\n<meta name=\"twitter:label1\" content=\"Tahmini okuma s\u00fcresi\" \/>\n\t<meta name=\"twitter:data1\" content=\"2 dakika\" \/>\n<script type=\"application\/ld+json\" class=\"yoast-schema-graph\">{\"@context\":\"https:\/\/schema.org\",\"@graph\":[{\"@type\":\"WebPage\",\"@id\":\"https:\/\/akerkimya.com\/eticaret\/urun\/atapulgit\/\",\"url\":\"https:\/\/akerkimya.com\/eticaret\/urun\/atapulgit\/\",\"name\":\"Atapulgit Nedir? \u00d6zellikleri, Faydalar\u0131 ve Kullan\u0131m Alanlar\u0131\",\"isPartOf\":{\"@id\":\"https:\/\/akerkimya.com\/eticaret\/#website\"},\"datePublished\":\"2024-12-26T13:14:40+00:00\",\"dateModified\":\"2026-05-12T00:28:11+00:00\",\"description\":\"Atapulgit, y\u00fcksek emicilik ve jel olu\u015fturma \u00f6zelli\u011fine sahip magnezyum al\u00fcminyum silikatt\u0131r. Deterjan, sondaj, tar\u0131m ve ila\u00e7 sekt\u00f6r\u00fcnde yayg\u0131n olarak kullan\u0131l\u0131r.\",\"breadcrumb\":{\"@id\":\"https:\/\/akerkimya.com\/eticaret\/urun\/atapulgit\/#breadcrumb\"},\"inLanguage\":\"tr\",\"potentialAction\":[{\"@type\":\"ReadAction\",\"target\":[\"https:\/\/akerkimya.com\/eticaret\/urun\/atapulgit\/\"]}]},{\"@type\":\"BreadcrumbList\",\"@id\":\"https:\/\/akerkimya.com\/eticaret\/urun\/atapulgit\/#breadcrumb\",\"itemListElement\":[{\"@type\":\"ListItem\",\"position\":1,\"name\":\"Home\",\"item\":\"https:\/\/akerkimya.com\/eticaret\/\"},{\"@type\":\"ListItem\",\"position\":2,\"name\":\"Market\",\"item\":\"https:\/\/akerkimya.com\/eticaret\/market\/\"},{\"@type\":\"ListItem\",\"position\":3,\"name\":\"ATAPULG\u0130T\"}]},{\"@type\":\"WebSite\",\"@id\":\"https:\/\/akerkimya.com\/eticaret\/#website\",\"url\":\"https:\/\/akerkimya.com\/eticaret\/\",\"name\":\"Akerkimya\",\"description\":\"\",\"potentialAction\":[{\"@type\":\"SearchAction\",\"target\":{\"@type\":\"EntryPoint\",\"urlTemplate\":\"https:\/\/akerkimya.com\/eticaret\/?s={search_term_string}\"},\"query-input\":\"required name=search_term_string\"}],\"inLanguage\":\"tr\"}]}<\/script>\n<!-- \/ Yoast SEO Premium plugin. -->","yoast_head_json":{"title":"Atapulgit Nedir? \u00d6zellikleri, Faydalar\u0131 ve Kullan\u0131m Alanlar\u0131","description":"Atapulgit, y\u00fcksek emicilik ve jel olu\u015fturma \u00f6zelli\u011fine sahip magnezyum al\u00fcminyum silikatt\u0131r. Deterjan, sondaj, tar\u0131m ve ila\u00e7 sekt\u00f6r\u00fcnde yayg\u0131n olarak kullan\u0131l\u0131r.","robots":{"index":"index","follow":"follow","max-snippet":"max-snippet:-1","max-image-preview":"max-image-preview:large","max-video-preview":"max-video-preview:-1"},"canonical":"https:\/\/akerkimya.com\/eticaret\/urun\/atapulgit\/","og_locale":"tr_TR","og_type":"article","og_title":"ATAPULG\u0130T","og_description":"Atapulgit, y\u00fcksek emicilik ve jel olu\u015fturma \u00f6zelli\u011fine sahip magnezyum al\u00fcminyum silikatt\u0131r. Deterjan, sondaj, tar\u0131m ve ila\u00e7 sekt\u00f6r\u00fcnde yayg\u0131n olarak kullan\u0131l\u0131r.","og_url":"https:\/\/akerkimya.com\/eticaret\/urun\/atapulgit\/","og_site_name":"Akerkimya","article_modified_time":"2026-05-12T00:28:11+00:00","og_image":[{"width":1000,"height":1000,"url":"https:\/\/akerkimya.com\/eticaret\/wp-content\/uploads\/2024\/12\/ATAPULGIT-GUNCEL.png","type":"image\/png"}],"twitter_card":"summary_large_image","twitter_misc":{"Tahmini okuma s\u00fcresi":"2 dakika"},"schema":{"@context":"https:\/\/schema.org","@graph":[{"@type":"WebPage","@id":"https:\/\/akerkimya.com\/eticaret\/urun\/atapulgit\/","url":"https:\/\/akerkimya.com\/eticaret\/urun\/atapulgit\/","name":"Atapulgit Nedir? \u00d6zellikleri, Faydalar\u0131 ve Kullan\u0131m Alanlar\u0131","isPartOf":{"@id":"https:\/\/akerkimya.com\/eticaret\/#website"},"datePublished":"2024-12-26T13:14:40+00:00","dateModified":"2026-05-12T00:28:11+00:00","description":"Atapulgit, y\u00fcksek emicilik ve jel olu\u015fturma \u00f6zelli\u011fine sahip magnezyum al\u00fcminyum silikatt\u0131r. Deterjan, sondaj, tar\u0131m ve ila\u00e7 sekt\u00f6r\u00fcnde yayg\u0131n olarak kullan\u0131l\u0131r.","breadcrumb":{"@id":"https:\/\/akerkimya.com\/eticaret\/urun\/atapulgit\/#breadcrumb"},"inLanguage":"tr","potentialAction":[{"@type":"ReadAction","target":["https:\/\/akerkimya.com\/eticaret\/urun\/atapulgit\/"]}]},{"@type":"BreadcrumbList","@id":"https:\/\/akerkimya.com\/eticaret\/urun\/atapulgit\/#breadcrumb","itemListElement":[{"@type":"ListItem","position":1,"name":"Home","item":"https:\/\/akerkimya.com\/eticaret\/"},{"@type":"ListItem","position":2,"name":"Market","item":"https:\/\/akerkimya.com\/eticaret\/market\/"},{"@type":"ListItem","position":3,"name":"ATAPULG\u0130T"}]},{"@type":"WebSite","@id":"https:\/\/akerkimya.com\/eticaret\/#website","url":"https:\/\/akerkimya.com\/eticaret\/","name":"Akerkimya","description":"","potentialAction":[{"@type":"SearchAction","target":{"@type":"EntryPoint","urlTemplate":"https:\/\/akerkimya.com\/eticaret\/?s={search_term_string}"},"query-input":"required name=search_term_string"}],"inLanguage":"tr"}]}},"_links":{"self":[{"href":"https:\/\/akerkimya.com\/eticaret\/wp-json\/wp\/v2\/product\/15762","targetHints":{"allow":["GET"]}}],"collection":[{"href":"https:\/\/akerkimya.com\/eticaret\/wp-json\/wp\/v2\/product"}],"about":[{"href":"https:\/\/akerkimya.com\/eticaret\/wp-json\/wp\/v2\/types\/product"}],"replies":[{"embeddable":true,"href":"https:\/\/akerkimya.com\/eticaret\/wp-json\/wp\/v2\/comments?post=15762"}],"version-history":[{"count":2,"href":"https:\/\/akerkimya.com\/eticaret\/wp-json\/wp\/v2\/product\/15762\/revisions"}],"predecessor-version":[{"id":16782,"href":"https:\/\/akerkimya.com\/eticaret\/wp-json\/wp\/v2\/product\/15762\/revisions\/16782"}],"wp:featuredmedia":[{"embeddable":true,"href":"https:\/\/akerkimya.com\/eticaret\/wp-json\/wp\/v2\/media\/15763"}],"wp:attachment":[{"href":"https:\/\/akerkimya.com\/eticaret\/wp-json\/wp\/v2\/media?parent=15762"}],"wp:term":[{"taxonomy":"product_cat","embeddable":true,"href":"https:\/\/akerkimya.com\/eticaret\/wp-json\/wp\/v2\/product_cat?post=15762"},{"taxonomy":"product_tag","embeddable":true,"href":"https:\/\/akerkimya.com\/eticaret\/wp-json\/wp\/v2\/product_tag?post=15762"}],"curies":[{"name":"wp","href":"https:\/\/api.w.org\/{rel}","templated":true}]}}