{"id":15774,"date":"2024-12-27T15:33:51","date_gmt":"2024-12-27T12:33:51","guid":{"rendered":"https:\/\/akerkimya.com\/eticaret\/?post_type=product&#038;p=15774"},"modified":"2026-03-30T02:23:33","modified_gmt":"2026-03-29T23:23:33","slug":"amonyum-biflorur","status":"publish","type":"product","link":"https:\/\/akerkimya.com\/eticaret\/urun\/amonyum-biflorur\/","title":{"rendered":"AMONYUM B\u0130FLOR\u00dcR"},"content":{"rendered":"<h1>AMONYUM B\u0130FLOR\u00dcR<\/h1>\n<p><strong>Amonyum Biflor\u00fcr, amonyak ve hidrojen flor\u00fcr ile \u00fcretilen H5F2N form\u00fcl\u00fcne sahip inorganik bir bile\u015fiktir. Bu renksiz kat\u0131 kristalize tuz, cam a\u015f\u0131nd\u0131r\u0131c\u0131 ve hidroflorik asdit \u00fcretimi i\u00e7in bir ara madde olarak tasarlanm\u0131\u015ft\u0131r. Santrosimetrik triatomik biflor\u00fcr anyonu, 114 pm\u2019lik bir F-H uzunlu\u011fu ile bilinen en g\u00fc\u00e7l\u00fc hidrojen ba\u011f\u0131na sahiptir<\/strong><strong>.<\/strong><\/p>\n<p><strong>\u00a0<\/strong><\/p>\n<p><strong>AMONYUM B\u0130FLOR\u00dcR \u00d6ZELL\u0130KLER\u0130<\/strong><\/p>\n<p><strong>Suda \u00e7\u00f6z\u00fcl\u00fcr ve zay\u0131f hidroflorik asit \u00e7\u00f6zeltisi olu\u015fturur.<\/strong><\/p>\n<p><strong>Beyaz renkli kat\u0131 kristalize tuz haldedir.<\/strong><\/p>\n<p><strong>Metalleri ve dokular\u0131 a\u015f\u0131nd\u0131rma \u00f6zelli\u011fine sahiptir.<\/strong><\/p>\n<p><strong>Kokusuzdur.<\/strong><\/p>\n<p><strong>Ayr\u0131\u015fma durumunda \u00e7evreye toksik dumanlar yaymaktad\u0131r.<\/strong><\/p>\n<p><strong>%5 lik \u00e7\u00f6zeltisi 3.5 Ph \u00f6zelli\u011fine sahiptir.<\/strong><\/p>\n<p><strong>Bazlarla \u015fiddetli reaksiyon verebilmektedir. Bundan dolay\u0131 bazlarla temas\u0131 engellenmelidir.<\/strong><\/p>\n<p><strong>Nem varl\u0131\u011f\u0131nda \u00e7imento, cam ve \u00e7o\u011fu metalleri pasland\u0131rabilir.<\/strong><\/p>\n<p><strong>\u00a0<\/strong><\/p>\n<p><strong>TEKN\u0130K \u00d6ZELL\u0130KLER\u0130<\/strong><\/p>\n<p><strong>CAS NUMARASI: 1341-49-7<\/strong><\/p>\n<p><strong>MOLEK\u00dcLER FORM\u00dcL: H5F2N<\/strong><\/p>\n<p><strong>K\u0130MYASAL ADI: Amonyum Biflor\u00fcr, Amonyum Hidrojen Flor\u00fcr<\/strong><\/p>\n<p><strong>YO\u011eUNLUK: 1.50 g\/cm\u00b3<\/strong><\/p>\n<p><strong>ER\u0130ME NOKTASI: 126 \u00b0C, 259 \u00b0C (ayr\u0131\u015farak)<\/strong><\/p>\n<p><strong>KAYNAMA NOKTASI: 240 \u00b0C ve 513 K, 464 \u00b0C<\/strong><\/p>\n<p><strong>SUDA \u00c7\u00d6Z\u00dcN\u00dcRL\u00dcK: 63 g\/100ml 20 \u00b0C<\/strong><\/p>\n<p><strong>ALKOL \u00c7\u00d6Z\u00dcN\u00dcRL\u00dc\u011e\u00dc: Hafif \u00e7\u00f6z\u00fcn\u00fcr<\/strong><\/p>\n<p><strong>KIRILMA \u0130NDEKS\u0130: 1.390<\/strong><\/p>\n<p><strong>\u00a0<\/strong><\/p>\n<p><strong>KULLANIM ALANLARI<\/strong><\/p>\n<p><strong>Amonyum biflor\u00fcr, al\u00fcminyum gibi metal y\u00fczeyler i\u00e7in parlatma tozu olarak kullan\u0131l\u0131r.<\/strong><\/p>\n<p><strong>Ya\u011f sahas\u0131n\u0131n asit muamelesinde ve magnezyum ala\u015f\u0131m\u0131n\u0131n yap\u0131m\u0131nda kullan\u0131l\u0131r. Hafif elimine edici, dondurucu \u00fcreten ve etchant cam olarak kullan\u0131l\u0131r.<\/strong><\/p>\n<p><strong>G\u0131da \u00fcretim sekt\u00f6r\u00fcnde, s\u00fct ve s\u00fct \u00fcr\u00fcnleri \u00fcretim tesislerinde sterilizasyon maddesi i\u00e7in kullan\u0131l\u0131r.<\/strong><\/p>\n<p><strong>Elektrik santrallerinde temizleme ve dezenfeksiyon maddesi olarak kullan\u0131l\u0131r.<\/strong><\/p>\n<p><strong>Sodyum biflor\u00fcr \u00fcretimi i\u00e7in amonyum biflor\u00fcr kullan\u0131l\u0131r.<\/strong><\/p>\n<p><strong>Kalay ve nikel kaplama i\u015flemlerinde katk\u0131 maddesi olarak kullan\u0131l\u0131r, \u00e7\u00fcnk\u00fc flor\u00fcr iyonu kalay ile kompleks olu\u015fturucu olarak hareket eder ve elde edilen bile\u015fim ve bitirme \u00fczerinde daha fazla kontrol sa\u011flar.<\/strong><\/p>\n<p><strong>Kuru pil ve baz\u0131 patlay\u0131c\u0131lar\u0131n yap\u0131m\u0131nda kullan\u0131l\u0131r.<\/strong><\/p>\n<p><strong>Galvaniz sekt\u00f6r\u00fcnde, kalay yap\u0131m\u0131nda ve s\u0131cak dald\u0131rma galvanizde flux hammaddesi olarak kullan\u0131l\u0131r.<\/strong><\/p>\n<p><strong>Ah\u015fapta koruyucu ajan olarak kullan\u0131l\u0131r.<\/strong><\/p>\n<p><strong>Tekstil end\u00fcstrisinde pas uzakla\u015ft\u0131r\u0131c\u0131 ajan ve analitik reaktif olarak da kullan\u0131l\u0131r.<\/strong><\/p>\n<p><strong>Mantar \u00f6nleyici bir mastik Douglas-k\u00f6knar kaz\u0131klar\u0131na \u00e7\u00fcr\u00fcmeye kar\u015f\u0131 uzun vadeli koruma sa\u011flar.<\/strong><\/p>\n<p><strong>Amonyum biflor\u00fcr, di\u011fer uygulamalar aras\u0131nda ampullerin, parf\u00fcm \u015fi\u015felerinin ve bina cam\u0131n\u0131n cam y\u00fczeylerinin donlanmas\u0131 gibi alanlarda kullan\u0131l\u0131r.<\/strong><\/p>\n<p><strong>Silikat kayalar\u0131n\u0131n aras\u0131ndan delme yapabilmek i\u00e7in kullan\u0131l\u0131r.<\/strong><\/p>\n<p><strong>Petrol ve do\u011falgaz \u00fcretimi yap\u0131lan sahalarda, kuyu i\u00e7erisinde asidik ortam olu\u015fturmak i\u00e7in kullan\u0131l\u0131r. Amonyum biflor\u00fcr su i\u00e7erisinde \u00e7\u00f6z\u00fcnd\u00fc\u011f\u00fcnde hidroflorik asit meydana getirmektedir. Hidroflorik asit pKa de\u011feri 1 in alt\u0131nda oldu\u011fundan dolay\u0131 petrol ve gaz \u00fcretiminde verimi artt\u0131rmaktad\u0131r.<\/strong><\/p>\n<p><strong>Kaplama sekt\u00f6r\u00fcnde demir d\u0131\u015f\u0131 metal par\u00e7alar\u0131n da\u011flanmas\u0131 ve temizlenmesi i\u00e7in parlak digo banyolar\u0131n\u0131n teme bile\u015feni olarak amonyum biflor\u00fcr kullan\u0131l\u0131r.<\/strong><\/p>\n<p><strong>Enerji santrallerinde bulunan so\u011futma kulelerinde olu\u015fan kalsiyum-silis ve silis tortular\u0131n\u0131n engellenmesi ve temizlenmesi i\u00e7in kullan\u0131l\u0131r.<\/strong><\/p>\n<p><strong>Ya\u011f giderme amac\u0131yla \u00fcretilen temizleme kimyasallar\u0131n\u0131n imalat\u0131nda kullan\u0131l\u0131r.<\/strong><\/p>\n<p><strong>Bira da\u011f\u0131t\u0131m t\u00fcplerinin ve \u00e7e\u015fitli par\u00e7alar\u0131n\u0131n safla\u015ft\u0131r\u0131lmas\u0131 amac\u0131yla kullan\u0131l\u0131r.<\/strong><\/p>\n<p><strong>Seramik imalat\u0131nda kullan\u0131l\u0131r.<\/strong><\/p>\n<p><strong>Cam e\u011firme ve nadir elementlerin ekstraksiyonunda kullan\u0131l\u0131r. Antiseptikler ve mordant olarak da kullan\u0131m\u0131 mevcuttur.<\/strong><\/p>\n<p><strong>\u0130n\u015faat end\u00fcstrisinde bina cephelerinde, end\u00fcstriyel temizlikte ve kazanlarda kullan\u0131l\u0131r.<\/strong><\/p>\n<p><strong>\u00a0<\/strong><\/p>\n<p><strong>AMBALAJ<\/strong><\/p>\n<p><strong>1-5-25 kg Kraft torbalarda.<\/strong><\/p>\n<p><strong>\u00a0<\/strong><\/p>\n<p><strong>DEPOLAMA<\/strong><\/p>\n<p><strong>\u00dcr\u00fcn kullan\u0131ld\u0131ktan sonra a\u011fz\u0131 a\u00e7\u0131k b\u0131rak\u0131lmamal\u0131 ve s\u0131k\u0131ca kapat\u0131lmal\u0131d\u0131r. Serin, kuru ve havaland\u0131r\u0131lm\u0131\u015f bir alanda muhafaza edilmelidir<\/strong><strong>.<\/strong><\/p>\n","protected":false},"excerpt":{"rendered":"<p>AMONYUM B\u0130FLOR\u00dcR Amonyum Biflor\u00fcr, amonyak ve hidrojen flor\u00fcr ile \u00fcretilen H5F2N form\u00fcl\u00fcne sahip inorganik bir bile\u015fiktir. Bu renksiz kat\u0131 kristalize<\/p>\n","protected":false},"featured_media":15784,"comment_status":"open","ping_status":"closed","template":"","meta":{"_joinchat":[]},"product_cat":[72,73,75,78],"product_tag":[],"class_list":{"0":"post-15774","1":"product","2":"type-product","3":"status-publish","4":"has-post-thumbnail","6":"product_cat-cam-ve-seramik-kimyasallari","7":"product_cat-deri-ve-tekstil-kimyasallari","8":"product_cat-genel-kimyasallar","9":"product_cat-metal-dokum-kaplama","11":"first","12":"instock","13":"shipping-taxable","14":"purchasable","15":"product-type-variable"},"yoast_head":"<!-- This site is optimized with the Yoast SEO Premium plugin v20.2.1 (Yoast SEO v20.2.1) - https:\/\/yoast.com\/wordpress\/plugins\/seo\/ -->\n<title>AMONYUM B\u0130FLOR\u00dcR - Akerkimya<\/title>\n<meta name=\"robots\" content=\"index, follow, max-snippet:-1, max-image-preview:large, max-video-preview:-1\" \/>\n<link rel=\"canonical\" href=\"https:\/\/akerkimya.com\/eticaret\/urun\/amonyum-biflorur\/\" \/>\n<meta property=\"og:locale\" content=\"tr_TR\" \/>\n<meta property=\"og:type\" content=\"article\" \/>\n<meta property=\"og:title\" content=\"AMONYUM B\u0130FLOR\u00dcR\" \/>\n<meta property=\"og:description\" content=\"AMONYUM B\u0130FLOR\u00dcR Amonyum Biflor\u00fcr, amonyak ve hidrojen flor\u00fcr ile \u00fcretilen H5F2N form\u00fcl\u00fcne sahip inorganik bir bile\u015fiktir. Bu renksiz kat\u0131 kristalize\" \/>\n<meta property=\"og:url\" content=\"https:\/\/akerkimya.com\/eticaret\/urun\/amonyum-biflorur\/\" \/>\n<meta property=\"og:site_name\" content=\"Akerkimya\" \/>\n<meta property=\"article:modified_time\" content=\"2026-03-29T23:23:33+00:00\" \/>\n<meta property=\"og:image\" content=\"https:\/\/akerkimya.com\/eticaret\/wp-content\/uploads\/2024\/12\/AMONYUM-BIFLORUR-GUNCEL-.png\" \/>\n\t<meta property=\"og:image:width\" content=\"1000\" \/>\n\t<meta property=\"og:image:height\" content=\"1000\" \/>\n\t<meta property=\"og:image:type\" content=\"image\/png\" \/>\n<meta name=\"twitter:card\" content=\"summary_large_image\" \/>\n<meta name=\"twitter:label1\" content=\"Tahmini okuma s\u00fcresi\" \/>\n\t<meta name=\"twitter:data1\" content=\"3 dakika\" \/>\n<script type=\"application\/ld+json\" class=\"yoast-schema-graph\">{\"@context\":\"https:\/\/schema.org\",\"@graph\":[{\"@type\":\"WebPage\",\"@id\":\"https:\/\/akerkimya.com\/eticaret\/urun\/amonyum-biflorur\/\",\"url\":\"https:\/\/akerkimya.com\/eticaret\/urun\/amonyum-biflorur\/\",\"name\":\"AMONYUM B\u0130FLOR\u00dcR - Akerkimya\",\"isPartOf\":{\"@id\":\"https:\/\/akerkimya.com\/eticaret\/#website\"},\"datePublished\":\"2024-12-27T12:33:51+00:00\",\"dateModified\":\"2026-03-29T23:23:33+00:00\",\"breadcrumb\":{\"@id\":\"https:\/\/akerkimya.com\/eticaret\/urun\/amonyum-biflorur\/#breadcrumb\"},\"inLanguage\":\"tr\",\"potentialAction\":[{\"@type\":\"ReadAction\",\"target\":[\"https:\/\/akerkimya.com\/eticaret\/urun\/amonyum-biflorur\/\"]}]},{\"@type\":\"BreadcrumbList\",\"@id\":\"https:\/\/akerkimya.com\/eticaret\/urun\/amonyum-biflorur\/#breadcrumb\",\"itemListElement\":[{\"@type\":\"ListItem\",\"position\":1,\"name\":\"Home\",\"item\":\"https:\/\/akerkimya.com\/eticaret\/\"},{\"@type\":\"ListItem\",\"position\":2,\"name\":\"Market\",\"item\":\"https:\/\/akerkimya.com\/eticaret\/market\/\"},{\"@type\":\"ListItem\",\"position\":3,\"name\":\"AMONYUM B\u0130FLOR\u00dcR\"}]},{\"@type\":\"WebSite\",\"@id\":\"https:\/\/akerkimya.com\/eticaret\/#website\",\"url\":\"https:\/\/akerkimya.com\/eticaret\/\",\"name\":\"Akerkimya\",\"description\":\"\",\"potentialAction\":[{\"@type\":\"SearchAction\",\"target\":{\"@type\":\"EntryPoint\",\"urlTemplate\":\"https:\/\/akerkimya.com\/eticaret\/?s={search_term_string}\"},\"query-input\":\"required name=search_term_string\"}],\"inLanguage\":\"tr\"}]}<\/script>\n<!-- \/ Yoast SEO Premium plugin. -->","yoast_head_json":{"title":"AMONYUM B\u0130FLOR\u00dcR - Akerkimya","robots":{"index":"index","follow":"follow","max-snippet":"max-snippet:-1","max-image-preview":"max-image-preview:large","max-video-preview":"max-video-preview:-1"},"canonical":"https:\/\/akerkimya.com\/eticaret\/urun\/amonyum-biflorur\/","og_locale":"tr_TR","og_type":"article","og_title":"AMONYUM B\u0130FLOR\u00dcR","og_description":"AMONYUM B\u0130FLOR\u00dcR Amonyum Biflor\u00fcr, amonyak ve hidrojen flor\u00fcr ile \u00fcretilen H5F2N form\u00fcl\u00fcne sahip inorganik bir bile\u015fiktir. Bu renksiz kat\u0131 kristalize","og_url":"https:\/\/akerkimya.com\/eticaret\/urun\/amonyum-biflorur\/","og_site_name":"Akerkimya","article_modified_time":"2026-03-29T23:23:33+00:00","og_image":[{"width":1000,"height":1000,"url":"https:\/\/akerkimya.com\/eticaret\/wp-content\/uploads\/2024\/12\/AMONYUM-BIFLORUR-GUNCEL-.png","type":"image\/png"}],"twitter_card":"summary_large_image","twitter_misc":{"Tahmini okuma s\u00fcresi":"3 dakika"},"schema":{"@context":"https:\/\/schema.org","@graph":[{"@type":"WebPage","@id":"https:\/\/akerkimya.com\/eticaret\/urun\/amonyum-biflorur\/","url":"https:\/\/akerkimya.com\/eticaret\/urun\/amonyum-biflorur\/","name":"AMONYUM B\u0130FLOR\u00dcR - Akerkimya","isPartOf":{"@id":"https:\/\/akerkimya.com\/eticaret\/#website"},"datePublished":"2024-12-27T12:33:51+00:00","dateModified":"2026-03-29T23:23:33+00:00","breadcrumb":{"@id":"https:\/\/akerkimya.com\/eticaret\/urun\/amonyum-biflorur\/#breadcrumb"},"inLanguage":"tr","potentialAction":[{"@type":"ReadAction","target":["https:\/\/akerkimya.com\/eticaret\/urun\/amonyum-biflorur\/"]}]},{"@type":"BreadcrumbList","@id":"https:\/\/akerkimya.com\/eticaret\/urun\/amonyum-biflorur\/#breadcrumb","itemListElement":[{"@type":"ListItem","position":1,"name":"Home","item":"https:\/\/akerkimya.com\/eticaret\/"},{"@type":"ListItem","position":2,"name":"Market","item":"https:\/\/akerkimya.com\/eticaret\/market\/"},{"@type":"ListItem","position":3,"name":"AMONYUM B\u0130FLOR\u00dcR"}]},{"@type":"WebSite","@id":"https:\/\/akerkimya.com\/eticaret\/#website","url":"https:\/\/akerkimya.com\/eticaret\/","name":"Akerkimya","description":"","potentialAction":[{"@type":"SearchAction","target":{"@type":"EntryPoint","urlTemplate":"https:\/\/akerkimya.com\/eticaret\/?s={search_term_string}"},"query-input":"required name=search_term_string"}],"inLanguage":"tr"}]}},"_links":{"self":[{"href":"https:\/\/akerkimya.com\/eticaret\/wp-json\/wp\/v2\/product\/15774","targetHints":{"allow":["GET"]}}],"collection":[{"href":"https:\/\/akerkimya.com\/eticaret\/wp-json\/wp\/v2\/product"}],"about":[{"href":"https:\/\/akerkimya.com\/eticaret\/wp-json\/wp\/v2\/types\/product"}],"replies":[{"embeddable":true,"href":"https:\/\/akerkimya.com\/eticaret\/wp-json\/wp\/v2\/comments?post=15774"}],"version-history":[{"count":2,"href":"https:\/\/akerkimya.com\/eticaret\/wp-json\/wp\/v2\/product\/15774\/revisions"}],"predecessor-version":[{"id":16777,"href":"https:\/\/akerkimya.com\/eticaret\/wp-json\/wp\/v2\/product\/15774\/revisions\/16777"}],"wp:featuredmedia":[{"embeddable":true,"href":"https:\/\/akerkimya.com\/eticaret\/wp-json\/wp\/v2\/media\/15784"}],"wp:attachment":[{"href":"https:\/\/akerkimya.com\/eticaret\/wp-json\/wp\/v2\/media?parent=15774"}],"wp:term":[{"taxonomy":"product_cat","embeddable":true,"href":"https:\/\/akerkimya.com\/eticaret\/wp-json\/wp\/v2\/product_cat?post=15774"},{"taxonomy":"product_tag","embeddable":true,"href":"https:\/\/akerkimya.com\/eticaret\/wp-json\/wp\/v2\/product_tag?post=15774"}],"curies":[{"name":"wp","href":"https:\/\/api.w.org\/{rel}","templated":true}]}}