{"id":15819,"date":"2024-12-27T16:08:50","date_gmt":"2024-12-27T13:08:50","guid":{"rendered":"https:\/\/akerkimya.com\/eticaret\/?post_type=product&#038;p=15819"},"modified":"2026-03-30T02:23:34","modified_gmt":"2026-03-29T23:23:34","slug":"borik-asit","status":"publish","type":"product","link":"https:\/\/akerkimya.com\/eticaret\/urun\/borik-asit\/","title":{"rendered":"BOR\u0130K AS\u0130T"},"content":{"rendered":"<h1>BOR\u0130K AS\u0130T<\/h1>\n<p><strong>Borik Asit, H3BO3 form\u00fcl\u00fcne sahip bor elementinin zay\u0131f, monobazik \u00f6zellikteki bir lewis asididir. Ortoborik asit, borosik asit ve hidrojen borat isimleriyle de bilinir. Borik asit kolemanit cevheri ile s\u00fclf\u00fcrik asidin veya boraks ile mineral asidin reaksiyona girmesi ile elde edilir.<\/strong><\/p>\n<p><strong>\u00a0<\/strong><\/p>\n<p><strong>TEKN\u0130K \u00d6ZELL\u0130KLER\u0130<\/strong><\/p>\n<p><strong>CAS NUMARASI: 10043-35-3<\/strong><\/p>\n<p><strong>MOLEK\u00dcLER FORMUL\u00dc: H3BO3<\/strong><\/p>\n<p><strong>G\u00d6R\u00dcN\u00dcM: Beyaz gran\u00fcl veya toz<\/strong><\/p>\n<p><strong>MOLEK\u00dcL K\u00dcTLES\u0130: 61,83 g\/mol<\/strong><\/p>\n<p><strong>YO\u011eUNLUK: 1.435 g\/cm\u00b3<\/strong><\/p>\n<p><strong>ER\u0130ME NOKTASI: 170.9<\/strong><\/p>\n<p><strong>KAYNAMA NOKTASI: 300<\/strong><\/p>\n<p><strong>\u00c7\u00d6Z\u00dcN\u00dcRL\u00dcK (SU \u0130\u00c7\u0130NDE): 2.52 g\/100 ml (0\u00b0C)<\/strong><\/p>\n<p><strong>\u00a0\u00a0\u00a0\u00a0\u00a0\u00a0\u00a0\u00a0 \u00a0\u00a0\u00a0\u00a0\u00a0\u00a0\u00a0\u00a0\u00a0\u00a0\u00a0\u00a0\u00a0\u00a0\u00a0\u00a0\u00a0\u00a0\u00a0\u00a0\u00a0\u00a0\u00a0\u00a0\u00a0\u00a0\u00a0\u00a0\u00a0\u00a0\u00a04.72 g\/100 ml (20 \u00b0C)<\/strong><\/p>\n<p><strong>\u00a0\u00a0\u00a0\u00a0\u00a0\u00a0\u00a0\u00a0\u00a0\u00a0\u00a0\u00a0\u00a0\u00a0\u00a0\u00a0\u00a0\u00a0\u00a0\u00a0\u00a0\u00a0\u00a0\u00a0\u00a0\u00a0\u00a0\u00a0\u00a0\u00a0\u00a0\u00a0\u00a0\u00a0 \u00a0\u00a0\u00a0\u00a0\u00a05.7 g\/100 ml (25 \u00b0C)<\/strong><\/p>\n<p><strong>\u00a0\u00a0\u00a0\u00a0\u00a0\u00a0\u00a0\u00a0\u00a0\u00a0\u00a0\u00a0\u00a0\u00a0\u00a0\u00a0\u00a0\u00a0\u00a0\u00a0\u00a0\u00a0\u00a0\u00a0\u00a0\u00a0\u00a0\u00a0\u00a0\u00a0\u00a0\u00a0\u00a0\u00a0\u00a0\u00a0\u00a0\u00a0\u00a0 19.10 g\/ml (80 \u00b0C)<\/strong><\/p>\n<p><strong>\u00a0\u00a0\u00a0\u00a0\u00a0\u00a0\u00a0\u00a0 \u00a0\u00a0\u00a0\u00a0\u00a0\u00a0\u00a0\u00a0\u00a0\u00a0\u00a0\u00a0\u00a0\u00a0\u00a0\u00a0\u00a0\u00a0\u00a0\u00a0\u00a0\u00a0\u00a0\u00a0\u00a0\u00a0\u00a0\u00a0\u00a0\u00a0\u00a027.53 g\/100 ml (100 \u00b0C)<\/strong><\/p>\n<p><strong>AS\u0130TL\u0130K (pKa): 9.24, 12.4, 13.3<\/strong><\/p>\n<p><strong>\u00a0<\/strong><\/p>\n<p><strong>\u00a0KULLANIM ALANLARI<\/strong><\/p>\n<p><strong>End\u00fcstride metal kaplama i\u015flemlerinde korozyon \u00f6nleyici ve anti-bakteriyel madde olarak kullan\u0131l\u0131r.<\/strong><\/p>\n<p><strong>Bor kaynakl\u0131 herbisit \u00fcretimi ve yapay g\u00fcbre \u00fcretiminde kullan\u0131l\u0131r.<\/strong><\/p>\n<p><strong>Temizlik \u00fcr\u00fcnlerinde a\u011fart\u0131c\u0131 ve oksitleyici kullan\u0131lan sodyum perborat borik asitten elde edilmektedir.<\/strong><\/p>\n<p><strong>Borik asit antiseptik olarak kullan\u0131labilir. Borik asidin seyreltik \u00e7\u00f6zeltileri g\u00f6z y\u0131kama sol\u00fcsyonu olarak kullan\u0131lmaktad\u0131r. seyreltik borik asit \u00e7\u00f6zeltisi anti bakteriyel ajan olarak kullan\u0131lmaktad\u0131r.<\/strong><\/p>\n<p><strong>Borik asit \u00e7\u00f6zelti formunda d\u0131\u015f-kulak iltihab\u0131 tedavisinde kullan\u0131lmaktad\u0131r.<\/strong><\/p>\n<p><strong>Bitkilerdeki bor eksiklerini tedavi etmek veya \u00f6nlemek i\u00e7in kullan\u0131l\u0131r.<\/strong><\/p>\n<p><strong>Borik asit, ate\u015f ye\u015fili yapmak i\u00e7in renklendirici olarak kullan\u0131l\u0131r. Baz\u0131 n\u00fckleer santrallerde n\u00f6tron zehiri olarak kullan\u0131lmaktad\u0131r. Borik asitte bulunan bor, baz\u0131 termal n\u00f6tronlar\u0131 absorbe ederek fisyon olas\u0131l\u0131\u011f\u0131n\u0131 azalt\u0131r.<\/strong><\/p>\n<p><strong>B\u00f6cek ilac\u0131 olarak kullan\u0131m\u0131yla birlikte ayr\u0131ca ah\u015faplarda mevcut olan \u0131slak ve kuru \u00e7\u00fcr\u00fcmeyi \u00f6nler ve yok eder.<\/strong><\/p>\n<p><strong>Borik asidin kolloidal s\u00fcspansiyonlar\u0131 petrolde ve bitkisel ya\u011flara eklendi\u011finde seramik ve metal y\u00fczeyler i\u00e7in iyi bir kayganla\u015ft\u0131r\u0131c\u0131 olu\u015fturmakta ve s\u00fcrt\u00fcnme katsay\u0131s\u0131n\u0131 d\u00fc\u015f\u00fcrmektedir.<\/strong><\/p>\n<p><strong>Borat bile\u015fenli ajanlar yosun, mantar, bal\u00e7\u0131k gibi etkenlere kar\u015f\u0131 denizcilikte ba\u015far\u0131l\u0131 bir \u015fekilde kullan\u0131lmaktad\u0131r.<\/strong><\/p>\n<p><strong>Borik asit \u00f6zel tip camlar\u0131n (f\u0131r\u0131n camlar\u0131, laboratuvar cam malzemeleri vb.) ve cam elyaf\u0131 \u00fcretiminde kullan\u0131l\u0131r.<\/strong><\/p>\n<p><strong>Cam \u00fcretiminde, devitrifikasyonu \u00f6nler. Cam\u0131n; \u0131s\u0131ya, kimyasallara, mekanik etkilere kar\u015f\u0131 dayan\u0131m \u00f6zellikleri artt\u0131r\u0131r.<\/strong><\/p>\n<p><strong>Borik asit tek-filaman fiberglas \u00fcretiminde kullan\u0131l\u0131r. Yal\u0131t\u0131m ve g\u00fc\u00e7lendirme fiberglaslar\u0131nda viskoziteyi d\u00fc\u015f\u00fcrerek fiberle\u015fmeyi artt\u0131r\u0131r. Ayr\u0131ca kristalle\u015fme e\u011filimini d\u00fc\u015f\u00fcrerek fiberlerin fiziksel ve neme kar\u015f\u0131 dayan\u0131m\u0131n\u0131 artt\u0131r\u0131r.<\/strong><\/p>\n<p><strong>Borik asit serak ve metal y\u00fczeylerde kayganla\u015ft\u0131r\u0131c\u0131 olarak kullan\u0131labilir.<\/strong><\/p>\n<p><strong>Bir anti bakteriyel bile\u015fik olarak borik asit, akne tedavisi olarak da kullan\u0131l\u0131r.<\/strong><\/p>\n<p><strong>Kuyumculuk end\u00fcstrisinde borik asit, tavlama ve lehimleme i\u015flemleri s\u0131ras\u0131nda y\u00fczey oksidasyonunu ve yang\u0131n pullar\u0131n\u0131n metaller \u00fczerinde olu\u015fmas\u0131n\u0131 azaltmak i\u00e7in genellikle denat\u00fcre alkol ile birlikte kullan\u0131l\u0131r.<\/strong><\/p>\n<p><strong>S\u0131\u011f\u0131r postlar\u0131, dana derileri ve koyun postlar\u0131n\u0131n iyile\u015ftirilmesinde tuza borik asit eklenir. Bu, bakteri geli\u015fimini kontrol etmeyi sa\u011flar.<\/strong><\/p>\n<p><strong>Seramiklerde ba\u011flay\u0131c\u0131 olarak kullan\u0131lmaktad\u0131r. Borik asit etkisiyle ergime ve yap\u0131\u015fma daha d\u00fc\u015f\u00fck s\u0131cakl\u0131kta olmaktad\u0131r.<\/strong><\/p>\n<p><strong>Sabun ve deterjanlara su yumu\u015fatma ve mikrop \u00f6ld\u00fcr\u00fcc\u00fc \u00f6zelli\u011finden dolay\u0131 eklenebilmektedir. Y\u0131kama s\u00fcresini ve s\u0131cakl\u0131\u011f\u0131 d\u00fc\u015f\u00fcr\u00fcc\u00fc etkisi vard\u0131r.<\/strong><\/p>\n<p><strong>Seramik \u00fcr\u00fcnlerinin fiziksel darbeler kar\u015f\u0131s\u0131nda k\u0131r\u0131lma ve \u00e7izilme direncini artt\u0131rmakta, kimyasal direnci g\u00fc\u00e7lendirmektedir.<\/strong><\/p>\n<p><strong>Porselen \u00e7inilerinde vitrifikasyon s\u0131cakl\u0131\u011f\u0131n\u0131 artt\u0131rarak yo\u011funla\u015ft\u0131rma \u00f6zelliklerini geli\u015ftirmektedir.<\/strong><\/p>\n<p><strong>Seramik ve porselen emaye firit \u00fcretiminde kullan\u0131lan malzemelerden biridir.<\/strong><\/p>\n<p><strong>Borik asit yanmaya neden olan maddelerin tutu\u015fma derecesini azaltmak i\u00e7in kullan\u0131lan borat bazl\u0131 alev geciktiricilerin temel formudur.<\/strong><\/p>\n<p><strong>Re\u00e7ine bazl\u0131 ah\u015fap kompozit levhalara alev geciktirici \u00f6zellik kazand\u0131rmas\u0131ndan, kereste ve kat\u0131 ah\u015fap \u00fcr\u00fcnlerde koruyucu madde olarak kullan\u0131lmas\u0131ndan dolay\u0131 \u00f6nem kazanmaktad\u0131r.<\/strong><\/p>\n<p><strong>Borik asit d\u00fc\u015f\u00fck bor i\u00e7eri\u011fine sahip topraklarda tek ba\u015f\u0131na ya da standart g\u00fcbreler ile beraber kullan\u0131labilir.<\/strong><\/p>\n<p><strong>Bor, al\u00fcminyum ve nitratlar aras\u0131nda amid olu\u015fturan reaksiyonu \u00f6nlemek i\u00e7in piroteknikte kullan\u0131l\u0131r.<\/strong><\/p>\n<p><strong>Elektro kaplamada, baz\u0131 tescilli form\u00fcllerin bir par\u00e7as\u0131 olarak kullan\u0131l\u0131r.<\/strong><\/p>\n<p><strong>\u00a0<\/strong><\/p>\n<p><strong>AMBALAJ<\/strong><\/p>\n<p><strong>1-5-25 kg torbalarda<\/strong><\/p>\n<p><strong>\u00a0<\/strong><\/p>\n<p><strong>DEPOLAMA<\/strong><\/p>\n<p><strong>\u00dcr\u00fcn kullan\u0131ld\u0131ktan sonra a\u011fz\u0131 a\u00e7\u0131k b\u0131rak\u0131lmamal\u0131 ve s\u0131k\u0131ca kapat\u0131lmal\u0131d\u0131r. Serin, kuru ve havaland\u0131r\u0131lm\u0131\u015f bir alanda muhafaza edilmelidir<\/strong><strong>.<\/strong><\/p>\n","protected":false},"excerpt":{"rendered":"<p>BOR\u0130K AS\u0130T Borik Asit, H3BO3 form\u00fcl\u00fcne sahip bor elementinin zay\u0131f, monobazik \u00f6zellikteki bir lewis asididir. Ortoborik asit, borosik asit ve<\/p>\n","protected":false},"featured_media":15820,"comment_status":"open","ping_status":"closed","template":"","meta":{"_joinchat":[]},"product_cat":[72,73,74,78,79],"product_tag":[],"class_list":{"0":"post-15819","1":"product","2":"type-product","3":"status-publish","4":"has-post-thumbnail","6":"product_cat-cam-ve-seramik-kimyasallari","7":"product_cat-deri-ve-tekstil-kimyasallari","8":"product_cat-deterjan-ve-kozmetik-kimyasallari","9":"product_cat-metal-dokum-kaplama","10":"product_cat-tarim-kimyasallari","12":"first","13":"instock","14":"shipping-taxable","15":"purchasable","16":"product-type-variable"},"yoast_head":"<!-- This site is optimized with the Yoast SEO Premium plugin v20.2.1 (Yoast SEO v20.2.1) - https:\/\/yoast.com\/wordpress\/plugins\/seo\/ -->\n<title>BOR\u0130K AS\u0130T - Akerkimya<\/title>\n<meta name=\"robots\" content=\"index, follow, max-snippet:-1, max-image-preview:large, max-video-preview:-1\" \/>\n<link rel=\"canonical\" href=\"https:\/\/akerkimya.com\/eticaret\/urun\/borik-asit\/\" \/>\n<meta property=\"og:locale\" content=\"tr_TR\" \/>\n<meta property=\"og:type\" content=\"article\" \/>\n<meta property=\"og:title\" content=\"BOR\u0130K AS\u0130T\" \/>\n<meta property=\"og:description\" content=\"BOR\u0130K AS\u0130T Borik Asit, H3BO3 form\u00fcl\u00fcne sahip bor elementinin zay\u0131f, monobazik \u00f6zellikteki bir lewis asididir. Ortoborik asit, borosik asit ve\" \/>\n<meta property=\"og:url\" content=\"https:\/\/akerkimya.com\/eticaret\/urun\/borik-asit\/\" \/>\n<meta property=\"og:site_name\" content=\"Akerkimya\" \/>\n<meta property=\"article:modified_time\" content=\"2026-03-29T23:23:34+00:00\" \/>\n<meta property=\"og:image\" content=\"https:\/\/akerkimya.com\/eticaret\/wp-content\/uploads\/2024\/12\/BORIK-ASIT-GUNCEL-.png\" \/>\n\t<meta property=\"og:image:width\" content=\"1000\" \/>\n\t<meta property=\"og:image:height\" content=\"1000\" \/>\n\t<meta property=\"og:image:type\" content=\"image\/png\" \/>\n<meta name=\"twitter:card\" content=\"summary_large_image\" \/>\n<meta name=\"twitter:label1\" content=\"Tahmini okuma s\u00fcresi\" \/>\n\t<meta name=\"twitter:data1\" content=\"4 dakika\" \/>\n<script type=\"application\/ld+json\" class=\"yoast-schema-graph\">{\"@context\":\"https:\/\/schema.org\",\"@graph\":[{\"@type\":\"WebPage\",\"@id\":\"https:\/\/akerkimya.com\/eticaret\/urun\/borik-asit\/\",\"url\":\"https:\/\/akerkimya.com\/eticaret\/urun\/borik-asit\/\",\"name\":\"BOR\u0130K AS\u0130T - Akerkimya\",\"isPartOf\":{\"@id\":\"https:\/\/akerkimya.com\/eticaret\/#website\"},\"datePublished\":\"2024-12-27T13:08:50+00:00\",\"dateModified\":\"2026-03-29T23:23:34+00:00\",\"breadcrumb\":{\"@id\":\"https:\/\/akerkimya.com\/eticaret\/urun\/borik-asit\/#breadcrumb\"},\"inLanguage\":\"tr\",\"potentialAction\":[{\"@type\":\"ReadAction\",\"target\":[\"https:\/\/akerkimya.com\/eticaret\/urun\/borik-asit\/\"]}]},{\"@type\":\"BreadcrumbList\",\"@id\":\"https:\/\/akerkimya.com\/eticaret\/urun\/borik-asit\/#breadcrumb\",\"itemListElement\":[{\"@type\":\"ListItem\",\"position\":1,\"name\":\"Home\",\"item\":\"https:\/\/akerkimya.com\/eticaret\/\"},{\"@type\":\"ListItem\",\"position\":2,\"name\":\"Market\",\"item\":\"https:\/\/akerkimya.com\/eticaret\/market\/\"},{\"@type\":\"ListItem\",\"position\":3,\"name\":\"BOR\u0130K AS\u0130T\"}]},{\"@type\":\"WebSite\",\"@id\":\"https:\/\/akerkimya.com\/eticaret\/#website\",\"url\":\"https:\/\/akerkimya.com\/eticaret\/\",\"name\":\"Akerkimya\",\"description\":\"\",\"potentialAction\":[{\"@type\":\"SearchAction\",\"target\":{\"@type\":\"EntryPoint\",\"urlTemplate\":\"https:\/\/akerkimya.com\/eticaret\/?s={search_term_string}\"},\"query-input\":\"required name=search_term_string\"}],\"inLanguage\":\"tr\"}]}<\/script>\n<!-- \/ Yoast SEO Premium plugin. -->","yoast_head_json":{"title":"BOR\u0130K AS\u0130T - Akerkimya","robots":{"index":"index","follow":"follow","max-snippet":"max-snippet:-1","max-image-preview":"max-image-preview:large","max-video-preview":"max-video-preview:-1"},"canonical":"https:\/\/akerkimya.com\/eticaret\/urun\/borik-asit\/","og_locale":"tr_TR","og_type":"article","og_title":"BOR\u0130K AS\u0130T","og_description":"BOR\u0130K AS\u0130T Borik Asit, H3BO3 form\u00fcl\u00fcne sahip bor elementinin zay\u0131f, monobazik \u00f6zellikteki bir lewis asididir. Ortoborik asit, borosik asit ve","og_url":"https:\/\/akerkimya.com\/eticaret\/urun\/borik-asit\/","og_site_name":"Akerkimya","article_modified_time":"2026-03-29T23:23:34+00:00","og_image":[{"width":1000,"height":1000,"url":"https:\/\/akerkimya.com\/eticaret\/wp-content\/uploads\/2024\/12\/BORIK-ASIT-GUNCEL-.png","type":"image\/png"}],"twitter_card":"summary_large_image","twitter_misc":{"Tahmini okuma s\u00fcresi":"4 dakika"},"schema":{"@context":"https:\/\/schema.org","@graph":[{"@type":"WebPage","@id":"https:\/\/akerkimya.com\/eticaret\/urun\/borik-asit\/","url":"https:\/\/akerkimya.com\/eticaret\/urun\/borik-asit\/","name":"BOR\u0130K AS\u0130T - Akerkimya","isPartOf":{"@id":"https:\/\/akerkimya.com\/eticaret\/#website"},"datePublished":"2024-12-27T13:08:50+00:00","dateModified":"2026-03-29T23:23:34+00:00","breadcrumb":{"@id":"https:\/\/akerkimya.com\/eticaret\/urun\/borik-asit\/#breadcrumb"},"inLanguage":"tr","potentialAction":[{"@type":"ReadAction","target":["https:\/\/akerkimya.com\/eticaret\/urun\/borik-asit\/"]}]},{"@type":"BreadcrumbList","@id":"https:\/\/akerkimya.com\/eticaret\/urun\/borik-asit\/#breadcrumb","itemListElement":[{"@type":"ListItem","position":1,"name":"Home","item":"https:\/\/akerkimya.com\/eticaret\/"},{"@type":"ListItem","position":2,"name":"Market","item":"https:\/\/akerkimya.com\/eticaret\/market\/"},{"@type":"ListItem","position":3,"name":"BOR\u0130K AS\u0130T"}]},{"@type":"WebSite","@id":"https:\/\/akerkimya.com\/eticaret\/#website","url":"https:\/\/akerkimya.com\/eticaret\/","name":"Akerkimya","description":"","potentialAction":[{"@type":"SearchAction","target":{"@type":"EntryPoint","urlTemplate":"https:\/\/akerkimya.com\/eticaret\/?s={search_term_string}"},"query-input":"required name=search_term_string"}],"inLanguage":"tr"}]}},"_links":{"self":[{"href":"https:\/\/akerkimya.com\/eticaret\/wp-json\/wp\/v2\/product\/15819","targetHints":{"allow":["GET"]}}],"collection":[{"href":"https:\/\/akerkimya.com\/eticaret\/wp-json\/wp\/v2\/product"}],"about":[{"href":"https:\/\/akerkimya.com\/eticaret\/wp-json\/wp\/v2\/types\/product"}],"replies":[{"embeddable":true,"href":"https:\/\/akerkimya.com\/eticaret\/wp-json\/wp\/v2\/comments?post=15819"}],"version-history":[{"count":3,"href":"https:\/\/akerkimya.com\/eticaret\/wp-json\/wp\/v2\/product\/15819\/revisions"}],"predecessor-version":[{"id":18980,"href":"https:\/\/akerkimya.com\/eticaret\/wp-json\/wp\/v2\/product\/15819\/revisions\/18980"}],"wp:featuredmedia":[{"embeddable":true,"href":"https:\/\/akerkimya.com\/eticaret\/wp-json\/wp\/v2\/media\/15820"}],"wp:attachment":[{"href":"https:\/\/akerkimya.com\/eticaret\/wp-json\/wp\/v2\/media?parent=15819"}],"wp:term":[{"taxonomy":"product_cat","embeddable":true,"href":"https:\/\/akerkimya.com\/eticaret\/wp-json\/wp\/v2\/product_cat?post=15819"},{"taxonomy":"product_tag","embeddable":true,"href":"https:\/\/akerkimya.com\/eticaret\/wp-json\/wp\/v2\/product_tag?post=15819"}],"curies":[{"name":"wp","href":"https:\/\/api.w.org\/{rel}","templated":true}]}}