{"id":15863,"date":"2024-12-27T16:55:55","date_gmt":"2024-12-27T13:55:55","guid":{"rendered":"https:\/\/akerkimya.com\/eticaret\/?post_type=product&#038;p=15863"},"modified":"2026-05-08T15:36:19","modified_gmt":"2026-05-08T12:36:19","slug":"magnezyum-klorur","status":"publish","type":"product","link":"https:\/\/akerkimya.com\/eticaret\/urun\/magnezyum-klorur\/","title":{"rendered":"MAGNEZYUM KLOR\u00dcR"},"content":{"rendered":"<h1>MAGNEZYUM KLOR\u00dcR<\/h1>\n<p><strong>Magnezyum klor\u00fcr, MgC12 form\u00fcl\u00fcne sahip inorganik ve d\u00fczensiz bir bile\u015fiktir. Tuzlu sularda do\u011fal olarak bulunur. Deniz suyunun buharla\u015fmas\u0131 sonucu olu\u015fan tuz k\u00fctlelerinde de bulunur. Mgnezyum klor\u00fcr \u00fcretiminde en \u00f6nemli olan\u0131 tuzlu su i\u00e7erisindeki bromun ekstraksiyonu ile elde edilir. Kloromagnezit olarak da bilinen magnezyum klor\u00fcr, insan v\u00fccudunda en fazla bulunan katyonlardan bir tanesidir.<\/strong><\/p>\n<p><strong>\u00a0<\/strong><\/p>\n<p><strong>MAGNEZYUM KLOR\u00dcR \u00d6ZELL\u0130KLER\u0130<\/strong><\/p>\n<p><strong>Beyaz ya da renksiz kristal bir kat\u0131 formdad\u0131r.<\/strong><\/p>\n<p><strong>Higroskopik \u00f6zelli\u011fe sahiptir. Hava ile nem almaktad\u0131r. <\/strong><\/p>\n<p><strong>Anhidrit magnezyum klor\u00fcr,\u00a0 en \u00e7ok imal edilen \u00fcretilen magnezyum metalin temel \u00f6nc\u00fcs\u00fcd\u00fcr.<\/strong><\/p>\n<p><strong>Susuz magnezyum klor\u00fcr zay\u0131f bir kimyasal olmas\u0131na ra\u011fmen Lewis asididir.<\/strong><\/p>\n<p><strong>\u00a0<\/strong><\/p>\n<p><strong>TEKN\u0130K \u00d6ZELL\u0130KLER\u0130<\/strong><\/p>\n<p><strong>CAS NUMARASI: 7786-30-3, 7791-18-6<\/strong><\/p>\n<p><strong>MOLEK\u00dcLER FORM\u00dcL: MgC12<\/strong><\/p>\n<p><strong>K\u0130MYASAL \u0130SM\u0130: Magnezyum Klor\u00fcr, Magnezyum Diklor\u00fcr, Kloromahnezit, 6H20<\/strong><\/p>\n<p><strong>KIRILMA \u0130NDEKS\u0130: 1.675 (susuz) 1.569 (hekzahidrat)<\/strong><\/p>\n<p><strong>MOLAR K\u00dcTLE: 95,211 g\/mol (susuz) 1.203,31 g\/mol (hekzahidrat)<\/strong><\/p>\n<p><strong>YO\u011eUNLUK: 2,32 g\/cm\u00b3 8susuz) 1.569 g\/cm\u00b3 (hekzahidrat)<\/strong><\/p>\n<p><strong>ER\u0130ME NOKTASI: 714 \u00b0C (987 K) <\/strong><\/p>\n<p><strong>KAYNAMA NOKTASI: 412 \u00b0C<\/strong><\/p>\n<p><strong>SUDA \u00c7\u00d6Z\u00dcN\u00dcRL\u00dcK: 54.3 g\/100 ml (20\u00b0C) 72,6 g\/100 ml (100 \u00b0C)<\/strong><\/p>\n<p><strong>HEKZAH\u0130DRAT \u00c7\u00d6Z\u00dcN\u00dcRL\u00dc\u011e\u00dc: 157 g\/100 ml (20 \u00b0C)<\/strong><\/p>\n<p><strong>ETANOL \u00c7\u00d6Z\u00dcN\u00dcRL\u00dc\u011e\u00dc: 7.4 g\/100 ml (30 \u00b0C)<\/strong><\/p>\n<p><strong>\u00a0<\/strong><\/p>\n<p><strong>KULLANIM ALANLARI<\/strong><\/p>\n<p><strong>Toz kontrol\u00fc, toprak stabilizasyonu ve r\u00fczg\u00e2r erozyonunun azalt\u0131lmas\u0131 i\u00e7in kullan\u0131l\u0131r.<\/strong><\/p>\n<p><strong>Edta ile \u015felatl\u0131 yap\u0131 olu\u015fturarak su i\u00e7erisinden ar\u0131nd\u0131r\u0131lmaktad\u0131r.<\/strong><\/p>\n<p><strong>T\u0131p sekt\u00f6r\u00fcnde, sindirim ya da konstipasyon rahats\u0131zl\u0131klar\u0131nda kullan\u0131lmaktad\u0131r.<\/strong><\/p>\n<p><strong>Erozyonun kontrol edilmesi i\u00e7in \u00f6nemli bir bile\u015fiktir.<\/strong><\/p>\n<p><strong>Tekstil ve k\u00e2\u011f\u0131t end\u00fcstrilerinde katk\u0131 maddesi olarak kullan\u0131l\u0131r.<\/strong><\/p>\n<p><strong>Yang\u0131n s\u00f6nd\u00fcr\u00fcc\u00fc form\u00fcllerinde kaplama olarak kullan\u0131l\u0131r.<\/strong><\/p>\n<p><strong>Magnezyum klor\u00fcr ve su kar\u0131\u015ft\u0131r\u0131larak cilde uygulan\u0131r.<\/strong><\/p>\n<p><strong>At\u0131k su i\u015fletmelerinde kullan\u0131l\u0131r.<\/strong><\/p>\n<p><strong>Yollardaki buzlanmay\u0131 \u00f6nlemek i\u00e7in kaya tuzu yerine kullan\u0131l\u0131r.<\/strong><\/p>\n<p><strong>Soya s\u00fct\u00fcnden tofu haz\u0131rlanmas\u0131nda kullan\u0131lan \u00f6nemli bir p\u0131ht\u0131la\u015ft\u0131r\u0131c\u0131d\u0131r.<\/strong><\/p>\n<p><strong>Bebek mamas\u0131 s\u00fct\u00fcn\u00fcn bir bile\u015fenidir.<\/strong><\/p>\n<p><strong>Magnezyum klor\u00fcr, nutras\u00f6tik ve farmas\u00f6tik \u00e7al\u0131\u015fmalar\u0131nda kullan\u0131l\u0131r.<\/strong><\/p>\n<p><strong>Ticari olarak poliolefin \u00fcretmek i\u00e7in kullan\u0131lan Ziegler-Natta katalizat\u00f6rleri, kataliz\u00f6r deste\u011fi olarak Magnezyum Klor\u00fcr i\u00e7erir. MgCl2 desteklerinin tan\u0131t\u0131lmas\u0131, geleneksel kataliz\u00f6rlerin aktivitesini artt\u0131r\u0131r ve polipropilen \u00fcretimi i\u00e7in olduk\u00e7a stereospesifik kataliz\u00f6rlerin geli\u015ftirilmesine izin verir.<\/strong><\/p>\n<p><strong>Dezenfektanlarda, seramikte ve yang\u0131n s\u00f6nd\u00fcr\u00fcc\u00fclerde kullan\u0131l\u0131r.<\/strong><\/p>\n<p><strong>\u00c7imento sekt\u00f6r\u00fcnde delme ve \u00f6\u011f\u00fctme \u00e7arklar\u0131nda kullan\u0131lmaktad\u0131r.<\/strong><\/p>\n<p><strong>Karayollar\u0131nda, madencilikte, ya\u011f ve gaz end\u00fcstrisinde ba\u011flay\u0131c\u0131 ajan olarak kullan\u0131l\u0131r.<\/strong><\/p>\n<p><strong>Hayvan yemlerinde ve g\u00fcbrelerde kullan\u0131l\u0131r.<\/strong><\/p>\n<p><strong>Kimya sekt\u00f6r\u00fcnde toz ba\u011flay\u0131c\u0131 olarak kullan\u0131l\u0131r.<\/strong><\/p>\n<p><strong>\u00a0<\/strong><\/p>\n<p><strong>AMBALAJ<\/strong><\/p>\n<p><strong>1-5-25 kg torbalarda <\/strong><\/p>\n<p><strong>\u00a0<\/strong><\/p>\n<p><strong>DEPOLAMA <\/strong><\/p>\n<p><strong>Serin ve kuru bir alanda muhafaza ediniz.<\/strong><\/p>\n","protected":false},"excerpt":{"rendered":"<p>MAGNEZYUM KLOR\u00dcR Magnezyum klor\u00fcr, MgC12 form\u00fcl\u00fcne sahip inorganik ve d\u00fczensiz bir bile\u015fiktir. Tuzlu sularda do\u011fal olarak bulunur. Deniz suyunun buharla\u015fmas\u0131<\/p>\n","protected":false},"featured_media":15864,"comment_status":"open","ping_status":"closed","template":"","meta":{"_joinchat":[]},"product_cat":[72,73,74,76,80,81],"product_tag":[],"class_list":{"0":"post-15863","1":"product","2":"type-product","3":"status-publish","4":"has-post-thumbnail","6":"product_cat-cam-ve-seramik-kimyasallari","7":"product_cat-deri-ve-tekstil-kimyasallari","8":"product_cat-deterjan-ve-kozmetik-kimyasallari","9":"product_cat-gida-ve-katki-kimyasallari","10":"product_cat-veteriner-ve-ilac-kimyasallari","11":"product_cat-yem-katki-kimyasallari","13":"first","14":"instock","15":"shipping-taxable","16":"purchasable","17":"product-type-variable"},"yoast_head":"<!-- This site is optimized with the Yoast SEO Premium plugin v20.2.1 (Yoast SEO v20.2.1) - https:\/\/yoast.com\/wordpress\/plugins\/seo\/ -->\n<title>MAGNEZYUM KLOR\u00dcR - Akerkimya<\/title>\n<meta name=\"robots\" content=\"index, follow, max-snippet:-1, max-image-preview:large, max-video-preview:-1\" \/>\n<link rel=\"canonical\" href=\"https:\/\/akerkimya.com\/eticaret\/urun\/magnezyum-klorur\/\" \/>\n<meta property=\"og:locale\" content=\"tr_TR\" \/>\n<meta property=\"og:type\" content=\"article\" \/>\n<meta property=\"og:title\" content=\"MAGNEZYUM KLOR\u00dcR\" \/>\n<meta property=\"og:description\" content=\"MAGNEZYUM KLOR\u00dcR Magnezyum klor\u00fcr, MgC12 form\u00fcl\u00fcne sahip inorganik ve d\u00fczensiz bir bile\u015fiktir. Tuzlu sularda do\u011fal olarak bulunur. Deniz suyunun buharla\u015fmas\u0131\" \/>\n<meta property=\"og:url\" content=\"https:\/\/akerkimya.com\/eticaret\/urun\/magnezyum-klorur\/\" \/>\n<meta property=\"og:site_name\" content=\"Akerkimya\" \/>\n<meta property=\"article:modified_time\" content=\"2026-05-08T12:36:19+00:00\" \/>\n<meta property=\"og:image\" content=\"https:\/\/akerkimya.com\/eticaret\/wp-content\/uploads\/2024\/12\/MAGNEZYUM-KLORUR-GUNCEL-.png\" \/>\n\t<meta property=\"og:image:width\" content=\"1000\" \/>\n\t<meta property=\"og:image:height\" content=\"1000\" \/>\n\t<meta property=\"og:image:type\" content=\"image\/png\" \/>\n<meta name=\"twitter:card\" content=\"summary_large_image\" \/>\n<meta name=\"twitter:label1\" content=\"Tahmini okuma s\u00fcresi\" \/>\n\t<meta name=\"twitter:data1\" content=\"2 dakika\" \/>\n<script type=\"application\/ld+json\" class=\"yoast-schema-graph\">{\"@context\":\"https:\/\/schema.org\",\"@graph\":[{\"@type\":\"WebPage\",\"@id\":\"https:\/\/akerkimya.com\/eticaret\/urun\/magnezyum-klorur\/\",\"url\":\"https:\/\/akerkimya.com\/eticaret\/urun\/magnezyum-klorur\/\",\"name\":\"MAGNEZYUM KLOR\u00dcR - Akerkimya\",\"isPartOf\":{\"@id\":\"https:\/\/akerkimya.com\/eticaret\/#website\"},\"datePublished\":\"2024-12-27T13:55:55+00:00\",\"dateModified\":\"2026-05-08T12:36:19+00:00\",\"breadcrumb\":{\"@id\":\"https:\/\/akerkimya.com\/eticaret\/urun\/magnezyum-klorur\/#breadcrumb\"},\"inLanguage\":\"tr\",\"potentialAction\":[{\"@type\":\"ReadAction\",\"target\":[\"https:\/\/akerkimya.com\/eticaret\/urun\/magnezyum-klorur\/\"]}]},{\"@type\":\"BreadcrumbList\",\"@id\":\"https:\/\/akerkimya.com\/eticaret\/urun\/magnezyum-klorur\/#breadcrumb\",\"itemListElement\":[{\"@type\":\"ListItem\",\"position\":1,\"name\":\"Home\",\"item\":\"https:\/\/akerkimya.com\/eticaret\/\"},{\"@type\":\"ListItem\",\"position\":2,\"name\":\"Market\",\"item\":\"https:\/\/akerkimya.com\/eticaret\/market\/\"},{\"@type\":\"ListItem\",\"position\":3,\"name\":\"MAGNEZYUM KLOR\u00dcR\"}]},{\"@type\":\"WebSite\",\"@id\":\"https:\/\/akerkimya.com\/eticaret\/#website\",\"url\":\"https:\/\/akerkimya.com\/eticaret\/\",\"name\":\"Akerkimya\",\"description\":\"\",\"potentialAction\":[{\"@type\":\"SearchAction\",\"target\":{\"@type\":\"EntryPoint\",\"urlTemplate\":\"https:\/\/akerkimya.com\/eticaret\/?s={search_term_string}\"},\"query-input\":\"required name=search_term_string\"}],\"inLanguage\":\"tr\"}]}<\/script>\n<!-- \/ Yoast SEO Premium plugin. -->","yoast_head_json":{"title":"MAGNEZYUM KLOR\u00dcR - Akerkimya","robots":{"index":"index","follow":"follow","max-snippet":"max-snippet:-1","max-image-preview":"max-image-preview:large","max-video-preview":"max-video-preview:-1"},"canonical":"https:\/\/akerkimya.com\/eticaret\/urun\/magnezyum-klorur\/","og_locale":"tr_TR","og_type":"article","og_title":"MAGNEZYUM KLOR\u00dcR","og_description":"MAGNEZYUM KLOR\u00dcR Magnezyum klor\u00fcr, MgC12 form\u00fcl\u00fcne sahip inorganik ve d\u00fczensiz bir bile\u015fiktir. Tuzlu sularda do\u011fal olarak bulunur. Deniz suyunun buharla\u015fmas\u0131","og_url":"https:\/\/akerkimya.com\/eticaret\/urun\/magnezyum-klorur\/","og_site_name":"Akerkimya","article_modified_time":"2026-05-08T12:36:19+00:00","og_image":[{"width":1000,"height":1000,"url":"https:\/\/akerkimya.com\/eticaret\/wp-content\/uploads\/2024\/12\/MAGNEZYUM-KLORUR-GUNCEL-.png","type":"image\/png"}],"twitter_card":"summary_large_image","twitter_misc":{"Tahmini okuma s\u00fcresi":"2 dakika"},"schema":{"@context":"https:\/\/schema.org","@graph":[{"@type":"WebPage","@id":"https:\/\/akerkimya.com\/eticaret\/urun\/magnezyum-klorur\/","url":"https:\/\/akerkimya.com\/eticaret\/urun\/magnezyum-klorur\/","name":"MAGNEZYUM KLOR\u00dcR - Akerkimya","isPartOf":{"@id":"https:\/\/akerkimya.com\/eticaret\/#website"},"datePublished":"2024-12-27T13:55:55+00:00","dateModified":"2026-05-08T12:36:19+00:00","breadcrumb":{"@id":"https:\/\/akerkimya.com\/eticaret\/urun\/magnezyum-klorur\/#breadcrumb"},"inLanguage":"tr","potentialAction":[{"@type":"ReadAction","target":["https:\/\/akerkimya.com\/eticaret\/urun\/magnezyum-klorur\/"]}]},{"@type":"BreadcrumbList","@id":"https:\/\/akerkimya.com\/eticaret\/urun\/magnezyum-klorur\/#breadcrumb","itemListElement":[{"@type":"ListItem","position":1,"name":"Home","item":"https:\/\/akerkimya.com\/eticaret\/"},{"@type":"ListItem","position":2,"name":"Market","item":"https:\/\/akerkimya.com\/eticaret\/market\/"},{"@type":"ListItem","position":3,"name":"MAGNEZYUM KLOR\u00dcR"}]},{"@type":"WebSite","@id":"https:\/\/akerkimya.com\/eticaret\/#website","url":"https:\/\/akerkimya.com\/eticaret\/","name":"Akerkimya","description":"","potentialAction":[{"@type":"SearchAction","target":{"@type":"EntryPoint","urlTemplate":"https:\/\/akerkimya.com\/eticaret\/?s={search_term_string}"},"query-input":"required name=search_term_string"}],"inLanguage":"tr"}]}},"_links":{"self":[{"href":"https:\/\/akerkimya.com\/eticaret\/wp-json\/wp\/v2\/product\/15863","targetHints":{"allow":["GET"]}}],"collection":[{"href":"https:\/\/akerkimya.com\/eticaret\/wp-json\/wp\/v2\/product"}],"about":[{"href":"https:\/\/akerkimya.com\/eticaret\/wp-json\/wp\/v2\/types\/product"}],"replies":[{"embeddable":true,"href":"https:\/\/akerkimya.com\/eticaret\/wp-json\/wp\/v2\/comments?post=15863"}],"version-history":[{"count":4,"href":"https:\/\/akerkimya.com\/eticaret\/wp-json\/wp\/v2\/product\/15863\/revisions"}],"predecessor-version":[{"id":21150,"href":"https:\/\/akerkimya.com\/eticaret\/wp-json\/wp\/v2\/product\/15863\/revisions\/21150"}],"wp:featuredmedia":[{"embeddable":true,"href":"https:\/\/akerkimya.com\/eticaret\/wp-json\/wp\/v2\/media\/15864"}],"wp:attachment":[{"href":"https:\/\/akerkimya.com\/eticaret\/wp-json\/wp\/v2\/media?parent=15863"}],"wp:term":[{"taxonomy":"product_cat","embeddable":true,"href":"https:\/\/akerkimya.com\/eticaret\/wp-json\/wp\/v2\/product_cat?post=15863"},{"taxonomy":"product_tag","embeddable":true,"href":"https:\/\/akerkimya.com\/eticaret\/wp-json\/wp\/v2\/product_tag?post=15863"}],"curies":[{"name":"wp","href":"https:\/\/api.w.org\/{rel}","templated":true}]}}