{"id":15876,"date":"2024-12-27T17:10:23","date_gmt":"2024-12-27T14:10:23","guid":{"rendered":"https:\/\/akerkimya.com\/eticaret\/?post_type=product&#038;p=15876"},"modified":"2026-03-30T02:23:35","modified_gmt":"2026-03-29T23:23:35","slug":"pvp-k-90","status":"publish","type":"product","link":"https:\/\/akerkimya.com\/eticaret\/urun\/pvp-k-90\/","title":{"rendered":"PVP K-90"},"content":{"rendered":"<h1>PVP K-90<\/h1>\n<p><strong>PVP K-90, C6H9NO form\u00fcl\u00fcne sahip amorf bir polimerdir. \u00dcr\u00fcn, bir bazik veya N,N\u2019-viniltriazol mevcudiyetinden vinil-2 prolidon polimerize edildikten sonra safla\u015ft\u0131rma i\u015flemi ile elde edilir. Sert, \u015feffaf parlak film olu\u015fturur. <\/strong><\/p>\n<p><strong>\u00a0<\/strong><\/p>\n<p><strong>PVP K-90 \u00d6ZELL\u0130KLER\u0130<\/strong><\/p>\n<p><strong>Hafif kokulu beyaz toz formdad\u0131r.<\/strong><\/p>\n<p><strong>Higroskopik bir kimyasald\u0131r.<\/strong><\/p>\n<p><strong>Su, etan organik maddelerde \u00e7\u00f6z\u00fcn\u00fcr aseton ve eterde \u00e7\u00f6z\u00fcnmez.<\/strong><\/p>\n<p><strong>G\u00fc\u00e7l\u00fc oksitleyici ajanlarla uyumsuzdur. <\/strong><\/p>\n<p><strong>Kararl\u0131 bir kimyasald\u0131r.<\/strong><\/p>\n<p><strong>\u00a0<\/strong><\/p>\n<p><strong>TEKN\u0130K \u00d6ZELL\u0130KLER\u0130<\/strong><\/p>\n<p><strong>CAS NUMARASI:9003-39-8<\/strong><\/p>\n<p><strong>MOLEK\u00dcLER FORM\u00dcL: C6H9NO<\/strong><\/p>\n<p><strong>K\u0130MYASAL \u0130SM\u0130: PVP K-90, Polivinil pirolidon, Povidon ,<\/strong><\/p>\n<p><strong>MOLAR K\u00dcTLE: 111.143<\/strong><\/p>\n<p><strong>YO\u011eUNLUK: 1,69 g\/cm\u00b3<\/strong><\/p>\n<p><strong>ER\u0130ME NOKTASI: 130 \u00b0C<\/strong><\/p>\n<p><strong>KAYNAMA NOKTASI: 90-93 \u00b0C<\/strong><\/p>\n<p><strong>\u00c7\u00d6Z\u00dcN\u00dcRL\u00dcK (SU \u0130\u00c7\u0130NDE): &gt;=10 g\/100 mL 20\u00b0C<\/strong><\/p>\n<p><strong>Ph DE\u011eER\u0130: 3.0-5.0<\/strong><\/p>\n<p><strong>KULLANIM M\u0130KTARI: 1-40%, sa\u00e7 j\u00f6lede 4-7%<\/strong><\/p>\n<p><strong>\u00a0<\/strong><\/p>\n<p><strong>KULLANIM ALANLARI<\/strong><\/p>\n<p><strong>Gaz kromatografisi i\u00e7in sabit s\u0131v\u0131 olarak kullan\u0131l\u0131r.<\/strong><\/p>\n<p><strong>Kolloidalizat\u00f6r ve ar\u0131t\u0131c\u0131 olarak kullan\u0131l\u0131r.<\/strong><\/p>\n<p><strong>PVP K-90, sa\u00e7 \u015fekillendirme \u00fcr\u00fcnlerinde film olu\u015fturucu olarak kullan\u0131l\u0131r.<\/strong><\/p>\n<p><strong>Krem ve losyonlarda em\u00fclsiyon stabilizat\u00f6r\u00fc olarak kullan\u0131l\u0131r.<\/strong><\/p>\n<p><strong>Sa\u00e7 boyalar\u0131 \u00fcretiminde dispersan olarak kullan\u0131l\u0131r.<\/strong><\/p>\n<p><strong>Di\u015f macunlar\u0131 ve gargara \u00fcretiminde kullan\u0131l\u0131r.<\/strong><\/p>\n<p><strong>Elyaf sekt\u00f6r\u00fcnde, i\u015fleme maddesi olarak kullan\u0131l\u0131r.<\/strong><\/p>\n<p><strong>Tablet, gran\u00fcl ve enfeksiyonun da\u011f\u0131t\u0131c\u0131s\u0131 olarak kullan\u0131l\u0131r.<\/strong><\/p>\n<p><strong>Seramik sekt\u00f6r\u00fcnde ba\u011flay\u0131c\u0131, seramik ortam bulama\u00e7lar\u0131 i\u00e7in dispersan ve viskozite de\u011fi\u015ftirici olarak kullan\u0131l\u0131r.<\/strong><\/p>\n<p><strong>T\u0131pta sekt\u00f6r\u00fcnde yap\u0131\u015ft\u0131rma \u00f6zelli\u011fi nedeniyle kullan\u0131l\u0131r.<\/strong><\/p>\n<p><strong>\u0130la\u00e7 yap\u0131m\u0131nda kullan\u0131lan yard\u0131mc\u0131 hammaddedir. S\u0131v\u0131 preparatlar\u0131n ve renklendirici maddenin da\u011f\u0131t\u0131c\u0131 maddesi olarak kullan\u0131l\u0131r.<\/strong><\/p>\n<p><strong>K\u00e2\u011f\u0131t sanayisinde i\u015fleme yard\u0131mc\u0131s\u0131 olarak kullan\u0131l\u0131r.<\/strong><\/p>\n<p><strong>Enzim ve \u0131s\u0131ya duyarl\u0131 ilac\u0131n stabilizat\u00f6r\u00fc olarak, az \u00e7\u00f6z\u00fcnen ila\u00e7lar\u0131n birlikte \u00e7\u00f6keltici ajan\u0131 olarak ve oftalmik ila\u00e7lar\u0131n ve ya\u011flay\u0131c\u0131lar\u0131n detoksikeri olarak kullan\u0131l\u0131r.<\/strong><\/p>\n<p><strong>Yap\u0131\u015ft\u0131r\u0131c\u0131lar ve kal\u0131nla\u015ft\u0131r\u0131c\u0131 maddeler i\u00e7in jelle\u015ftirici maddeler olarak geni\u015fletilmi\u015f polistiren katk\u0131 maddesi olarak end\u00fcstriyel olarak kullan\u0131l\u0131r.<\/strong><\/p>\n<p><strong>\u00a0<\/strong><\/p>\n<p><strong>AMBALAJ<\/strong><\/p>\n<p><strong>1-2-5-25 kg torbalar halinde <\/strong><\/p>\n<p><strong>\u00a0<\/strong><\/p>\n<p><strong>DEPOLAMA<\/strong><\/p>\n<p><strong>Serin ve kuru bir alanda muhafaza ediniz.<\/strong><\/p>\n","protected":false},"excerpt":{"rendered":"<p>PVP K-90 PVP K-90, C6H9NO form\u00fcl\u00fcne sahip amorf bir polimerdir. \u00dcr\u00fcn, bir bazik veya N,N\u2019-viniltriazol mevcudiyetinden vinil-2 prolidon polimerize edildikten<\/p>\n","protected":false},"featured_media":15877,"comment_status":"open","ping_status":"closed","template":"","meta":{"_joinchat":[]},"product_cat":[72,74,80],"product_tag":[],"class_list":{"0":"post-15876","1":"product","2":"type-product","3":"status-publish","4":"has-post-thumbnail","6":"product_cat-cam-ve-seramik-kimyasallari","7":"product_cat-deterjan-ve-kozmetik-kimyasallari","8":"product_cat-veteriner-ve-ilac-kimyasallari","10":"first","11":"instock","12":"shipping-taxable","13":"purchasable","14":"product-type-variable"},"yoast_head":"<!-- This site is optimized with the Yoast SEO Premium plugin v20.2.1 (Yoast SEO v20.2.1) - https:\/\/yoast.com\/wordpress\/plugins\/seo\/ -->\n<title>PVP K-90 - Akerkimya<\/title>\n<meta name=\"robots\" content=\"index, follow, max-snippet:-1, max-image-preview:large, max-video-preview:-1\" \/>\n<link rel=\"canonical\" href=\"https:\/\/akerkimya.com\/eticaret\/urun\/pvp-k-90\/\" \/>\n<meta property=\"og:locale\" content=\"tr_TR\" \/>\n<meta property=\"og:type\" content=\"article\" \/>\n<meta property=\"og:title\" content=\"PVP K-90\" \/>\n<meta property=\"og:description\" content=\"PVP K-90 PVP K-90, C6H9NO form\u00fcl\u00fcne sahip amorf bir polimerdir. \u00dcr\u00fcn, bir bazik veya N,N\u2019-viniltriazol mevcudiyetinden vinil-2 prolidon polimerize edildikten\" \/>\n<meta property=\"og:url\" content=\"https:\/\/akerkimya.com\/eticaret\/urun\/pvp-k-90\/\" \/>\n<meta property=\"og:site_name\" content=\"Akerkimya\" \/>\n<meta property=\"article:modified_time\" content=\"2026-03-29T23:23:35+00:00\" \/>\n<meta property=\"og:image\" content=\"https:\/\/akerkimya.com\/eticaret\/wp-content\/uploads\/2024\/12\/PVP-K-90-GUNCEL-.png\" \/>\n\t<meta property=\"og:image:width\" content=\"1000\" \/>\n\t<meta property=\"og:image:height\" content=\"1000\" \/>\n\t<meta property=\"og:image:type\" content=\"image\/png\" \/>\n<meta name=\"twitter:card\" content=\"summary_large_image\" \/>\n<meta name=\"twitter:label1\" content=\"Tahmini okuma s\u00fcresi\" \/>\n\t<meta name=\"twitter:data1\" content=\"2 dakika\" \/>\n<script type=\"application\/ld+json\" class=\"yoast-schema-graph\">{\"@context\":\"https:\/\/schema.org\",\"@graph\":[{\"@type\":\"WebPage\",\"@id\":\"https:\/\/akerkimya.com\/eticaret\/urun\/pvp-k-90\/\",\"url\":\"https:\/\/akerkimya.com\/eticaret\/urun\/pvp-k-90\/\",\"name\":\"PVP K-90 - Akerkimya\",\"isPartOf\":{\"@id\":\"https:\/\/akerkimya.com\/eticaret\/#website\"},\"datePublished\":\"2024-12-27T14:10:23+00:00\",\"dateModified\":\"2026-03-29T23:23:35+00:00\",\"breadcrumb\":{\"@id\":\"https:\/\/akerkimya.com\/eticaret\/urun\/pvp-k-90\/#breadcrumb\"},\"inLanguage\":\"tr\",\"potentialAction\":[{\"@type\":\"ReadAction\",\"target\":[\"https:\/\/akerkimya.com\/eticaret\/urun\/pvp-k-90\/\"]}]},{\"@type\":\"BreadcrumbList\",\"@id\":\"https:\/\/akerkimya.com\/eticaret\/urun\/pvp-k-90\/#breadcrumb\",\"itemListElement\":[{\"@type\":\"ListItem\",\"position\":1,\"name\":\"Home\",\"item\":\"https:\/\/akerkimya.com\/eticaret\/\"},{\"@type\":\"ListItem\",\"position\":2,\"name\":\"Market\",\"item\":\"https:\/\/akerkimya.com\/eticaret\/market\/\"},{\"@type\":\"ListItem\",\"position\":3,\"name\":\"PVP K-90\"}]},{\"@type\":\"WebSite\",\"@id\":\"https:\/\/akerkimya.com\/eticaret\/#website\",\"url\":\"https:\/\/akerkimya.com\/eticaret\/\",\"name\":\"Akerkimya\",\"description\":\"\",\"potentialAction\":[{\"@type\":\"SearchAction\",\"target\":{\"@type\":\"EntryPoint\",\"urlTemplate\":\"https:\/\/akerkimya.com\/eticaret\/?s={search_term_string}\"},\"query-input\":\"required name=search_term_string\"}],\"inLanguage\":\"tr\"}]}<\/script>\n<!-- \/ Yoast SEO Premium plugin. -->","yoast_head_json":{"title":"PVP K-90 - Akerkimya","robots":{"index":"index","follow":"follow","max-snippet":"max-snippet:-1","max-image-preview":"max-image-preview:large","max-video-preview":"max-video-preview:-1"},"canonical":"https:\/\/akerkimya.com\/eticaret\/urun\/pvp-k-90\/","og_locale":"tr_TR","og_type":"article","og_title":"PVP K-90","og_description":"PVP K-90 PVP K-90, C6H9NO form\u00fcl\u00fcne sahip amorf bir polimerdir. \u00dcr\u00fcn, bir bazik veya N,N\u2019-viniltriazol mevcudiyetinden vinil-2 prolidon polimerize edildikten","og_url":"https:\/\/akerkimya.com\/eticaret\/urun\/pvp-k-90\/","og_site_name":"Akerkimya","article_modified_time":"2026-03-29T23:23:35+00:00","og_image":[{"width":1000,"height":1000,"url":"https:\/\/akerkimya.com\/eticaret\/wp-content\/uploads\/2024\/12\/PVP-K-90-GUNCEL-.png","type":"image\/png"}],"twitter_card":"summary_large_image","twitter_misc":{"Tahmini okuma s\u00fcresi":"2 dakika"},"schema":{"@context":"https:\/\/schema.org","@graph":[{"@type":"WebPage","@id":"https:\/\/akerkimya.com\/eticaret\/urun\/pvp-k-90\/","url":"https:\/\/akerkimya.com\/eticaret\/urun\/pvp-k-90\/","name":"PVP K-90 - Akerkimya","isPartOf":{"@id":"https:\/\/akerkimya.com\/eticaret\/#website"},"datePublished":"2024-12-27T14:10:23+00:00","dateModified":"2026-03-29T23:23:35+00:00","breadcrumb":{"@id":"https:\/\/akerkimya.com\/eticaret\/urun\/pvp-k-90\/#breadcrumb"},"inLanguage":"tr","potentialAction":[{"@type":"ReadAction","target":["https:\/\/akerkimya.com\/eticaret\/urun\/pvp-k-90\/"]}]},{"@type":"BreadcrumbList","@id":"https:\/\/akerkimya.com\/eticaret\/urun\/pvp-k-90\/#breadcrumb","itemListElement":[{"@type":"ListItem","position":1,"name":"Home","item":"https:\/\/akerkimya.com\/eticaret\/"},{"@type":"ListItem","position":2,"name":"Market","item":"https:\/\/akerkimya.com\/eticaret\/market\/"},{"@type":"ListItem","position":3,"name":"PVP K-90"}]},{"@type":"WebSite","@id":"https:\/\/akerkimya.com\/eticaret\/#website","url":"https:\/\/akerkimya.com\/eticaret\/","name":"Akerkimya","description":"","potentialAction":[{"@type":"SearchAction","target":{"@type":"EntryPoint","urlTemplate":"https:\/\/akerkimya.com\/eticaret\/?s={search_term_string}"},"query-input":"required name=search_term_string"}],"inLanguage":"tr"}]}},"_links":{"self":[{"href":"https:\/\/akerkimya.com\/eticaret\/wp-json\/wp\/v2\/product\/15876","targetHints":{"allow":["GET"]}}],"collection":[{"href":"https:\/\/akerkimya.com\/eticaret\/wp-json\/wp\/v2\/product"}],"about":[{"href":"https:\/\/akerkimya.com\/eticaret\/wp-json\/wp\/v2\/types\/product"}],"replies":[{"embeddable":true,"href":"https:\/\/akerkimya.com\/eticaret\/wp-json\/wp\/v2\/comments?post=15876"}],"version-history":[{"count":2,"href":"https:\/\/akerkimya.com\/eticaret\/wp-json\/wp\/v2\/product\/15876\/revisions"}],"predecessor-version":[{"id":16765,"href":"https:\/\/akerkimya.com\/eticaret\/wp-json\/wp\/v2\/product\/15876\/revisions\/16765"}],"wp:featuredmedia":[{"embeddable":true,"href":"https:\/\/akerkimya.com\/eticaret\/wp-json\/wp\/v2\/media\/15877"}],"wp:attachment":[{"href":"https:\/\/akerkimya.com\/eticaret\/wp-json\/wp\/v2\/media?parent=15876"}],"wp:term":[{"taxonomy":"product_cat","embeddable":true,"href":"https:\/\/akerkimya.com\/eticaret\/wp-json\/wp\/v2\/product_cat?post=15876"},{"taxonomy":"product_tag","embeddable":true,"href":"https:\/\/akerkimya.com\/eticaret\/wp-json\/wp\/v2\/product_tag?post=15876"}],"curies":[{"name":"wp","href":"https:\/\/api.w.org\/{rel}","templated":true}]}}