{"id":15897,"date":"2024-12-27T19:16:19","date_gmt":"2024-12-27T16:16:19","guid":{"rendered":"https:\/\/akerkimya.com\/eticaret\/?post_type=product&#038;p=15897"},"modified":"2026-03-30T02:23:37","modified_gmt":"2026-03-29T23:23:37","slug":"cam-tozu","status":"publish","type":"product","link":"https:\/\/akerkimya.com\/eticaret\/urun\/cam-tozu\/","title":{"rendered":"CAM TOZU"},"content":{"rendered":"<h1>CAM TOZU<\/h1>\n<p><strong>CAM TOZU, 100% geri d\u00f6n\u00fc\u015f\u00fcm cam\u0131n elenip de\u011firmenlerde mikronize hale getirilmesiyle \u00fcretilir. Cam tozunun \u00fcr\u00fcn\u00fcn mekanik \u00f6zelliklerini iyile\u015ftirmesinin yan\u0131nda hammaddeye k\u0131yasla \u00e7ok daha ekonomik oldu\u011fundan hem g\u00fc\u00e7lendirici hem de bir katk\u0131 maddesidir. Y\u00fcksek sertlikte ve d\u00fc\u015f\u00fck nem emici \u00f6zelli\u011fi ta\u015f\u0131maktad\u0131r.<\/strong><\/p>\n<p><strong>CAM TOZU \u00d6ZELL\u0130KLER\u0130<\/strong><\/p>\n<p><strong>Cam tozu katk\u0131l\u0131 \u00fcr\u00fcnler, katk\u0131s\u0131z \u00fcr\u00fcnlere g\u00f6re daha d\u00fc\u015f\u00fck darbe dayan\u0131m\u0131na sahip olduklar\u0131 i\u00e7in kat\u0131lan miktar gere\u011finden fazla olmal\u0131d\u0131r. \u00dcr\u00fcne sertlik kazand\u0131rmak i\u00e7in 7%-%10 Aral\u0131\u011f\u0131nda, \u0131s\u0131 yal\u0131t\u0131m \u00fcr\u00fcnlerin %80 \u00fczerinde, a\u015f\u0131nma direncini artt\u0131rmak i\u00e7in %30-%45 oran\u0131nda kullan\u0131labilmektedir. Genel olarak a\u011f\u0131rl\u0131k\u00e7a %5-%45 oran\u0131nda dolgu maddesi olarak kullan\u0131l\u0131r.<\/strong><\/p>\n<p><strong>\u00a0<\/strong><\/p>\n<p><strong>TEKN\u0130K \u00d6ZELL\u0130KLER\u0130<\/strong><\/p>\n<p><strong>\u00d6ZG\u00dcL A\u011eIRLI\u011eI: 2,6<\/strong><\/p>\n<p><strong>ERG\u0130ME DERECES\u0130: 730 \u00b0C<\/strong><\/p>\n<p><strong>SAFLIK (%): 99.8<\/strong><\/p>\n<p><strong>BEYZLIK: 95-97<\/strong><\/p>\n<p><strong>BR\u0130NEL SERTL\u0130K: 7<\/strong><\/p>\n<p><strong>PH DE\u011eER\u0130: 5.6 \u2013 7.5<\/strong><\/p>\n<p><strong>TERMAL GENLE\u015eME: 0.000005<\/strong><\/p>\n<p><strong>ORAN: 0.2168 (0-300 \u00b0C)<\/strong><\/p>\n<p><strong>\u00a0<\/strong><\/p>\n<p><strong>KULLANIM ALANLARI<\/strong><\/p>\n<p><strong>Cam tozunun ultra y\u00fcksek performansl\u0131 beton(UHPC) ve Polimer betondaki faydalar\u0131 s\u0131ralanm\u0131\u015f ve cam tozunun betonun bas\u0131n\u00e7, \u00e7ekme, b\u00fck\u00fclme dayan\u0131mlar\u0131n\u0131 azaltt\u0131\u011f\u0131 bunun yan\u0131nda alkali silika reaksiyonuna kar\u015f\u0131 olumlu etkileri oldu\u011fu g\u00f6sterilmi\u015ftir.<\/strong><\/p>\n<p><strong>Plastik alan\u0131nda kal\u0131nl\u0131\u011f\u0131 3 mm ve \u00fcst\u00fcndeki \u00fcr\u00fcnlerde kullan\u0131labilmektedir. Cam tozunun di\u011fer katk\u0131 malzemelerinden ay\u0131ran \u00f6zelliklerinden biri ise fiyat\u0131 hammaddeden daha ekonomik oldu\u011fundan maliyeti azalt\u0131rken kalsit gibi kaliteyi d\u00fc\u015f\u00fcrmemesi ve malzemenin mekanik \u00f6zelliklerini artt\u0131rmas\u0131d\u0131r.<\/strong><\/p>\n<p><strong>Epoksinin \u00e7ekme, soyulma ve esneme dayan\u0131m\u0131n\u0131 gibi mekanik \u00f6zelliklerini artt\u0131r\u0131r. Yap\u0131\u015fkanl\u0131\u011f\u0131n\u0131 ve termostabilitesini olumlu y\u00f6nde etkiler.<\/strong><\/p>\n<p><strong>ABS re\u00e7ineler, akrilik re\u00e7ineler, klorlanm\u0131\u015f polieter, florokarbon re\u00e7ineler, poliamit kullan\u0131l\u0131r.<\/strong><\/p>\n<p><strong>Mermer yap\u0131\u015ft\u0131r\u0131c\u0131lar\u0131nda kullan\u0131l\u0131r.<\/strong><\/p>\n<p><strong>A\u015f\u0131nd\u0131rma ama\u00e7l\u0131 z\u0131mpara sanayisinde kullan\u0131l\u0131r.<\/strong><\/p>\n<p><strong>Kompozit \u00fcr\u00fcnlerin ve yal\u0131t\u0131m malzemelerinin kalitesini artt\u0131rma ve maliyetini d\u00fc\u015f\u00fcrme amac\u0131yla kullan\u0131l\u0131r.<\/strong><\/p>\n<p><strong>Cam tozundan isi ve ses yal\u0131t\u0131m\u0131 i\u00e7in k\u00f6p\u00fck cam \u00fcretiminde kullan\u0131l\u0131r.<\/strong><\/p>\n<p><strong>PA, PPR, PPRC, HDPE par\u00e7alar\u0131n \u00fcretiminde kullan\u0131lmaktad\u0131r.<\/strong><\/p>\n<p><strong>Abra\u015fiv sanayisinde, Masterbatcjh \u00fcretiminde kullan\u0131lmaktad\u0131r.<\/strong><\/p>\n<p><strong>\u00a0<\/strong><\/p>\n<p><strong>AMBALAJ<\/strong><\/p>\n<p><strong>1-5-25 kg Kraft torbalar halindedir.<\/strong><\/p>\n<p><strong>\u00a0<\/strong><\/p>\n<p><strong>DEPOLAMA<\/strong><\/p>\n<p><strong>Do\u011frudan g\u00fcne\u015f g\u00f6rmeyen ve nem bulunmayan ortamda depolanmal\u0131d\u0131r.<\/strong><\/p>\n<p><strong>Kullan\u0131ld\u0131ktan sonra torba a\u011fz\u0131 a\u00e7\u0131k b\u0131rak\u0131lmamal\u0131d\u0131r.<\/strong><\/p>\n<p><strong>\u00a0<\/strong><\/p>\n","protected":false},"excerpt":{"rendered":"<p>CAM TOZU CAM TOZU, 100% geri d\u00f6n\u00fc\u015f\u00fcm cam\u0131n elenip de\u011firmenlerde mikronize hale getirilmesiyle \u00fcretilir. Cam tozunun \u00fcr\u00fcn\u00fcn mekanik \u00f6zelliklerini iyile\u015ftirmesinin<\/p>\n","protected":false},"featured_media":15898,"comment_status":"open","ping_status":"closed","template":"","meta":{"_joinchat":[]},"product_cat":[70],"product_tag":[],"class_list":{"0":"post-15897","1":"product","2":"type-product","3":"status-publish","4":"has-post-thumbnail","6":"product_cat-boya-ve-yapi-kimyasallar","8":"first","9":"instock","10":"shipping-taxable","11":"purchasable","12":"product-type-variable"},"yoast_head":"<!-- This site is optimized with the Yoast SEO Premium plugin v20.2.1 (Yoast SEO v20.2.1) - https:\/\/yoast.com\/wordpress\/plugins\/seo\/ -->\n<title>CAM TOZU - Akerkimya<\/title>\n<meta name=\"robots\" content=\"index, follow, max-snippet:-1, max-image-preview:large, max-video-preview:-1\" \/>\n<link rel=\"canonical\" href=\"https:\/\/akerkimya.com\/eticaret\/urun\/cam-tozu\/\" \/>\n<meta property=\"og:locale\" content=\"tr_TR\" \/>\n<meta property=\"og:type\" content=\"article\" \/>\n<meta property=\"og:title\" content=\"CAM TOZU\" \/>\n<meta property=\"og:description\" content=\"CAM TOZU CAM TOZU, 100% geri d\u00f6n\u00fc\u015f\u00fcm cam\u0131n elenip de\u011firmenlerde mikronize hale getirilmesiyle \u00fcretilir. Cam tozunun \u00fcr\u00fcn\u00fcn mekanik \u00f6zelliklerini iyile\u015ftirmesinin\" \/>\n<meta property=\"og:url\" content=\"https:\/\/akerkimya.com\/eticaret\/urun\/cam-tozu\/\" \/>\n<meta property=\"og:site_name\" content=\"Akerkimya\" \/>\n<meta property=\"article:modified_time\" content=\"2026-03-29T23:23:37+00:00\" \/>\n<meta property=\"og:image\" content=\"https:\/\/akerkimya.com\/eticaret\/wp-content\/uploads\/2024\/12\/CAM-TOZU-GUNCEL-.png\" \/>\n\t<meta property=\"og:image:width\" content=\"1000\" \/>\n\t<meta property=\"og:image:height\" content=\"1000\" \/>\n\t<meta property=\"og:image:type\" content=\"image\/png\" \/>\n<meta name=\"twitter:card\" content=\"summary_large_image\" \/>\n<meta name=\"twitter:label1\" content=\"Tahmini okuma s\u00fcresi\" \/>\n\t<meta name=\"twitter:data1\" content=\"2 dakika\" \/>\n<script type=\"application\/ld+json\" class=\"yoast-schema-graph\">{\"@context\":\"https:\/\/schema.org\",\"@graph\":[{\"@type\":\"WebPage\",\"@id\":\"https:\/\/akerkimya.com\/eticaret\/urun\/cam-tozu\/\",\"url\":\"https:\/\/akerkimya.com\/eticaret\/urun\/cam-tozu\/\",\"name\":\"CAM TOZU - Akerkimya\",\"isPartOf\":{\"@id\":\"https:\/\/akerkimya.com\/eticaret\/#website\"},\"datePublished\":\"2024-12-27T16:16:19+00:00\",\"dateModified\":\"2026-03-29T23:23:37+00:00\",\"breadcrumb\":{\"@id\":\"https:\/\/akerkimya.com\/eticaret\/urun\/cam-tozu\/#breadcrumb\"},\"inLanguage\":\"tr\",\"potentialAction\":[{\"@type\":\"ReadAction\",\"target\":[\"https:\/\/akerkimya.com\/eticaret\/urun\/cam-tozu\/\"]}]},{\"@type\":\"BreadcrumbList\",\"@id\":\"https:\/\/akerkimya.com\/eticaret\/urun\/cam-tozu\/#breadcrumb\",\"itemListElement\":[{\"@type\":\"ListItem\",\"position\":1,\"name\":\"Home\",\"item\":\"https:\/\/akerkimya.com\/eticaret\/\"},{\"@type\":\"ListItem\",\"position\":2,\"name\":\"Market\",\"item\":\"https:\/\/akerkimya.com\/eticaret\/market\/\"},{\"@type\":\"ListItem\",\"position\":3,\"name\":\"CAM TOZU\"}]},{\"@type\":\"WebSite\",\"@id\":\"https:\/\/akerkimya.com\/eticaret\/#website\",\"url\":\"https:\/\/akerkimya.com\/eticaret\/\",\"name\":\"Akerkimya\",\"description\":\"\",\"potentialAction\":[{\"@type\":\"SearchAction\",\"target\":{\"@type\":\"EntryPoint\",\"urlTemplate\":\"https:\/\/akerkimya.com\/eticaret\/?s={search_term_string}\"},\"query-input\":\"required name=search_term_string\"}],\"inLanguage\":\"tr\"}]}<\/script>\n<!-- \/ Yoast SEO Premium plugin. -->","yoast_head_json":{"title":"CAM TOZU - Akerkimya","robots":{"index":"index","follow":"follow","max-snippet":"max-snippet:-1","max-image-preview":"max-image-preview:large","max-video-preview":"max-video-preview:-1"},"canonical":"https:\/\/akerkimya.com\/eticaret\/urun\/cam-tozu\/","og_locale":"tr_TR","og_type":"article","og_title":"CAM TOZU","og_description":"CAM TOZU CAM TOZU, 100% geri d\u00f6n\u00fc\u015f\u00fcm cam\u0131n elenip de\u011firmenlerde mikronize hale getirilmesiyle \u00fcretilir. Cam tozunun \u00fcr\u00fcn\u00fcn mekanik \u00f6zelliklerini iyile\u015ftirmesinin","og_url":"https:\/\/akerkimya.com\/eticaret\/urun\/cam-tozu\/","og_site_name":"Akerkimya","article_modified_time":"2026-03-29T23:23:37+00:00","og_image":[{"width":1000,"height":1000,"url":"https:\/\/akerkimya.com\/eticaret\/wp-content\/uploads\/2024\/12\/CAM-TOZU-GUNCEL-.png","type":"image\/png"}],"twitter_card":"summary_large_image","twitter_misc":{"Tahmini okuma s\u00fcresi":"2 dakika"},"schema":{"@context":"https:\/\/schema.org","@graph":[{"@type":"WebPage","@id":"https:\/\/akerkimya.com\/eticaret\/urun\/cam-tozu\/","url":"https:\/\/akerkimya.com\/eticaret\/urun\/cam-tozu\/","name":"CAM TOZU - Akerkimya","isPartOf":{"@id":"https:\/\/akerkimya.com\/eticaret\/#website"},"datePublished":"2024-12-27T16:16:19+00:00","dateModified":"2026-03-29T23:23:37+00:00","breadcrumb":{"@id":"https:\/\/akerkimya.com\/eticaret\/urun\/cam-tozu\/#breadcrumb"},"inLanguage":"tr","potentialAction":[{"@type":"ReadAction","target":["https:\/\/akerkimya.com\/eticaret\/urun\/cam-tozu\/"]}]},{"@type":"BreadcrumbList","@id":"https:\/\/akerkimya.com\/eticaret\/urun\/cam-tozu\/#breadcrumb","itemListElement":[{"@type":"ListItem","position":1,"name":"Home","item":"https:\/\/akerkimya.com\/eticaret\/"},{"@type":"ListItem","position":2,"name":"Market","item":"https:\/\/akerkimya.com\/eticaret\/market\/"},{"@type":"ListItem","position":3,"name":"CAM TOZU"}]},{"@type":"WebSite","@id":"https:\/\/akerkimya.com\/eticaret\/#website","url":"https:\/\/akerkimya.com\/eticaret\/","name":"Akerkimya","description":"","potentialAction":[{"@type":"SearchAction","target":{"@type":"EntryPoint","urlTemplate":"https:\/\/akerkimya.com\/eticaret\/?s={search_term_string}"},"query-input":"required name=search_term_string"}],"inLanguage":"tr"}]}},"_links":{"self":[{"href":"https:\/\/akerkimya.com\/eticaret\/wp-json\/wp\/v2\/product\/15897","targetHints":{"allow":["GET"]}}],"collection":[{"href":"https:\/\/akerkimya.com\/eticaret\/wp-json\/wp\/v2\/product"}],"about":[{"href":"https:\/\/akerkimya.com\/eticaret\/wp-json\/wp\/v2\/types\/product"}],"replies":[{"embeddable":true,"href":"https:\/\/akerkimya.com\/eticaret\/wp-json\/wp\/v2\/comments?post=15897"}],"version-history":[{"count":3,"href":"https:\/\/akerkimya.com\/eticaret\/wp-json\/wp\/v2\/product\/15897\/revisions"}],"predecessor-version":[{"id":19546,"href":"https:\/\/akerkimya.com\/eticaret\/wp-json\/wp\/v2\/product\/15897\/revisions\/19546"}],"wp:featuredmedia":[{"embeddable":true,"href":"https:\/\/akerkimya.com\/eticaret\/wp-json\/wp\/v2\/media\/15898"}],"wp:attachment":[{"href":"https:\/\/akerkimya.com\/eticaret\/wp-json\/wp\/v2\/media?parent=15897"}],"wp:term":[{"taxonomy":"product_cat","embeddable":true,"href":"https:\/\/akerkimya.com\/eticaret\/wp-json\/wp\/v2\/product_cat?post=15897"},{"taxonomy":"product_tag","embeddable":true,"href":"https:\/\/akerkimya.com\/eticaret\/wp-json\/wp\/v2\/product_tag?post=15897"}],"curies":[{"name":"wp","href":"https:\/\/api.w.org\/{rel}","templated":true}]}}