{"id":15908,"date":"2024-12-27T19:31:13","date_gmt":"2024-12-27T16:31:13","guid":{"rendered":"https:\/\/akerkimya.com\/eticaret\/?post_type=product&#038;p=15908"},"modified":"2026-03-30T02:23:37","modified_gmt":"2026-03-29T23:23:37","slug":"cinko-oksit","status":"publish","type":"product","link":"https:\/\/akerkimya.com\/eticaret\/urun\/cinko-oksit\/","title":{"rendered":"\u00c7\u0130NKO OKS\u0130T"},"content":{"rendered":"<h1>\u00c7\u0130NKO OKS\u0130T<\/h1>\n<p><strong>Form\u00fcl\u00fc ZnO olan suda \u00e7\u00f6z\u00fcnmeyen kokusuz beyaz toz yap\u0131da bulunan inorganik bir bile\u015fiktir. \u0130malat sanayinde boya imalat\u0131nda, s\u0131zd\u0131rmazl\u0131k \u00fcr\u00fcnlerinde, yap\u0131\u015ft\u0131r\u0131c\u0131larda, merhemlerde, pigment, kau\u00e7uk, plastik, seramik, cam, \u00e7imento, kayganla\u015ft\u0131r\u0131c\u0131lar d\u00e2hil olmak \u00fczere farkl\u0131 malzemelerde yayg\u0131n olarak kullan\u0131l\u0131r.<\/strong><\/p>\n<p><strong>\u00c7\u0130NKO OKS\u0130T TEKN\u0130K \u00d6ZELL\u0130KLER<\/strong><\/p>\n<p><strong>CAS NO: 1314-13-2<\/strong><\/p>\n<p><strong>E\u0130NECSNO: 215-222-5<\/strong><\/p>\n<p><strong>RENK: Beyaz kokusuz toz<\/strong><\/p>\n<p><strong>FORM\u00dcL: ZnO<\/strong><\/p>\n<p><strong>YO\u011eUNLUK: 5,1 g\/cm3<\/strong><\/p>\n<p><strong>MOLEK\u00dcL K\u00dcTLE: 81.406\/gmol<\/strong><\/p>\n<p><strong>ER\u0130ME NOKTASI: 1974 C<\/strong><\/p>\n<p><strong>KAYNAMA NOKTASI: 1974 C<\/strong><\/p>\n<p><strong>\u00c7\u00d6Z\u00dcNME: Asetik asit ve amonyakta \u00e7\u00f6z\u00fcn\u00fcr.<\/strong><\/p>\n<p><strong>\u00c7\u0130NKO OKS\u0130T KULLANIM ALANLARI<\/strong><\/p>\n<p><strong>Seramik ve cam imalat\u0131nda \u0131s\u0131l ve mekanik \u015foklara kar\u015f\u0131 malzemenin direncini ve parlakl\u0131\u011f\u0131n\u0131 art\u0131r\u0131r. Cam\u0131n optik \u00f6zelliklerini geli\u015ftirir.\u00a0\u00a0D\u00fc\u015f\u00fck genle\u015fme, ikincil ak\u0131, s\u0131cakl\u0131\u011f\u0131n bir fonksiyonu olarak viskozitedeki de\u011fi\u015fikli\u011fi azaltarak camlar\u0131n esnekli\u011fini artt\u0131r\u0131r ve delinmeyi ve titremeyi \u00f6nlemeye yard\u0131mc\u0131 olur. \u00c7inko oksit kullan\u0131larak \u0131s\u0131 kapasitesi azal\u0131r ve termal iletkenlik artar. K\u00fc\u00e7\u00fck miktarlarda \u00e7inko, parlak ve k\u0131r\u0131lgan y\u00fczeylerin geli\u015fimini art\u0131r\u0131r. Bununla birlikte, orta ila y\u00fcksek miktarlarda, mat ve kristal y\u00fczeyler \u00fcretilmesini sa\u011flar.<\/strong><\/p>\n<p><strong>\u00a0Seramik pigmentleri ve cam hamurunda kullan\u0131l\u0131r. Seramik sekt\u00f6r\u00fcnde \u00f6zellikle frit ve s\u0131r bile\u015fimlerinde\u00a0s\u0131rlar\u0131n, mine ve seramik form\u00fclasyonlar\u0131nda erime noktas\u0131n\u0131 ve optik \u00f6zelliklerini etkilemesinden dolay\u0131\u00a0\u00f6nemli miktarda \u00e7inko oksit kullan\u0131l\u0131r. Nispeten\u00a0d\u00fc\u015f\u00fck genle\u015fme katsay\u0131s\u0131, nispeten y\u00fcksek \u0131s\u0131 kapasitesi, termal iletkenli\u011fi ve y\u00fcksek s\u0131cakl\u0131k stabilizesi seramik \u00fcretiminde arzu edilen \u00f6zelliklerdir<\/strong><\/p>\n<p><strong>Tekstil sekt\u00f6r\u00fcnde dolgu malzemesi olarak kullan\u0131l\u0131r. Malzemeye beyazl\u0131k ve elastikiyet sa\u011flayarak dayan\u0131kl\u0131l\u0131\u011f\u0131 art\u0131r\u0131r. K\u00fcf ve bakterilere kar\u015f\u0131 koruma sa\u011flar.<\/strong><\/p>\n<p><strong>Bebeklerin bez ba\u011flama yerlerinde ciltte olu\u015fabilecek k\u0131zar\u0131kl\u0131\u011f\u0131 engellemek i\u00e7in az miktarda kullan\u0131l\u0131r.\u00a0\u00c7inko oksit\u00a0ince par\u00e7ac\u0131klar\u0131 koku giderici ve anti bakteriyel \u00f6zelliklere sahiptir ve bu nedenle pamuklu kuma\u015flarda kullan\u0131l\u0131r.<\/strong><\/p>\n<p><strong>Tar\u0131m sekt\u00f6r\u00fcnde ve g\u0131da sekt\u00f6r\u00fcnde kullan\u0131l\u0131r. Kahvalt\u0131 tah\u0131llar\u0131nda d\u00e2hil olmak \u00fczere pek \u00e7ok g\u0131da \u00fcr\u00fcn\u00fcnde gerekli bir besin olan \u00e7inko eksikli\u011fini gidermek i\u00e7in kullan\u0131l\u0131r.<\/strong><\/p>\n<p><strong>\u0130la\u00e7 ve kozmetik sanayinde Antiseptik ve kurutucu \u00f6zelli\u011fi ile h\u00fccre yenilenmesine yard\u0131mc\u0131 olur. Re\u00e7etesiz sat\u0131labilen baz\u0131 merhemlerin bile\u015fiminde bulunur ve ince bir tabaka halinde uyguland\u0131\u011f\u0131nda cildin su kaybetmesini \u00f6nler. Yaz\u0131n g\u00fcne\u015f, k\u0131\u015f\u0131n da so\u011fuk yan\u0131klar\u0131na kar\u015f\u0131 koruyucudur. Mineral makyaj\u0131n ana bile\u015fenidir. \u0130lk yard\u0131m bantlar\u0131nda kullan\u0131l\u0131r.<\/strong><\/p>\n<p><strong>G\u00fcne\u015f kremlerinin ve pek \u00e7ok merhemin Prosesinde kullan\u0131l\u0131r. G\u00fcne\u015f g\u00f6zl\u00fckleri ve kaynak g\u00f6zl\u00fcklerinin imalat\u0131nda kullan\u0131l\u0131r.<\/strong><\/p>\n<p><strong>Metal kaplama sanayinde, \u00e7e\u015fitli metal y\u00fczeylerin kaplamas\u0131nda ve korozyona kar\u015f\u0131 korunmas\u0131nda ayr\u0131ca elektriksel direnci artt\u0131rd\u0131\u011f\u0131 i\u00e7in elektrikli ev aletlerinin y\u00fczey kaplamas\u0131nda kullan\u0131l\u0131r.\u00a0Elektromekanik kenetleme gerektiren bir\u00e7ok uygulama i\u00e7in \u00e7inko oksit kullan\u0131l\u0131r.<\/strong><\/p>\n<p><strong>Kibrit, ak\u00fc, pil, kimyasal duman yap\u0131m\u0131nda ve yang\u0131n geciktiricilerde kullan\u0131lmaktad\u0131r.<\/strong><\/p>\n<p><strong>Boya sanayinde, suluboyalarda ve ya\u011fl\u0131 boyalarda beyaz pigment olarak kullan\u0131l\u0131r. Beyaz renkli bir pigment olmas\u0131n\u0131n yan\u0131 s\u0131ra kimyasal olarak reaktif bir maddedir, k\u0131vam verici bir \u00f6zelli\u011fi vard\u0131r. Boyay\u0131 ultra viyola \u0131\u015f\u0131ktan koruyarak solmas\u0131n\u0131 geciktirir, boya tabakas\u0131na sertlik kazand\u0131r\u0131r k\u00fcflenmeyi \u00f6nleyici etkisi vard\u0131r. Metaller\u00a0i\u00e7in a\u015f\u0131nma \u00f6nleyici kaplama boyalar\u0131nda kullan\u0131l\u0131r. \u00d6zellikle galvanizli demirlerde\u00a0 etkilidir.<\/strong><\/p>\n<p><strong>Lastik sanayinde aktivat\u00f6r (bir reaksiyonun olu\u015fumunu kolayla\u015ft\u0131ran uyar\u0131c\u0131 madde)olarak kullan\u0131l\u0131r. Lastiklerin vulkanizasyonunda(bi\u00e7im almas\u0131 ve geni\u015f bir s\u0131cakl\u0131k aral\u0131\u011f\u0131nda dayan\u0131kl\u0131l\u0131k g\u00f6stermesi i\u00e7in ham kau\u00e7u\u011fun k\u00fck\u00fcrtle birle\u015ftirilmesi i\u015flemi)\u00a0h\u0131zland\u0131r\u0131c\u0131 olarak kullan\u0131l\u0131r. Lasti\u011fin esnekli\u011fini artt\u0131rarak a\u015f\u0131nmaya ve y\u0131rt\u0131lmaya kar\u015f\u0131 direncini sa\u011flar. Kau\u00e7uk malzemeyi mantar ve UV \u0131\u015f\u0131nlar\u0131ndan korur.<\/strong><\/p>\n<p><strong>AMBALAJ <\/strong><\/p>\n<p><strong>1-5-25 kg torbalar halindedir.<\/strong><\/p>\n<p><strong>\u00a0<\/strong><\/p>\n<p><strong>DEPOLAMA<\/strong><\/p>\n<p><strong>G\u00fcne\u015f \u0131\u015f\u0131\u011f\u0131na temas etmeyen kuru ve serin yerlerde muhafaza ediniz.<\/strong><\/p>\n<p><strong>\u00a0<\/strong><\/p>\n","protected":false},"excerpt":{"rendered":"<p>\u00c7\u0130NKO OKS\u0130T Form\u00fcl\u00fc ZnO olan suda \u00e7\u00f6z\u00fcnmeyen kokusuz beyaz toz yap\u0131da bulunan inorganik bir bile\u015fiktir. \u0130malat sanayinde boya imalat\u0131nda, s\u0131zd\u0131rmazl\u0131k<\/p>\n","protected":false},"featured_media":15909,"comment_status":"open","ping_status":"closed","template":"","meta":{"_joinchat":[]},"product_cat":[70,72,73,74,78,79,81],"product_tag":[],"class_list":{"0":"post-15908","1":"product","2":"type-product","3":"status-publish","4":"has-post-thumbnail","6":"product_cat-boya-ve-yapi-kimyasallar","7":"product_cat-cam-ve-seramik-kimyasallari","8":"product_cat-deri-ve-tekstil-kimyasallari","9":"product_cat-deterjan-ve-kozmetik-kimyasallari","10":"product_cat-metal-dokum-kaplama","11":"product_cat-tarim-kimyasallari","12":"product_cat-yem-katki-kimyasallari","14":"first","15":"instock","16":"shipping-taxable","17":"purchasable","18":"product-type-variable"},"yoast_head":"<!-- This site is optimized with the Yoast SEO Premium plugin v20.2.1 (Yoast SEO v20.2.1) - https:\/\/yoast.com\/wordpress\/plugins\/seo\/ -->\n<title>\u00c7\u0130NKO OKS\u0130T - Akerkimya<\/title>\n<meta name=\"robots\" content=\"index, follow, max-snippet:-1, max-image-preview:large, max-video-preview:-1\" \/>\n<link rel=\"canonical\" href=\"https:\/\/akerkimya.com\/eticaret\/urun\/cinko-oksit\/\" \/>\n<meta property=\"og:locale\" content=\"tr_TR\" \/>\n<meta property=\"og:type\" content=\"article\" \/>\n<meta property=\"og:title\" content=\"\u00c7\u0130NKO OKS\u0130T\" \/>\n<meta property=\"og:description\" content=\"\u00c7\u0130NKO OKS\u0130T Form\u00fcl\u00fc ZnO olan suda \u00e7\u00f6z\u00fcnmeyen kokusuz beyaz toz yap\u0131da bulunan inorganik bir bile\u015fiktir. \u0130malat sanayinde boya imalat\u0131nda, s\u0131zd\u0131rmazl\u0131k\" \/>\n<meta property=\"og:url\" content=\"https:\/\/akerkimya.com\/eticaret\/urun\/cinko-oksit\/\" \/>\n<meta property=\"og:site_name\" content=\"Akerkimya\" \/>\n<meta property=\"article:modified_time\" content=\"2026-03-29T23:23:37+00:00\" \/>\n<meta property=\"og:image\" content=\"https:\/\/akerkimya.com\/eticaret\/wp-content\/uploads\/2024\/12\/CINKO-OKSIT-GUNCEL-.png\" \/>\n\t<meta property=\"og:image:width\" content=\"1000\" \/>\n\t<meta property=\"og:image:height\" content=\"1000\" \/>\n\t<meta property=\"og:image:type\" content=\"image\/png\" \/>\n<meta name=\"twitter:card\" content=\"summary_large_image\" \/>\n<meta name=\"twitter:label1\" content=\"Tahmini okuma s\u00fcresi\" \/>\n\t<meta name=\"twitter:data1\" content=\"4 dakika\" \/>\n<script type=\"application\/ld+json\" class=\"yoast-schema-graph\">{\"@context\":\"https:\/\/schema.org\",\"@graph\":[{\"@type\":\"WebPage\",\"@id\":\"https:\/\/akerkimya.com\/eticaret\/urun\/cinko-oksit\/\",\"url\":\"https:\/\/akerkimya.com\/eticaret\/urun\/cinko-oksit\/\",\"name\":\"\u00c7\u0130NKO OKS\u0130T - Akerkimya\",\"isPartOf\":{\"@id\":\"https:\/\/akerkimya.com\/eticaret\/#website\"},\"datePublished\":\"2024-12-27T16:31:13+00:00\",\"dateModified\":\"2026-03-29T23:23:37+00:00\",\"breadcrumb\":{\"@id\":\"https:\/\/akerkimya.com\/eticaret\/urun\/cinko-oksit\/#breadcrumb\"},\"inLanguage\":\"tr\",\"potentialAction\":[{\"@type\":\"ReadAction\",\"target\":[\"https:\/\/akerkimya.com\/eticaret\/urun\/cinko-oksit\/\"]}]},{\"@type\":\"BreadcrumbList\",\"@id\":\"https:\/\/akerkimya.com\/eticaret\/urun\/cinko-oksit\/#breadcrumb\",\"itemListElement\":[{\"@type\":\"ListItem\",\"position\":1,\"name\":\"Home\",\"item\":\"https:\/\/akerkimya.com\/eticaret\/\"},{\"@type\":\"ListItem\",\"position\":2,\"name\":\"Market\",\"item\":\"https:\/\/akerkimya.com\/eticaret\/market\/\"},{\"@type\":\"ListItem\",\"position\":3,\"name\":\"\u00c7\u0130NKO OKS\u0130T\"}]},{\"@type\":\"WebSite\",\"@id\":\"https:\/\/akerkimya.com\/eticaret\/#website\",\"url\":\"https:\/\/akerkimya.com\/eticaret\/\",\"name\":\"Akerkimya\",\"description\":\"\",\"potentialAction\":[{\"@type\":\"SearchAction\",\"target\":{\"@type\":\"EntryPoint\",\"urlTemplate\":\"https:\/\/akerkimya.com\/eticaret\/?s={search_term_string}\"},\"query-input\":\"required name=search_term_string\"}],\"inLanguage\":\"tr\"}]}<\/script>\n<!-- \/ Yoast SEO Premium plugin. -->","yoast_head_json":{"title":"\u00c7\u0130NKO OKS\u0130T - Akerkimya","robots":{"index":"index","follow":"follow","max-snippet":"max-snippet:-1","max-image-preview":"max-image-preview:large","max-video-preview":"max-video-preview:-1"},"canonical":"https:\/\/akerkimya.com\/eticaret\/urun\/cinko-oksit\/","og_locale":"tr_TR","og_type":"article","og_title":"\u00c7\u0130NKO OKS\u0130T","og_description":"\u00c7\u0130NKO OKS\u0130T Form\u00fcl\u00fc ZnO olan suda \u00e7\u00f6z\u00fcnmeyen kokusuz beyaz toz yap\u0131da bulunan inorganik bir bile\u015fiktir. \u0130malat sanayinde boya imalat\u0131nda, s\u0131zd\u0131rmazl\u0131k","og_url":"https:\/\/akerkimya.com\/eticaret\/urun\/cinko-oksit\/","og_site_name":"Akerkimya","article_modified_time":"2026-03-29T23:23:37+00:00","og_image":[{"width":1000,"height":1000,"url":"https:\/\/akerkimya.com\/eticaret\/wp-content\/uploads\/2024\/12\/CINKO-OKSIT-GUNCEL-.png","type":"image\/png"}],"twitter_card":"summary_large_image","twitter_misc":{"Tahmini okuma s\u00fcresi":"4 dakika"},"schema":{"@context":"https:\/\/schema.org","@graph":[{"@type":"WebPage","@id":"https:\/\/akerkimya.com\/eticaret\/urun\/cinko-oksit\/","url":"https:\/\/akerkimya.com\/eticaret\/urun\/cinko-oksit\/","name":"\u00c7\u0130NKO OKS\u0130T - Akerkimya","isPartOf":{"@id":"https:\/\/akerkimya.com\/eticaret\/#website"},"datePublished":"2024-12-27T16:31:13+00:00","dateModified":"2026-03-29T23:23:37+00:00","breadcrumb":{"@id":"https:\/\/akerkimya.com\/eticaret\/urun\/cinko-oksit\/#breadcrumb"},"inLanguage":"tr","potentialAction":[{"@type":"ReadAction","target":["https:\/\/akerkimya.com\/eticaret\/urun\/cinko-oksit\/"]}]},{"@type":"BreadcrumbList","@id":"https:\/\/akerkimya.com\/eticaret\/urun\/cinko-oksit\/#breadcrumb","itemListElement":[{"@type":"ListItem","position":1,"name":"Home","item":"https:\/\/akerkimya.com\/eticaret\/"},{"@type":"ListItem","position":2,"name":"Market","item":"https:\/\/akerkimya.com\/eticaret\/market\/"},{"@type":"ListItem","position":3,"name":"\u00c7\u0130NKO OKS\u0130T"}]},{"@type":"WebSite","@id":"https:\/\/akerkimya.com\/eticaret\/#website","url":"https:\/\/akerkimya.com\/eticaret\/","name":"Akerkimya","description":"","potentialAction":[{"@type":"SearchAction","target":{"@type":"EntryPoint","urlTemplate":"https:\/\/akerkimya.com\/eticaret\/?s={search_term_string}"},"query-input":"required name=search_term_string"}],"inLanguage":"tr"}]}},"_links":{"self":[{"href":"https:\/\/akerkimya.com\/eticaret\/wp-json\/wp\/v2\/product\/15908","targetHints":{"allow":["GET"]}}],"collection":[{"href":"https:\/\/akerkimya.com\/eticaret\/wp-json\/wp\/v2\/product"}],"about":[{"href":"https:\/\/akerkimya.com\/eticaret\/wp-json\/wp\/v2\/types\/product"}],"replies":[{"embeddable":true,"href":"https:\/\/akerkimya.com\/eticaret\/wp-json\/wp\/v2\/comments?post=15908"}],"version-history":[{"count":2,"href":"https:\/\/akerkimya.com\/eticaret\/wp-json\/wp\/v2\/product\/15908\/revisions"}],"predecessor-version":[{"id":16760,"href":"https:\/\/akerkimya.com\/eticaret\/wp-json\/wp\/v2\/product\/15908\/revisions\/16760"}],"wp:featuredmedia":[{"embeddable":true,"href":"https:\/\/akerkimya.com\/eticaret\/wp-json\/wp\/v2\/media\/15909"}],"wp:attachment":[{"href":"https:\/\/akerkimya.com\/eticaret\/wp-json\/wp\/v2\/media?parent=15908"}],"wp:term":[{"taxonomy":"product_cat","embeddable":true,"href":"https:\/\/akerkimya.com\/eticaret\/wp-json\/wp\/v2\/product_cat?post=15908"},{"taxonomy":"product_tag","embeddable":true,"href":"https:\/\/akerkimya.com\/eticaret\/wp-json\/wp\/v2\/product_tag?post=15908"}],"curies":[{"name":"wp","href":"https:\/\/api.w.org\/{rel}","templated":true}]}}