{"id":15998,"date":"2024-12-27T23:35:16","date_gmt":"2024-12-27T20:35:16","guid":{"rendered":"https:\/\/akerkimya.com\/eticaret\/?post_type=product&#038;p=15998"},"modified":"2026-03-30T02:23:39","modified_gmt":"2026-03-29T23:23:39","slug":"dioktil-adipat-doa","status":"publish","type":"product","link":"https:\/\/akerkimya.com\/eticaret\/urun\/dioktil-adipat-doa\/","title":{"rendered":"D\u0130OKT\u0130L AD\u0130PAT (DOA)"},"content":{"rendered":"<h1>D\u0130OKT\u0130L AD\u0130PAT (DOA)<\/h1>\n<p><strong>Dioktil adipat, C22H42O4 form\u00fcl\u00fcne sahip plastikle\u015ftiricidir. Adipik asit ve iki e\u015fde\u011ferin n-oktanol\u00fcn bir diesteridir. Viskozitesi d\u00fc\u015f\u00fck, i\u015flenmesi kolay ve raf \u00f6mr\u00fc uzundur.<\/strong><\/p>\n<p><strong>D\u0130OKT\u0130L AD\u0130PAT \u00d6ZELL\u0130KLER\u0130<\/strong><\/p>\n<p><strong>Berrak ve renksiz s\u0131v\u0131 formdad\u0131r.<\/strong><\/p>\n<p><strong>Hafif karakteristik bir kokusu vard\u0131r.<\/strong><\/p>\n<p><strong>Kloroform, benzin, etil asetat, metil alkol, tol\u00fcen, mineral ya\u011f, bitkisel ya\u011f vb. i\u00e7inde \u00e7\u00f6z\u00fcn\u00fcr.<\/strong><\/p>\n<p><strong>Glikollerde az \u00e7\u00f6z\u00fcn\u00fcr, suda \u00e7\u00f6z\u00fcnmez.<\/strong><\/p>\n<p><strong>Ayr\u0131\u015fmaya kadar \u0131s\u0131t\u0131ld\u0131\u011f\u0131nda keskin duman ve tahri\u015f edici dumanlar yayar.<\/strong><\/p>\n<p><strong>B\u00fct\u00fcn polimerik maddeleri kolayl\u0131kla ve s\u00fcratle jelle\u015ftirebilir.<\/strong><\/p>\n<p><strong>\u00a0<\/strong><\/p>\n<p><strong>TEKN\u0130K \u00d6ZELL\u0130KLER\u0130<\/strong><\/p>\n<p><strong>CAS NUMARASI: 123-79-5<\/strong><\/p>\n<p><strong>MOLEK\u00dcLER FORM\u00dcL: C22H42O4<\/strong><\/p>\n<p><strong>K\u0130MYASAL \u0130SM\u0130: Dioktil Adipat, DOA, Di Ethyl Hexil Adipate<\/strong><\/p>\n<p><strong>MOLEK\u00dcL A\u011eIRLI\u011eI: 370,57 g\/mol<\/strong><\/p>\n<p><strong>YO\u011eUNLUK: 920 kg\/m\u00b3<\/strong><\/p>\n<p><strong>ER\u0130ME NOKTASI: -67,8 \u00b0C<\/strong><\/p>\n<p><strong>KAYNAMA NOKTASI: 214 \u00b0C<\/strong><\/p>\n<p><strong>ALEVLENME NOKTASI: &gt;230 \u00b0F<\/strong><\/p>\n<p><strong>KIRILMA \u0130NDEKS\u0130: n20\/D 1.447<\/strong><\/p>\n<p><strong>PH DE\u011eER\u0130: 7 (H20,20 \u00b0C)<\/strong><\/p>\n<p><strong>PATLAYICI SINIR DE\u011eER\u0130: %0,24 (hacim)<\/strong><\/p>\n<p><strong>\u00a0<\/strong><\/p>\n<p><strong>KULLANIM ALANLARI<\/strong><\/p>\n<p><strong>Kozmetik sekt\u00f6r\u00fcnde, kremlerin dokusunu hafifletmek amac\u0131yla kullan\u0131l\u0131r.<\/strong><\/p>\n<p><strong>A\u015f\u0131r\u0131 esnekli\u011fi, d\u00fc\u015f\u00fck s\u0131cakl\u0131k ve iyi elektriksel \u00f6zellikleri sayesinde plastikle\u015ftirici olarak g\u0131da paketleme i\u00e7in \u015feffaf filmlerde kullan\u0131l\u0131r.<\/strong><\/p>\n<p><strong>Yan\u0131c\u0131 bir kimyasal olmamas\u0131 nedeniyle \u00e7o\u011fu mumla uyumludur. Di\u011fer baz\u0131 \u00e7\u00f6z\u00fcc\u00fclerin yapabildi\u011fi gibi fitil t\u0131kanmas\u0131n\u0131 veya yanma sorunlar\u0131na neden olmad\u0131\u011f\u0131ndan mum kokular\u0131nda solvent olarak kullan\u0131l\u0131r.<\/strong><\/p>\n<p><strong>Sentetik kau\u00e7uklar, nitrosel\u00fcloz ve etil sel\u00fcloz i\u00e7in plastikle\u015ftirici olarak kullan\u0131l\u0131r.<\/strong><\/p>\n<p><strong>PVC form\u00fcllerinde kullan\u0131l\u0131r. \u00c7\u00f6zme \u00f6zelli\u011fi az olmas\u0131 nedeniyle d\u00fc\u015f\u00fck viskozite de pastalar \u00fcretmek m\u00fcmk\u00fcnd\u00fcr.<\/strong><\/p>\n<p><strong>Vinil kablolar, elastik hortum, plastik d\u00f6\u015femeler i\u00e7in kullan\u0131l\u0131r.<\/strong><\/p>\n<p><strong>Bez \u00fcr\u00fcnlerini plastikleme ve kalenderleme i\u015flemlerinde \u00fcr\u00fcne daha fazla elastikiyet, daha az yap\u0131\u015fkanl\u0131k, daha iyi y\u00fczey g\u00f6r\u00fcn\u00fc\u015f\u00fc sa\u011flar ve so\u011fuk hava \u015fartlar\u0131nda k\u0131r\u0131lganl\u0131\u011f\u0131 \u00f6nler.<\/strong><\/p>\n<p><strong>Ftalat i\u00e7ermemesi nedeniyle, ftalat yasakl\u0131 \u00fcr\u00fcnlerin imalat\u0131n\u0131 kolayla\u015ft\u0131rmaktad\u0131r.<\/strong><\/p>\n<p><strong>\u00c7atlaklar\u0131 gidermek, direnci art\u0131rmak ve p\u00fcr\u00fczs\u00fcz bir sa\u011flamak amac\u0131yla vernik uygulamalar\u0131nda kullan\u0131l\u0131r.<\/strong><\/p>\n<p><strong>Polivinil kuma\u015flar i\u00e7in so\u011fu\u011fa dayan\u0131kl\u0131 plastikle\u015ftirici olarak koruyucu \u00fcr\u00fcnlere m\u00fckemmel d\u00fc\u015f\u00fck s\u0131cakl\u0131k dayan\u0131m\u0131 kazand\u0131r\u0131r.<\/strong><\/p>\n<p><strong>Stre\u00e7 film, masa \u00f6rt\u00fcs\u00fc, cilt bezi imalat\u0131nda kullan\u0131l\u0131r.<\/strong><\/p>\n<p><strong>Boya ve m\u00fcrekkep imalat\u0131nda kullan\u0131m\u0131 mevcuttur<\/strong><\/p>\n<p><strong>\u00a0<\/strong><\/p>\n<p><strong>AMBALAJ<\/strong><\/p>\n<p><strong>1-5-10-30 kg bidonlar ve 1000 kg IBC halindedir.<\/strong><\/p>\n<p><strong>\u00a0<\/strong><\/p>\n<p><strong>DEPOLAMA<\/strong><\/p>\n<p><strong>Serin ve kuru bir alanda muhafaza ediniz.<\/strong><\/p>\n<p><strong>\u00a0<\/strong><\/p>\n","protected":false},"excerpt":{"rendered":"<p>D\u0130OKT\u0130L AD\u0130PAT (DOA) Dioktil adipat, C22H42O4 form\u00fcl\u00fcne sahip plastikle\u015ftiricidir. Adipik asit ve iki e\u015fde\u011ferin n-oktanol\u00fcn bir diesteridir. Viskozitesi d\u00fc\u015f\u00fck, i\u015flenmesi<\/p>\n","protected":false},"featured_media":15999,"comment_status":"open","ping_status":"closed","template":"","meta":{"_joinchat":[]},"product_cat":[70,74],"product_tag":[],"class_list":{"0":"post-15998","1":"product","2":"type-product","3":"status-publish","4":"has-post-thumbnail","6":"product_cat-boya-ve-yapi-kimyasallar","7":"product_cat-deterjan-ve-kozmetik-kimyasallari","9":"first","10":"instock","11":"shipping-taxable","12":"purchasable","13":"product-type-variable"},"yoast_head":"<!-- This site is optimized with the Yoast SEO Premium plugin v20.2.1 (Yoast SEO v20.2.1) - https:\/\/yoast.com\/wordpress\/plugins\/seo\/ -->\n<title>D\u0130OKT\u0130L AD\u0130PAT (DOA) - Akerkimya<\/title>\n<meta name=\"robots\" content=\"index, follow, max-snippet:-1, max-image-preview:large, max-video-preview:-1\" \/>\n<link rel=\"canonical\" href=\"https:\/\/akerkimya.com\/eticaret\/urun\/dioktil-adipat-doa\/\" \/>\n<meta property=\"og:locale\" content=\"tr_TR\" \/>\n<meta property=\"og:type\" content=\"article\" \/>\n<meta property=\"og:title\" content=\"D\u0130OKT\u0130L AD\u0130PAT (DOA)\" \/>\n<meta property=\"og:description\" content=\"D\u0130OKT\u0130L AD\u0130PAT (DOA) Dioktil adipat, C22H42O4 form\u00fcl\u00fcne sahip plastikle\u015ftiricidir. Adipik asit ve iki e\u015fde\u011ferin n-oktanol\u00fcn bir diesteridir. Viskozitesi d\u00fc\u015f\u00fck, i\u015flenmesi\" \/>\n<meta property=\"og:url\" content=\"https:\/\/akerkimya.com\/eticaret\/urun\/dioktil-adipat-doa\/\" \/>\n<meta property=\"og:site_name\" content=\"Akerkimya\" \/>\n<meta property=\"article:modified_time\" content=\"2026-03-29T23:23:39+00:00\" \/>\n<meta property=\"og:image\" content=\"https:\/\/akerkimya.com\/eticaret\/wp-content\/uploads\/2024\/12\/DIOKTIL-ADIPAT-GUNCEL-.png\" \/>\n\t<meta property=\"og:image:width\" content=\"1000\" \/>\n\t<meta property=\"og:image:height\" content=\"1000\" \/>\n\t<meta property=\"og:image:type\" content=\"image\/png\" \/>\n<meta name=\"twitter:card\" content=\"summary_large_image\" \/>\n<meta name=\"twitter:label1\" content=\"Tahmini okuma s\u00fcresi\" \/>\n\t<meta name=\"twitter:data1\" content=\"2 dakika\" \/>\n<script type=\"application\/ld+json\" class=\"yoast-schema-graph\">{\"@context\":\"https:\/\/schema.org\",\"@graph\":[{\"@type\":\"WebPage\",\"@id\":\"https:\/\/akerkimya.com\/eticaret\/urun\/dioktil-adipat-doa\/\",\"url\":\"https:\/\/akerkimya.com\/eticaret\/urun\/dioktil-adipat-doa\/\",\"name\":\"D\u0130OKT\u0130L AD\u0130PAT (DOA) - Akerkimya\",\"isPartOf\":{\"@id\":\"https:\/\/akerkimya.com\/eticaret\/#website\"},\"datePublished\":\"2024-12-27T20:35:16+00:00\",\"dateModified\":\"2026-03-29T23:23:39+00:00\",\"breadcrumb\":{\"@id\":\"https:\/\/akerkimya.com\/eticaret\/urun\/dioktil-adipat-doa\/#breadcrumb\"},\"inLanguage\":\"tr\",\"potentialAction\":[{\"@type\":\"ReadAction\",\"target\":[\"https:\/\/akerkimya.com\/eticaret\/urun\/dioktil-adipat-doa\/\"]}]},{\"@type\":\"BreadcrumbList\",\"@id\":\"https:\/\/akerkimya.com\/eticaret\/urun\/dioktil-adipat-doa\/#breadcrumb\",\"itemListElement\":[{\"@type\":\"ListItem\",\"position\":1,\"name\":\"Home\",\"item\":\"https:\/\/akerkimya.com\/eticaret\/\"},{\"@type\":\"ListItem\",\"position\":2,\"name\":\"Market\",\"item\":\"https:\/\/akerkimya.com\/eticaret\/market\/\"},{\"@type\":\"ListItem\",\"position\":3,\"name\":\"D\u0130OKT\u0130L AD\u0130PAT (DOA)\"}]},{\"@type\":\"WebSite\",\"@id\":\"https:\/\/akerkimya.com\/eticaret\/#website\",\"url\":\"https:\/\/akerkimya.com\/eticaret\/\",\"name\":\"Akerkimya\",\"description\":\"\",\"potentialAction\":[{\"@type\":\"SearchAction\",\"target\":{\"@type\":\"EntryPoint\",\"urlTemplate\":\"https:\/\/akerkimya.com\/eticaret\/?s={search_term_string}\"},\"query-input\":\"required name=search_term_string\"}],\"inLanguage\":\"tr\"}]}<\/script>\n<!-- \/ Yoast SEO Premium plugin. -->","yoast_head_json":{"title":"D\u0130OKT\u0130L AD\u0130PAT (DOA) - Akerkimya","robots":{"index":"index","follow":"follow","max-snippet":"max-snippet:-1","max-image-preview":"max-image-preview:large","max-video-preview":"max-video-preview:-1"},"canonical":"https:\/\/akerkimya.com\/eticaret\/urun\/dioktil-adipat-doa\/","og_locale":"tr_TR","og_type":"article","og_title":"D\u0130OKT\u0130L AD\u0130PAT (DOA)","og_description":"D\u0130OKT\u0130L AD\u0130PAT (DOA) Dioktil adipat, C22H42O4 form\u00fcl\u00fcne sahip plastikle\u015ftiricidir. Adipik asit ve iki e\u015fde\u011ferin n-oktanol\u00fcn bir diesteridir. Viskozitesi d\u00fc\u015f\u00fck, i\u015flenmesi","og_url":"https:\/\/akerkimya.com\/eticaret\/urun\/dioktil-adipat-doa\/","og_site_name":"Akerkimya","article_modified_time":"2026-03-29T23:23:39+00:00","og_image":[{"width":1000,"height":1000,"url":"https:\/\/akerkimya.com\/eticaret\/wp-content\/uploads\/2024\/12\/DIOKTIL-ADIPAT-GUNCEL-.png","type":"image\/png"}],"twitter_card":"summary_large_image","twitter_misc":{"Tahmini okuma s\u00fcresi":"2 dakika"},"schema":{"@context":"https:\/\/schema.org","@graph":[{"@type":"WebPage","@id":"https:\/\/akerkimya.com\/eticaret\/urun\/dioktil-adipat-doa\/","url":"https:\/\/akerkimya.com\/eticaret\/urun\/dioktil-adipat-doa\/","name":"D\u0130OKT\u0130L AD\u0130PAT (DOA) - Akerkimya","isPartOf":{"@id":"https:\/\/akerkimya.com\/eticaret\/#website"},"datePublished":"2024-12-27T20:35:16+00:00","dateModified":"2026-03-29T23:23:39+00:00","breadcrumb":{"@id":"https:\/\/akerkimya.com\/eticaret\/urun\/dioktil-adipat-doa\/#breadcrumb"},"inLanguage":"tr","potentialAction":[{"@type":"ReadAction","target":["https:\/\/akerkimya.com\/eticaret\/urun\/dioktil-adipat-doa\/"]}]},{"@type":"BreadcrumbList","@id":"https:\/\/akerkimya.com\/eticaret\/urun\/dioktil-adipat-doa\/#breadcrumb","itemListElement":[{"@type":"ListItem","position":1,"name":"Home","item":"https:\/\/akerkimya.com\/eticaret\/"},{"@type":"ListItem","position":2,"name":"Market","item":"https:\/\/akerkimya.com\/eticaret\/market\/"},{"@type":"ListItem","position":3,"name":"D\u0130OKT\u0130L AD\u0130PAT (DOA)"}]},{"@type":"WebSite","@id":"https:\/\/akerkimya.com\/eticaret\/#website","url":"https:\/\/akerkimya.com\/eticaret\/","name":"Akerkimya","description":"","potentialAction":[{"@type":"SearchAction","target":{"@type":"EntryPoint","urlTemplate":"https:\/\/akerkimya.com\/eticaret\/?s={search_term_string}"},"query-input":"required name=search_term_string"}],"inLanguage":"tr"}]}},"_links":{"self":[{"href":"https:\/\/akerkimya.com\/eticaret\/wp-json\/wp\/v2\/product\/15998","targetHints":{"allow":["GET"]}}],"collection":[{"href":"https:\/\/akerkimya.com\/eticaret\/wp-json\/wp\/v2\/product"}],"about":[{"href":"https:\/\/akerkimya.com\/eticaret\/wp-json\/wp\/v2\/types\/product"}],"replies":[{"embeddable":true,"href":"https:\/\/akerkimya.com\/eticaret\/wp-json\/wp\/v2\/comments?post=15998"}],"version-history":[{"count":2,"href":"https:\/\/akerkimya.com\/eticaret\/wp-json\/wp\/v2\/product\/15998\/revisions"}],"predecessor-version":[{"id":16744,"href":"https:\/\/akerkimya.com\/eticaret\/wp-json\/wp\/v2\/product\/15998\/revisions\/16744"}],"wp:featuredmedia":[{"embeddable":true,"href":"https:\/\/akerkimya.com\/eticaret\/wp-json\/wp\/v2\/media\/15999"}],"wp:attachment":[{"href":"https:\/\/akerkimya.com\/eticaret\/wp-json\/wp\/v2\/media?parent=15998"}],"wp:term":[{"taxonomy":"product_cat","embeddable":true,"href":"https:\/\/akerkimya.com\/eticaret\/wp-json\/wp\/v2\/product_cat?post=15998"},{"taxonomy":"product_tag","embeddable":true,"href":"https:\/\/akerkimya.com\/eticaret\/wp-json\/wp\/v2\/product_tag?post=15998"}],"curies":[{"name":"wp","href":"https:\/\/api.w.org\/{rel}","templated":true}]}}