{"id":16015,"date":"2024-12-28T17:09:38","date_gmt":"2024-12-28T14:09:38","guid":{"rendered":"https:\/\/akerkimya.com\/eticaret\/?post_type=product&#038;p=16015"},"modified":"2026-03-30T02:23:39","modified_gmt":"2026-03-29T23:23:39","slug":"etil-asetat","status":"publish","type":"product","link":"https:\/\/akerkimya.com\/eticaret\/urun\/etil-asetat\/","title":{"rendered":"ET\u0130L ASETAT"},"content":{"rendered":"<h1>ET\u0130L ASETAT<\/h1>\n<p><strong>Etil asetat, C4H8O2 form\u00fcl\u00fcne sahip organik bir bile\u015fiktir. Renksiz s\u0131v\u0131 bir formdad\u0131r ve meyvemsi ho\u015f bir kokuya sahiptir. Meyvelerde, tah\u0131l \u00fcr\u00fcnlerinde ve \u015faraplarda bulunmaktad\u0131r. Do\u011fal kayna\u011f\u0131 olarak Anthemis nobilis (Roma papatyas\u0131) ve Rubus t\u00fcrleri taraf\u0131ndan elde edilir. Etil asetat, atonal ve asetik asidin esteridir. Polar yap\u0131da aprotik bir \u00e7\u00f6z\u00fcc\u00fc kimyasald\u0131r. Renksiz s\u0131v\u0131 bir formdad\u0131r.<\/strong><\/p>\n<p><strong>\u00a0<\/strong><\/p>\n<p><strong>F\u0130Z\u0130KSEL \u00d6ZELL\u0130KLER <\/strong><\/p>\n<p><strong>Renksiz s\u0131v\u0131 bir formdad\u0131r.<\/strong><\/p>\n<p><strong>Eter benzeri meyvemsi bir kokusu vard\u0131r.<\/strong><\/p>\n<p><strong>Etanol, dietil eter, benzen, aseton ve kloroform ile kar\u0131\u015fabilir.<\/strong><\/p>\n<p><strong>Yan\u0131c\u0131 ve u\u00e7ucu bir maddedir.<\/strong><\/p>\n<p><strong>\u00a0<\/strong><\/p>\n<p><strong>TEKN\u0130K \u00d6ZELL\u0130KLER<\/strong><\/p>\n<p><strong>CAS NUMARASI: 141-78-6<\/strong><\/p>\n<p><strong>MOLEK\u00dcLER FORM\u00dcL: C4H8O2<\/strong><\/p>\n<p><strong>K\u0130MYASAL \u0130SM\u0130: Etil Asetat, Etil Etanoat, Asetil Ester, Etil Ester, ETOH, Sirke Naftas\u0131<\/strong><\/p>\n<p><strong>MOLAR K\u00dcTLE: 88.11 g\/mol-1 <\/strong><\/p>\n<p><strong>YO\u011eUNLUK: 0.897 g\/cm\u00b3<\/strong><\/p>\n<p><strong>ER\u0130ME NOKTASI: -83,6 \u00b0C, 190 K, -118 \u00b0C<\/strong><\/p>\n<p><strong>KAYNAMA NOKTASI: 77.1 \u00b0C, 350 K, 171\u00b0F<\/strong><\/p>\n<p><strong>SUDA \u00c7\u00d6Z\u00dcN\u00dcRL\u00dcK: 8,3 g\/100 Ml (20\u00b0C)<\/strong><\/p>\n<p><strong>KIRILMA \u0130NDEKS\u0130: 1,3720<\/strong><\/p>\n<p><strong>V\u0130SKOZ\u0130TE: 25\u00b0C\u2019 de 0,426 Cp<\/strong><\/p>\n<p><strong>PARLAMA NOKTASI: -4 \u00b0C (kapal\u0131 kap), 7,2 \u00b0C (a\u00e7\u0131k kap)<\/strong><\/p>\n<p><strong>\u00a0<\/strong><\/p>\n<p><strong>KULLANIM ALANLARI<\/strong><\/p>\n<p><strong>Etil asetat, d\u00fc\u015f\u00fck maliyeti ve d\u00fc\u015f\u00fck toksitesi ile \u00e7\u00f6z\u00fcc\u00fc ve seyreltici olarak bir\u00e7ok alanda kullan\u0131l\u0131r.<\/strong><\/p>\n<p><strong>Etil asetat, kahve ve \u00e7ay gibi \u00fcr\u00fcnlerde kafeini uzakla\u015ft\u0131rmak ve \u00e7\u00f6zmek i\u00e7in kullan\u0131l\u0131r.<\/strong><\/p>\n<p><strong>Yemeklerde kullan\u0131lan sentetik baharatt\u0131r.<\/strong><\/p>\n<p><strong>\u015earapta meyvelik alg\u0131s\u0131 olarak kullan\u0131lan en yayg\u0131n esterdir. Asit-asetik asit ve fermantasyon s\u0131ras\u0131nda \u00fcretilen etil alkol\u00fcn \u00fcr\u00fcn\u00fcd\u00fcr.<\/strong><\/p>\n<p><strong>Yapay inci \u00fcretiminde kullan\u0131lmaktad\u0131r.<\/strong><\/p>\n<p><strong>Meyvemsi kokusu nedeniyle parf\u00fcmlerde kullan\u0131lmaktad\u0131r.\u00a0 Etil asetat, deride parf\u00fcm kokusu b\u0131rakarak \u00e7abucak buharla\u015f\u0131r.<\/strong><\/p>\n<p><strong>Oje \u00fcretiminde aseton ile birlikte kullan\u0131l\u0131r.<\/strong><\/p>\n<p><strong>Boya end\u00fcstrisinde bir etkinle\u015ftirici ve sertle\u015ftirici olarak kullan\u0131l\u0131r.<\/strong><\/p>\n<p><strong>Etil asetat, tekstil malzemelerinde kullan\u0131l\u0131r.<\/strong><\/p>\n<p><strong>Laboratuvarda, etil asetat i\u00e7eren kar\u0131\u015f\u0131mlar, kolon kromatografisinde ve ekstraksiyonlarda yayg\u0131n olarak kullan\u0131l\u0131r.<\/strong><\/p>\n<p><strong>Kopyalama makinelerinde s\u0131v\u0131 nitrosel\u00fcl\u00f6z m\u00fcrekkebi i\u00e7in kullan\u0131l\u0131r.<\/strong><\/p>\n<p><strong>Etil asetat, b\u00f6ceklerin h\u0131zl\u0131ca \u00f6ld\u00fcr\u00fclmesini sa\u011flayan kimyasallarla beraber kullan\u0131l\u0131r.<\/strong><\/p>\n<p><strong>Re\u00e7ine i\u00e7in etkili bir solventi olan etil asetat deri \u00fcretiminde kullan\u0131l\u0131r.<\/strong><\/p>\n<p><strong>\u00c7evresel koruma ve pestisit kal\u0131nt\u0131lar\u0131n analizi i\u00e7in kullan\u0131l\u0131r.<\/strong><\/p>\n<p><strong>Etil asetat, kontak lenslerin kal\u0131ptan \u00e7\u0131kar\u0131lmas\u0131 i\u00e7in kullan\u0131l\u0131r.<\/strong><\/p>\n<p><strong>Etil asetat, yapay meyve aromalar\u0131 ve \u00f6z\u00fc yap\u0131m\u0131nda \u00e7\u00f6z\u00fcc\u00fc madde olarak kullan\u0131l\u0131r.<\/strong><\/p>\n<p><strong>Foto\u011fraf filmlerinde kullan\u0131l\u0131r.<\/strong><\/p>\n<p><strong>Bizmut, bor ve alt\u0131n cevherlerin tayininde kullan\u0131lmaktad\u0131r.<\/strong><\/p>\n<p><strong>Kozmetik sekt\u00f6r\u00fcnde, manik\u00fcrc\u00fc \u00fcr\u00fcnlerin imalat\u0131nda kullan\u0131l\u0131r.<\/strong><\/p>\n<p><strong>Elektronik sekt\u00f6r\u00fcnde fotorezist form\u00fclasyonlar\u0131nda kullan\u0131lan re\u00e7inelerin viskozitesini azaltmak i\u00e7in i\u015flem g\u00f6rerek kullan\u0131l\u0131r.<\/strong><\/p>\n<p><strong>Kau\u00e7uk re\u00e7ine yap\u0131\u015ft\u0131r\u0131c\u0131lar\u0131n imalat\u0131nda \u00e7\u00f6z\u00fcc\u00fc olarak kullan\u0131l\u0131r.<\/strong><\/p>\n<p><strong>Kimya sekt\u00f6r\u00fcnde, kimyasallar\u0131n \u00fcretiminde kullan\u0131l\u0131r.<\/strong><\/p>\n<p><strong>End\u00fcstriyel alanda solvent i\u00e7eren temizleme kimyasallar\u0131n \u00fcretiminde \u00e7\u00f6z\u00fcc\u00fc olarak kullan\u0131l\u0131r.<\/strong><\/p>\n<p><strong>Organik sentez ve baharat \u00fcretimi i\u00e7in de kullan\u0131labilir.<\/strong><\/p>\n<p><strong>\u0130la\u00e7 \u00fcretiminde ara madde olarak kullan\u0131l\u0131r.<\/strong><\/p>\n<p><strong>Devre kartlar\u0131n\u0131 temizlemek i\u00e7in kullan\u0131l\u0131r.<\/strong><\/p>\n<p><strong>\u00a0<\/strong><\/p>\n<p><strong>AMBALAJ<\/strong><\/p>\n<p><strong>1-5-30-190 kg variller halinde<\/strong><\/p>\n<p><strong>\u00a0<\/strong><\/p>\n<p><strong>DEPOLAMA<\/strong><\/p>\n<p><strong>Serin ve kuru bir alanda, hava almayacak kaplarda muhafaza edilmelidir.<\/strong><\/p>\n","protected":false},"excerpt":{"rendered":"<p>ET\u0130L ASETAT Etil asetat, C4H8O2 form\u00fcl\u00fcne sahip organik bir bile\u015fiktir. Renksiz s\u0131v\u0131 bir formdad\u0131r ve meyvemsi ho\u015f bir kokuya sahiptir.<\/p>\n","protected":false},"featured_media":16016,"comment_status":"open","ping_status":"closed","template":"","meta":{"_joinchat":[]},"product_cat":[70,73,74,76,80],"product_tag":[],"class_list":{"0":"post-16015","1":"product","2":"type-product","3":"status-publish","4":"has-post-thumbnail","6":"product_cat-boya-ve-yapi-kimyasallar","7":"product_cat-deri-ve-tekstil-kimyasallari","8":"product_cat-deterjan-ve-kozmetik-kimyasallari","9":"product_cat-gida-ve-katki-kimyasallari","10":"product_cat-veteriner-ve-ilac-kimyasallari","12":"first","13":"instock","14":"shipping-taxable","15":"purchasable","16":"product-type-variable"},"yoast_head":"<!-- This site is optimized with the Yoast SEO Premium plugin v20.2.1 (Yoast SEO v20.2.1) - https:\/\/yoast.com\/wordpress\/plugins\/seo\/ -->\n<title>ET\u0130L ASETAT - Akerkimya<\/title>\n<meta name=\"robots\" content=\"index, follow, max-snippet:-1, max-image-preview:large, max-video-preview:-1\" \/>\n<link rel=\"canonical\" href=\"https:\/\/akerkimya.com\/eticaret\/urun\/etil-asetat\/\" \/>\n<meta property=\"og:locale\" content=\"tr_TR\" \/>\n<meta property=\"og:type\" content=\"article\" \/>\n<meta property=\"og:title\" content=\"ET\u0130L ASETAT\" \/>\n<meta property=\"og:description\" content=\"ET\u0130L ASETAT Etil asetat, C4H8O2 form\u00fcl\u00fcne sahip organik bir bile\u015fiktir. Renksiz s\u0131v\u0131 bir formdad\u0131r ve meyvemsi ho\u015f bir kokuya sahiptir.\" \/>\n<meta property=\"og:url\" content=\"https:\/\/akerkimya.com\/eticaret\/urun\/etil-asetat\/\" \/>\n<meta property=\"og:site_name\" content=\"Akerkimya\" \/>\n<meta property=\"article:modified_time\" content=\"2026-03-29T23:23:39+00:00\" \/>\n<meta property=\"og:image\" content=\"https:\/\/akerkimya.com\/eticaret\/wp-content\/uploads\/2024\/12\/ETIL-ASETAT-GUNCEL.jpeg\" \/>\n\t<meta property=\"og:image:width\" content=\"1000\" \/>\n\t<meta property=\"og:image:height\" content=\"1000\" \/>\n\t<meta property=\"og:image:type\" content=\"image\/jpeg\" \/>\n<meta name=\"twitter:card\" content=\"summary_large_image\" \/>\n<meta name=\"twitter:label1\" content=\"Tahmini okuma s\u00fcresi\" \/>\n\t<meta name=\"twitter:data1\" content=\"3 dakika\" \/>\n<script type=\"application\/ld+json\" class=\"yoast-schema-graph\">{\"@context\":\"https:\/\/schema.org\",\"@graph\":[{\"@type\":\"WebPage\",\"@id\":\"https:\/\/akerkimya.com\/eticaret\/urun\/etil-asetat\/\",\"url\":\"https:\/\/akerkimya.com\/eticaret\/urun\/etil-asetat\/\",\"name\":\"ET\u0130L ASETAT - Akerkimya\",\"isPartOf\":{\"@id\":\"https:\/\/akerkimya.com\/eticaret\/#website\"},\"datePublished\":\"2024-12-28T14:09:38+00:00\",\"dateModified\":\"2026-03-29T23:23:39+00:00\",\"breadcrumb\":{\"@id\":\"https:\/\/akerkimya.com\/eticaret\/urun\/etil-asetat\/#breadcrumb\"},\"inLanguage\":\"tr\",\"potentialAction\":[{\"@type\":\"ReadAction\",\"target\":[\"https:\/\/akerkimya.com\/eticaret\/urun\/etil-asetat\/\"]}]},{\"@type\":\"BreadcrumbList\",\"@id\":\"https:\/\/akerkimya.com\/eticaret\/urun\/etil-asetat\/#breadcrumb\",\"itemListElement\":[{\"@type\":\"ListItem\",\"position\":1,\"name\":\"Home\",\"item\":\"https:\/\/akerkimya.com\/eticaret\/\"},{\"@type\":\"ListItem\",\"position\":2,\"name\":\"Market\",\"item\":\"https:\/\/akerkimya.com\/eticaret\/market\/\"},{\"@type\":\"ListItem\",\"position\":3,\"name\":\"ET\u0130L ASETAT\"}]},{\"@type\":\"WebSite\",\"@id\":\"https:\/\/akerkimya.com\/eticaret\/#website\",\"url\":\"https:\/\/akerkimya.com\/eticaret\/\",\"name\":\"Akerkimya\",\"description\":\"\",\"potentialAction\":[{\"@type\":\"SearchAction\",\"target\":{\"@type\":\"EntryPoint\",\"urlTemplate\":\"https:\/\/akerkimya.com\/eticaret\/?s={search_term_string}\"},\"query-input\":\"required name=search_term_string\"}],\"inLanguage\":\"tr\"}]}<\/script>\n<!-- \/ Yoast SEO Premium plugin. -->","yoast_head_json":{"title":"ET\u0130L ASETAT - Akerkimya","robots":{"index":"index","follow":"follow","max-snippet":"max-snippet:-1","max-image-preview":"max-image-preview:large","max-video-preview":"max-video-preview:-1"},"canonical":"https:\/\/akerkimya.com\/eticaret\/urun\/etil-asetat\/","og_locale":"tr_TR","og_type":"article","og_title":"ET\u0130L ASETAT","og_description":"ET\u0130L ASETAT Etil asetat, C4H8O2 form\u00fcl\u00fcne sahip organik bir bile\u015fiktir. Renksiz s\u0131v\u0131 bir formdad\u0131r ve meyvemsi ho\u015f bir kokuya sahiptir.","og_url":"https:\/\/akerkimya.com\/eticaret\/urun\/etil-asetat\/","og_site_name":"Akerkimya","article_modified_time":"2026-03-29T23:23:39+00:00","og_image":[{"width":1000,"height":1000,"url":"https:\/\/akerkimya.com\/eticaret\/wp-content\/uploads\/2024\/12\/ETIL-ASETAT-GUNCEL.jpeg","type":"image\/jpeg"}],"twitter_card":"summary_large_image","twitter_misc":{"Tahmini okuma s\u00fcresi":"3 dakika"},"schema":{"@context":"https:\/\/schema.org","@graph":[{"@type":"WebPage","@id":"https:\/\/akerkimya.com\/eticaret\/urun\/etil-asetat\/","url":"https:\/\/akerkimya.com\/eticaret\/urun\/etil-asetat\/","name":"ET\u0130L ASETAT - Akerkimya","isPartOf":{"@id":"https:\/\/akerkimya.com\/eticaret\/#website"},"datePublished":"2024-12-28T14:09:38+00:00","dateModified":"2026-03-29T23:23:39+00:00","breadcrumb":{"@id":"https:\/\/akerkimya.com\/eticaret\/urun\/etil-asetat\/#breadcrumb"},"inLanguage":"tr","potentialAction":[{"@type":"ReadAction","target":["https:\/\/akerkimya.com\/eticaret\/urun\/etil-asetat\/"]}]},{"@type":"BreadcrumbList","@id":"https:\/\/akerkimya.com\/eticaret\/urun\/etil-asetat\/#breadcrumb","itemListElement":[{"@type":"ListItem","position":1,"name":"Home","item":"https:\/\/akerkimya.com\/eticaret\/"},{"@type":"ListItem","position":2,"name":"Market","item":"https:\/\/akerkimya.com\/eticaret\/market\/"},{"@type":"ListItem","position":3,"name":"ET\u0130L ASETAT"}]},{"@type":"WebSite","@id":"https:\/\/akerkimya.com\/eticaret\/#website","url":"https:\/\/akerkimya.com\/eticaret\/","name":"Akerkimya","description":"","potentialAction":[{"@type":"SearchAction","target":{"@type":"EntryPoint","urlTemplate":"https:\/\/akerkimya.com\/eticaret\/?s={search_term_string}"},"query-input":"required name=search_term_string"}],"inLanguage":"tr"}]}},"_links":{"self":[{"href":"https:\/\/akerkimya.com\/eticaret\/wp-json\/wp\/v2\/product\/16015","targetHints":{"allow":["GET"]}}],"collection":[{"href":"https:\/\/akerkimya.com\/eticaret\/wp-json\/wp\/v2\/product"}],"about":[{"href":"https:\/\/akerkimya.com\/eticaret\/wp-json\/wp\/v2\/types\/product"}],"replies":[{"embeddable":true,"href":"https:\/\/akerkimya.com\/eticaret\/wp-json\/wp\/v2\/comments?post=16015"}],"version-history":[{"count":2,"href":"https:\/\/akerkimya.com\/eticaret\/wp-json\/wp\/v2\/product\/16015\/revisions"}],"predecessor-version":[{"id":16741,"href":"https:\/\/akerkimya.com\/eticaret\/wp-json\/wp\/v2\/product\/16015\/revisions\/16741"}],"wp:featuredmedia":[{"embeddable":true,"href":"https:\/\/akerkimya.com\/eticaret\/wp-json\/wp\/v2\/media\/16016"}],"wp:attachment":[{"href":"https:\/\/akerkimya.com\/eticaret\/wp-json\/wp\/v2\/media?parent=16015"}],"wp:term":[{"taxonomy":"product_cat","embeddable":true,"href":"https:\/\/akerkimya.com\/eticaret\/wp-json\/wp\/v2\/product_cat?post=16015"},{"taxonomy":"product_tag","embeddable":true,"href":"https:\/\/akerkimya.com\/eticaret\/wp-json\/wp\/v2\/product_tag?post=16015"}],"curies":[{"name":"wp","href":"https:\/\/api.w.org\/{rel}","templated":true}]}}