{"id":16022,"date":"2024-12-28T17:14:31","date_gmt":"2024-12-28T14:14:31","guid":{"rendered":"https:\/\/akerkimya.com\/eticaret\/?post_type=product&#038;p=16022"},"modified":"2026-03-30T02:23:41","modified_gmt":"2026-03-29T23:23:41","slug":"fiber-elyaf","status":"publish","type":"product","link":"https:\/\/akerkimya.com\/eticaret\/urun\/fiber-elyaf\/","title":{"rendered":"F\u0130BER ELYAF"},"content":{"rendered":"<h1>F\u0130BER ELYAF<\/h1>\n<p><strong>F\u0130BER ELYAF, karbon elyaf, di\u011fer ad\u0131yla karbon fiber ipliksi, teknoloji \u00fcr\u00fcn\u00fc olan bir malzemedir. Katran, naylon ve orlondan olu\u015fan fiber malzeme \u00e7elik malzemeden 4.5 kat daha hafif olup 3 kat daha dayan\u0131kl\u0131d\u0131r.<\/strong><\/p>\n<p><strong>\u00a0<\/strong><\/p>\n<p><strong>F\u0130BER ELYAF TEKN\u0130K\u00a0\u00d6ZELL\u0130KLER\u00a0<\/strong><\/p>\n<p><strong>T\u0130P: polipropilen<\/strong><\/p>\n<p><strong>G\u00d6R\u00dcN\u00dcM: beyaz lif<\/strong><\/p>\n<p><strong>SAFLIK :%100<\/strong><\/p>\n<p><strong>YO\u011eUNLUK : %90 gr\/cm3<\/strong><\/p>\n<p><strong>BOY:\u00a0 6-12-19 mm<\/strong><\/p>\n<p><strong>\u00c7EKME: 450-690 Nmm2(mpa)<\/strong><\/p>\n<p><strong>YANMA: 593 C<\/strong><\/p>\n<p><strong>\u00a0<\/strong><\/p>\n<p><strong>F\u0130BER ELYAF \u00d6ZELL\u0130KLER\u0130<\/strong><\/p>\n<p><strong>Fiber elyaflar beton, \u015fap, s\u0131va, al\u00e7\u0131, bit\u00fcml\u00fc malzeme uygulamalar\u0131nda kullan\u0131larak beton donat\u0131da y\u00fcksek performans sa\u011flar.<\/strong><\/p>\n<p><strong>Farkl\u0131 uygulamalar i\u00e7in (06,12,19 mm)gibi farkl\u0131 boyutlarda imal edilerek, uygulamalarda kullan\u0131lan\u00a0 malzemelerle beton i\u00e7erisine da\u011f\u0131larak r\u00f6tre ve b\u00fcz\u00fclme \u00e7atlaklar\u0131n\u0131n \u00f6nlenmesini sa\u011flar.<\/strong><\/p>\n<p><strong>Asit,tuz ve alkaliye kar\u015f\u0131 dayan\u0131kl\u0131d\u0131r.<\/strong><\/p>\n<p><strong>Fiber Elyaflar, nem tutmaz.<\/strong><\/p>\n<p><strong>Aktif i\u015flerlili\u011fe ve a\u015f\u0131nmaya kar\u015f\u0131 dayan\u0131kl\u0131d\u0131r.<\/strong><\/p>\n<p><strong>Fiber Elyaflar, su i\u00e7erisinde rahatl\u0131kla \u00e7\u00f6z\u00fcnd\u00fc\u011f\u00fcnden yap\u0131 kimyasallar\u0131nda kullan\u0131l\u0131r.<\/strong><\/p>\n<p><strong>\u00a0<\/strong><\/p>\n<p><strong>KULLANIM ALANLARI<\/strong><\/p>\n<p><strong>Saha beton ve end\u00fcstriyel zeminlerde,<\/strong><\/p>\n<p><strong>Tamir ve yap\u0131\u015ft\u0131rma har\u00e7lar\u0131nda,<\/strong><\/p>\n<p><strong>Prefabrik ve prekast yap\u0131larda,<\/strong><\/p>\n<p><strong>\u015eap uygulamalar\u0131nda,<\/strong><\/p>\n<p><strong>Y\u00fcksek mukavemet istenen yap\u0131larda,<\/strong><\/p>\n<p><strong>P\u00fcsk\u00fcrtme beton (shorcrete) uygulamalar\u0131nda,<\/strong><\/p>\n<p><strong>Cami kubbelerinde, t\u00fcnel i\u00e7i kaplamalarda,<\/strong><\/p>\n<p><strong>Mimari olarak ince yap\u0131lmas\u0131 gereken yap\u0131larda,<\/strong><\/p>\n<p><strong>Havaalan\u0131 ve Liman gibi \u00fczerinde fazla a\u011f\u0131rl\u0131k\u00a0 dola\u015fan yerlerde,<\/strong><\/p>\n<p><strong>Baraj, yapay g\u00f6let ve havuz yap\u0131mlar\u0131nda kullan\u0131l\u0131r.<\/strong><\/p>\n<p><strong>\u00a0<\/strong><\/p>\n<p><strong>AMBALAJ<\/strong><\/p>\n<p><strong>4 Kg Kraft torbalarda<\/strong><strong>.<\/strong><\/p>\n<p><strong>\u00a0<\/strong><\/p>\n<p><strong>DEPOLAMA<\/strong><\/p>\n<p><strong>G\u00fcne\u015f \u0131\u015f\u0131\u011f\u0131na temas etmeyen kuru ve serin yerlerde muhafaza ediniz.<\/strong><\/p>\n<p><strong>\u00a0<\/strong><\/p>\n","protected":false},"excerpt":{"rendered":"<p>F\u0130BER ELYAF F\u0130BER ELYAF, karbon elyaf, di\u011fer ad\u0131yla karbon fiber ipliksi, teknoloji \u00fcr\u00fcn\u00fc olan bir malzemedir. Katran, naylon ve orlondan<\/p>\n","protected":false},"featured_media":16023,"comment_status":"open","ping_status":"closed","template":"","meta":{"_joinchat":[]},"product_cat":[70],"product_tag":[],"class_list":{"0":"post-16022","1":"product","2":"type-product","3":"status-publish","4":"has-post-thumbnail","6":"product_cat-boya-ve-yapi-kimyasallar","8":"first","9":"instock","10":"shipping-taxable","11":"purchasable","12":"product-type-variable"},"yoast_head":"<!-- This site is optimized with the Yoast SEO Premium plugin v20.2.1 (Yoast SEO v20.2.1) - https:\/\/yoast.com\/wordpress\/plugins\/seo\/ -->\n<title>F\u0130BER ELYAF - Akerkimya<\/title>\n<meta name=\"robots\" content=\"index, follow, max-snippet:-1, max-image-preview:large, max-video-preview:-1\" \/>\n<link rel=\"canonical\" href=\"https:\/\/akerkimya.com\/eticaret\/urun\/fiber-elyaf\/\" \/>\n<meta property=\"og:locale\" content=\"tr_TR\" \/>\n<meta property=\"og:type\" content=\"article\" \/>\n<meta property=\"og:title\" content=\"F\u0130BER ELYAF\" \/>\n<meta property=\"og:description\" content=\"F\u0130BER ELYAF F\u0130BER ELYAF, karbon elyaf, di\u011fer ad\u0131yla karbon fiber ipliksi, teknoloji \u00fcr\u00fcn\u00fc olan bir malzemedir. Katran, naylon ve orlondan\" \/>\n<meta property=\"og:url\" content=\"https:\/\/akerkimya.com\/eticaret\/urun\/fiber-elyaf\/\" \/>\n<meta property=\"og:site_name\" content=\"Akerkimya\" \/>\n<meta property=\"article:modified_time\" content=\"2026-03-29T23:23:41+00:00\" \/>\n<meta property=\"og:image\" content=\"https:\/\/akerkimya.com\/eticaret\/wp-content\/uploads\/2024\/12\/FIBER-ELYAF-GUNCEL.png\" \/>\n\t<meta property=\"og:image:width\" content=\"1000\" \/>\n\t<meta property=\"og:image:height\" content=\"1000\" \/>\n\t<meta property=\"og:image:type\" content=\"image\/png\" \/>\n<meta name=\"twitter:card\" content=\"summary_large_image\" \/>\n<meta name=\"twitter:label1\" content=\"Tahmini okuma s\u00fcresi\" \/>\n\t<meta name=\"twitter:data1\" content=\"1 dakika\" \/>\n<script type=\"application\/ld+json\" class=\"yoast-schema-graph\">{\"@context\":\"https:\/\/schema.org\",\"@graph\":[{\"@type\":\"WebPage\",\"@id\":\"https:\/\/akerkimya.com\/eticaret\/urun\/fiber-elyaf\/\",\"url\":\"https:\/\/akerkimya.com\/eticaret\/urun\/fiber-elyaf\/\",\"name\":\"F\u0130BER ELYAF - Akerkimya\",\"isPartOf\":{\"@id\":\"https:\/\/akerkimya.com\/eticaret\/#website\"},\"datePublished\":\"2024-12-28T14:14:31+00:00\",\"dateModified\":\"2026-03-29T23:23:41+00:00\",\"breadcrumb\":{\"@id\":\"https:\/\/akerkimya.com\/eticaret\/urun\/fiber-elyaf\/#breadcrumb\"},\"inLanguage\":\"tr\",\"potentialAction\":[{\"@type\":\"ReadAction\",\"target\":[\"https:\/\/akerkimya.com\/eticaret\/urun\/fiber-elyaf\/\"]}]},{\"@type\":\"BreadcrumbList\",\"@id\":\"https:\/\/akerkimya.com\/eticaret\/urun\/fiber-elyaf\/#breadcrumb\",\"itemListElement\":[{\"@type\":\"ListItem\",\"position\":1,\"name\":\"Home\",\"item\":\"https:\/\/akerkimya.com\/eticaret\/\"},{\"@type\":\"ListItem\",\"position\":2,\"name\":\"Market\",\"item\":\"https:\/\/akerkimya.com\/eticaret\/market\/\"},{\"@type\":\"ListItem\",\"position\":3,\"name\":\"F\u0130BER ELYAF\"}]},{\"@type\":\"WebSite\",\"@id\":\"https:\/\/akerkimya.com\/eticaret\/#website\",\"url\":\"https:\/\/akerkimya.com\/eticaret\/\",\"name\":\"Akerkimya\",\"description\":\"\",\"potentialAction\":[{\"@type\":\"SearchAction\",\"target\":{\"@type\":\"EntryPoint\",\"urlTemplate\":\"https:\/\/akerkimya.com\/eticaret\/?s={search_term_string}\"},\"query-input\":\"required name=search_term_string\"}],\"inLanguage\":\"tr\"}]}<\/script>\n<!-- \/ Yoast SEO Premium plugin. -->","yoast_head_json":{"title":"F\u0130BER ELYAF - Akerkimya","robots":{"index":"index","follow":"follow","max-snippet":"max-snippet:-1","max-image-preview":"max-image-preview:large","max-video-preview":"max-video-preview:-1"},"canonical":"https:\/\/akerkimya.com\/eticaret\/urun\/fiber-elyaf\/","og_locale":"tr_TR","og_type":"article","og_title":"F\u0130BER ELYAF","og_description":"F\u0130BER ELYAF F\u0130BER ELYAF, karbon elyaf, di\u011fer ad\u0131yla karbon fiber ipliksi, teknoloji \u00fcr\u00fcn\u00fc olan bir malzemedir. Katran, naylon ve orlondan","og_url":"https:\/\/akerkimya.com\/eticaret\/urun\/fiber-elyaf\/","og_site_name":"Akerkimya","article_modified_time":"2026-03-29T23:23:41+00:00","og_image":[{"width":1000,"height":1000,"url":"https:\/\/akerkimya.com\/eticaret\/wp-content\/uploads\/2024\/12\/FIBER-ELYAF-GUNCEL.png","type":"image\/png"}],"twitter_card":"summary_large_image","twitter_misc":{"Tahmini okuma s\u00fcresi":"1 dakika"},"schema":{"@context":"https:\/\/schema.org","@graph":[{"@type":"WebPage","@id":"https:\/\/akerkimya.com\/eticaret\/urun\/fiber-elyaf\/","url":"https:\/\/akerkimya.com\/eticaret\/urun\/fiber-elyaf\/","name":"F\u0130BER ELYAF - Akerkimya","isPartOf":{"@id":"https:\/\/akerkimya.com\/eticaret\/#website"},"datePublished":"2024-12-28T14:14:31+00:00","dateModified":"2026-03-29T23:23:41+00:00","breadcrumb":{"@id":"https:\/\/akerkimya.com\/eticaret\/urun\/fiber-elyaf\/#breadcrumb"},"inLanguage":"tr","potentialAction":[{"@type":"ReadAction","target":["https:\/\/akerkimya.com\/eticaret\/urun\/fiber-elyaf\/"]}]},{"@type":"BreadcrumbList","@id":"https:\/\/akerkimya.com\/eticaret\/urun\/fiber-elyaf\/#breadcrumb","itemListElement":[{"@type":"ListItem","position":1,"name":"Home","item":"https:\/\/akerkimya.com\/eticaret\/"},{"@type":"ListItem","position":2,"name":"Market","item":"https:\/\/akerkimya.com\/eticaret\/market\/"},{"@type":"ListItem","position":3,"name":"F\u0130BER ELYAF"}]},{"@type":"WebSite","@id":"https:\/\/akerkimya.com\/eticaret\/#website","url":"https:\/\/akerkimya.com\/eticaret\/","name":"Akerkimya","description":"","potentialAction":[{"@type":"SearchAction","target":{"@type":"EntryPoint","urlTemplate":"https:\/\/akerkimya.com\/eticaret\/?s={search_term_string}"},"query-input":"required name=search_term_string"}],"inLanguage":"tr"}]}},"_links":{"self":[{"href":"https:\/\/akerkimya.com\/eticaret\/wp-json\/wp\/v2\/product\/16022","targetHints":{"allow":["GET"]}}],"collection":[{"href":"https:\/\/akerkimya.com\/eticaret\/wp-json\/wp\/v2\/product"}],"about":[{"href":"https:\/\/akerkimya.com\/eticaret\/wp-json\/wp\/v2\/types\/product"}],"replies":[{"embeddable":true,"href":"https:\/\/akerkimya.com\/eticaret\/wp-json\/wp\/v2\/comments?post=16022"}],"version-history":[{"count":2,"href":"https:\/\/akerkimya.com\/eticaret\/wp-json\/wp\/v2\/product\/16022\/revisions"}],"predecessor-version":[{"id":16740,"href":"https:\/\/akerkimya.com\/eticaret\/wp-json\/wp\/v2\/product\/16022\/revisions\/16740"}],"wp:featuredmedia":[{"embeddable":true,"href":"https:\/\/akerkimya.com\/eticaret\/wp-json\/wp\/v2\/media\/16023"}],"wp:attachment":[{"href":"https:\/\/akerkimya.com\/eticaret\/wp-json\/wp\/v2\/media?parent=16022"}],"wp:term":[{"taxonomy":"product_cat","embeddable":true,"href":"https:\/\/akerkimya.com\/eticaret\/wp-json\/wp\/v2\/product_cat?post=16022"},{"taxonomy":"product_tag","embeddable":true,"href":"https:\/\/akerkimya.com\/eticaret\/wp-json\/wp\/v2\/product_tag?post=16022"}],"curies":[{"name":"wp","href":"https:\/\/api.w.org\/{rel}","templated":true}]}}