{"id":16058,"date":"2024-12-28T18:01:42","date_gmt":"2024-12-28T15:01:42","guid":{"rendered":"https:\/\/akerkimya.com\/eticaret\/?post_type=product&#038;p=16058"},"modified":"2026-03-30T02:23:41","modified_gmt":"2026-03-29T23:23:41","slug":"hidroksietiliden-difosfonik-asit-hedp","status":"publish","type":"product","link":"https:\/\/akerkimya.com\/eticaret\/urun\/hidroksietiliden-difosfonik-asit-hedp\/","title":{"rendered":"H\u0130DROKS\u0130ET\u0130L\u0130DEN D\u0130FOSFON\u0130K AS\u0130T (HEDP)"},"content":{"rendered":"<h1>H\u0130DROKS\u0130ET\u0130L\u0130DEN D\u0130FOSFON\u0130K AS\u0130T (HEDP)<\/h1>\n<p><strong>HEDP genellikle hammadde olarak fosfor asidi veya fosfor triklor\u00fcr kullan\u0131larak cam kapl\u0131 reakt\u00f6rlerde \u00fcretilir. Genellikle end\u00fcstriyel alanda %60 l\u0131k sulu \u00e7\u00f6zeltisi kullan\u0131l\u0131r. 1 den daha d\u00fc\u015f\u00fck PH de\u011ferine g\u00fc\u00e7l\u00fc asidik \u00f6zelli\u011fi vard\u0131r. <\/strong><\/p>\n<p><strong>\u00a0<\/strong><\/p>\n<p><strong>H\u0130DROKS\u0130ET\u0130L\u0130DEN D\u0130FOSFON\u0130K AS\u0130T \u00d6ZELL\u0130KLER\u0130<\/strong><\/p>\n<p><strong>Bir organofosforik asit inhibit\u00f6r\u00fcd\u00fcr. <\/strong><\/p>\n<p><strong>1 den daha d\u00fc\u015f\u00fck PH de\u011ferine g\u00fc\u00e7l\u00fc asidik \u00f6zelli\u011fi vard\u0131r. <\/strong><\/p>\n<p><strong>Berrak renksiz bir s\u0131v\u0131 sol\u00fcsyon olarak veya soluk sar\u0131 renkte sulu sol\u00fcsyon olarak bulunur ya da daha y\u00fcksek safl\u0131kta kristal toz \u015feklinde olur. <\/strong><\/p>\n<p><strong>Sulu \u00e7\u00f6zeltisindeki aktif i\u00e7erik %60 iken, kristal toz formundaki aktif i\u00e7erik %90 \u00fczerindedir. <\/strong><\/p>\n<p><strong>Ciddi derecede g\u00f6z yan\u0131klar\u0131na ve g\u00f6z hasar\u0131na neden olabilir.<\/strong><\/p>\n<p><strong>\u00a0<\/strong><\/p>\n<p><strong>TEKN\u0130K \u00d6ZELL\u0130KLER\u0130<\/strong><\/p>\n<p><strong>CAS NUMARASI: 2809-21-4<\/strong><\/p>\n<p><strong>K\u0130MYASAL \u0130SM\u0130: Hidroksietiliden Difosfonik Asit, Etidronik Asit<\/strong><\/p>\n<p><strong>MOLEK\u00dcLER FORM\u00dcL\u00dc: C2H8O7P2<\/strong><\/p>\n<p><strong>MOLAR A\u011eIRLIK: 206.03 g\/mol<\/strong><\/p>\n<p><strong>ER\u0130ME NOKTASI: -25<\/strong><\/p>\n<p><strong>\u00d6ZG\u00dcL A\u011eIRLIK: 1,43-1,46<\/strong><\/p>\n<p><strong>SUDA \u00c7\u00d6Z\u00dcN\u00dcRL\u00dcK: KARI\u015eAB\u0130L\u0130R<\/strong><\/p>\n<p><strong>\u00a0<\/strong><\/p>\n<p><strong>KULLANIM ALANLARI<\/strong><\/p>\n<p><strong>Al\u00e7ak bas\u0131n\u00e7 kazanlar\u0131nda \u00f6l\u00e7ek ve korozyon \u00f6nleyici olarak kullan\u0131l\u0131r.<\/strong><\/p>\n<p><strong>So\u011futma, kazan suyu ar\u0131tma gibi end\u00fcstriyel su ar\u0131tma sistemlerinde \u0131s\u0131 transferi y\u00fczeylerini kirleten \u00f6l\u00e7eklerin olu\u015fumunu \u00f6nlemek i\u00e7in kullan\u0131l\u0131r.<\/strong><\/p>\n<p><strong>Belediyelerin su sistemlerinde, Fe(Demir) ve Mn(Manganez) oksitlerin \u00e7\u00f6kmesini \u00f6nlemek i\u00e7in kullan\u0131l\u0131r.<\/strong><\/p>\n<p><strong>Tuzdan ar\u0131nd\u0131rma yani uzakla\u015ft\u0131rmak amac\u0131yla \u00f6l\u00e7eklerde inhibisyon yapmak i\u00e7in kullan\u0131l\u0131r.<\/strong><\/p>\n<p><strong>Y\u00fczme havuzlar\u0131nda, leke ve \u00f6l\u00e7ek kontrol\u00fc yapmak i\u00e7in kullan\u0131l\u0131r.<\/strong><\/p>\n<p><strong>End\u00fcstriyel ve kurumsal deterjanlar s\u0131n\u0131f\u0131ndaki temizleyiciler ve ki\u015fisel bak\u0131m \u00fcr\u00fcnlerinde peroksit a\u011fart\u0131c\u0131 stabilizasyonu i\u00e7in kullan\u0131l\u0131r.<\/strong><\/p>\n<p><strong>HEDP, end\u00fcstriyel su ar\u0131t\u0131m\u0131nda SHMP gibi fosfonatlara kar\u015f\u0131l\u0131k tercih edilen bir kimyasald\u0131r.<\/strong><\/p>\n<p><strong>\u0130\u00e7me suyu katk\u0131 maddesi olarak kullan\u0131lmaktad\u0131r.<\/strong><\/p>\n<p><strong>Hafif dokuma end\u00fcstrisinde, metal ve nonmetal deterjan olarak kullan\u0131l\u0131r.<\/strong><\/p>\n<p><strong>Boya end\u00fcstrisinde Peroksit dengeleyici ve boya tespit ajan\u0131 olarak kullan\u0131l\u0131r.<\/strong><\/p>\n<p><strong>Siyan\u00fcr olamayan elektro kaplamada \u015felat ajan olarak kullan\u0131l\u0131r. <\/strong><\/p>\n<p><strong>Farmakolojik sekt\u00f6rde, y\u00fcksek safl\u0131ktaki \u00fcr\u00fcn\u00fc baz\u0131 form\u00fcllerin \u00fcretiminde kullan\u0131lmakt\u0131r.<\/strong><\/p>\n<p><strong>Oksitleyici maddelerin par\u00e7alanmas\u0131n\u0131 \u00f6nlemek i\u00e7in kullan\u0131lmaktad\u0131r.<\/strong><\/p>\n<p><strong>Sa\u00e7 a\u00e7\u0131c\u0131 hidrojen peroksit bazl\u0131 oksidanlar\u0131n \u00fcretiminde form\u00fclasyonun uygulamas\u0131 s\u0131ras\u0131nda veya \u00f6ncesinde \u015fi\u015fmesini engellemek i\u00e7in kullan\u0131l\u0131r.<\/strong><\/p>\n<p><strong>Petrol ve do\u011falgaz kuyular\u0131nda haz\u0131rlanan asitle\u015ftirme \u00e7\u00f6zeltilerinin imalat\u0131nda kullan\u0131lan fosfonat grubundand\u0131r.<\/strong><\/p>\n<p><strong>Kemik hastal\u0131\u011f\u0131n\u0131 tedavi etmek i\u00e7in kullan\u0131lan bir fosfonatt\u0131r.<\/strong><\/p>\n<p><strong>\u00a0<\/strong><\/p>\n<p><strong>AMBALAJ<\/strong><\/p>\n<p><strong>295 kg variller ve 1400 kg \u0131bc halindedir.<\/strong><\/p>\n<p><strong>\u00a0<\/strong><\/p>\n<p><strong>DEPOLAMA<\/strong><\/p>\n<p><strong>Serin ve kuru alanda muhafaza ediniz.<\/strong><\/p>\n<p><strong>\u00a0<\/strong><\/p>\n<p><strong>\u00a0<\/strong><\/p>\n<p><strong>\u00a0<\/strong><\/p>\n<p><strong>\u00a0<\/strong><\/p>\n<p><strong>\u00a0<\/strong><\/p>\n","protected":false},"excerpt":{"rendered":"<p>H\u0130DROKS\u0130ET\u0130L\u0130DEN D\u0130FOSFON\u0130K AS\u0130T (HEDP) HEDP genellikle hammadde olarak fosfor asidi veya fosfor triklor\u00fcr kullan\u0131larak cam kapl\u0131 reakt\u00f6rlerde \u00fcretilir. Genellikle end\u00fcstriyel<\/p>\n","protected":false},"featured_media":16059,"comment_status":"open","ping_status":"closed","template":"","meta":{"_joinchat":[]},"product_cat":[70,74,80],"product_tag":[],"class_list":{"0":"post-16058","1":"product","2":"type-product","3":"status-publish","4":"has-post-thumbnail","6":"product_cat-boya-ve-yapi-kimyasallar","7":"product_cat-deterjan-ve-kozmetik-kimyasallari","8":"product_cat-veteriner-ve-ilac-kimyasallari","10":"first","11":"instock","12":"shipping-taxable","13":"purchasable","14":"product-type-variable"},"yoast_head":"<!-- This site is optimized with the Yoast SEO Premium plugin v20.2.1 (Yoast SEO v20.2.1) - https:\/\/yoast.com\/wordpress\/plugins\/seo\/ -->\n<title>H\u0130DROKS\u0130ET\u0130L\u0130DEN D\u0130FOSFON\u0130K AS\u0130T (HEDP) - Akerkimya<\/title>\n<meta name=\"robots\" content=\"index, follow, max-snippet:-1, max-image-preview:large, max-video-preview:-1\" \/>\n<link rel=\"canonical\" href=\"https:\/\/akerkimya.com\/eticaret\/urun\/hidroksietiliden-difosfonik-asit-hedp\/\" \/>\n<meta property=\"og:locale\" content=\"tr_TR\" \/>\n<meta property=\"og:type\" content=\"article\" \/>\n<meta property=\"og:title\" content=\"H\u0130DROKS\u0130ET\u0130L\u0130DEN D\u0130FOSFON\u0130K AS\u0130T (HEDP)\" \/>\n<meta property=\"og:description\" content=\"H\u0130DROKS\u0130ET\u0130L\u0130DEN D\u0130FOSFON\u0130K AS\u0130T (HEDP) HEDP genellikle hammadde olarak fosfor asidi veya fosfor triklor\u00fcr kullan\u0131larak cam kapl\u0131 reakt\u00f6rlerde \u00fcretilir. Genellikle end\u00fcstriyel\" \/>\n<meta property=\"og:url\" content=\"https:\/\/akerkimya.com\/eticaret\/urun\/hidroksietiliden-difosfonik-asit-hedp\/\" \/>\n<meta property=\"og:site_name\" content=\"Akerkimya\" \/>\n<meta property=\"article:modified_time\" content=\"2026-03-29T23:23:41+00:00\" \/>\n<meta property=\"og:image\" content=\"https:\/\/akerkimya.com\/eticaret\/wp-content\/uploads\/2024\/12\/HEDPHIDROKSIETILENDIFOSFONIKASIT-GUNCEL-.png\" \/>\n\t<meta property=\"og:image:width\" content=\"1000\" \/>\n\t<meta property=\"og:image:height\" content=\"1000\" \/>\n\t<meta property=\"og:image:type\" content=\"image\/png\" \/>\n<meta name=\"twitter:card\" content=\"summary_large_image\" \/>\n<meta name=\"twitter:label1\" content=\"Tahmini okuma s\u00fcresi\" \/>\n\t<meta name=\"twitter:data1\" content=\"2 dakika\" \/>\n<script type=\"application\/ld+json\" class=\"yoast-schema-graph\">{\"@context\":\"https:\/\/schema.org\",\"@graph\":[{\"@type\":\"WebPage\",\"@id\":\"https:\/\/akerkimya.com\/eticaret\/urun\/hidroksietiliden-difosfonik-asit-hedp\/\",\"url\":\"https:\/\/akerkimya.com\/eticaret\/urun\/hidroksietiliden-difosfonik-asit-hedp\/\",\"name\":\"H\u0130DROKS\u0130ET\u0130L\u0130DEN D\u0130FOSFON\u0130K AS\u0130T (HEDP) - Akerkimya\",\"isPartOf\":{\"@id\":\"https:\/\/akerkimya.com\/eticaret\/#website\"},\"datePublished\":\"2024-12-28T15:01:42+00:00\",\"dateModified\":\"2026-03-29T23:23:41+00:00\",\"breadcrumb\":{\"@id\":\"https:\/\/akerkimya.com\/eticaret\/urun\/hidroksietiliden-difosfonik-asit-hedp\/#breadcrumb\"},\"inLanguage\":\"tr\",\"potentialAction\":[{\"@type\":\"ReadAction\",\"target\":[\"https:\/\/akerkimya.com\/eticaret\/urun\/hidroksietiliden-difosfonik-asit-hedp\/\"]}]},{\"@type\":\"BreadcrumbList\",\"@id\":\"https:\/\/akerkimya.com\/eticaret\/urun\/hidroksietiliden-difosfonik-asit-hedp\/#breadcrumb\",\"itemListElement\":[{\"@type\":\"ListItem\",\"position\":1,\"name\":\"Home\",\"item\":\"https:\/\/akerkimya.com\/eticaret\/\"},{\"@type\":\"ListItem\",\"position\":2,\"name\":\"Market\",\"item\":\"https:\/\/akerkimya.com\/eticaret\/market\/\"},{\"@type\":\"ListItem\",\"position\":3,\"name\":\"H\u0130DROKS\u0130ET\u0130L\u0130DEN D\u0130FOSFON\u0130K AS\u0130T (HEDP)\"}]},{\"@type\":\"WebSite\",\"@id\":\"https:\/\/akerkimya.com\/eticaret\/#website\",\"url\":\"https:\/\/akerkimya.com\/eticaret\/\",\"name\":\"Akerkimya\",\"description\":\"\",\"potentialAction\":[{\"@type\":\"SearchAction\",\"target\":{\"@type\":\"EntryPoint\",\"urlTemplate\":\"https:\/\/akerkimya.com\/eticaret\/?s={search_term_string}\"},\"query-input\":\"required name=search_term_string\"}],\"inLanguage\":\"tr\"}]}<\/script>\n<!-- \/ Yoast SEO Premium plugin. -->","yoast_head_json":{"title":"H\u0130DROKS\u0130ET\u0130L\u0130DEN D\u0130FOSFON\u0130K AS\u0130T (HEDP) - Akerkimya","robots":{"index":"index","follow":"follow","max-snippet":"max-snippet:-1","max-image-preview":"max-image-preview:large","max-video-preview":"max-video-preview:-1"},"canonical":"https:\/\/akerkimya.com\/eticaret\/urun\/hidroksietiliden-difosfonik-asit-hedp\/","og_locale":"tr_TR","og_type":"article","og_title":"H\u0130DROKS\u0130ET\u0130L\u0130DEN D\u0130FOSFON\u0130K AS\u0130T (HEDP)","og_description":"H\u0130DROKS\u0130ET\u0130L\u0130DEN D\u0130FOSFON\u0130K AS\u0130T (HEDP) HEDP genellikle hammadde olarak fosfor asidi veya fosfor triklor\u00fcr kullan\u0131larak cam kapl\u0131 reakt\u00f6rlerde \u00fcretilir. Genellikle end\u00fcstriyel","og_url":"https:\/\/akerkimya.com\/eticaret\/urun\/hidroksietiliden-difosfonik-asit-hedp\/","og_site_name":"Akerkimya","article_modified_time":"2026-03-29T23:23:41+00:00","og_image":[{"width":1000,"height":1000,"url":"https:\/\/akerkimya.com\/eticaret\/wp-content\/uploads\/2024\/12\/HEDPHIDROKSIETILENDIFOSFONIKASIT-GUNCEL-.png","type":"image\/png"}],"twitter_card":"summary_large_image","twitter_misc":{"Tahmini okuma s\u00fcresi":"2 dakika"},"schema":{"@context":"https:\/\/schema.org","@graph":[{"@type":"WebPage","@id":"https:\/\/akerkimya.com\/eticaret\/urun\/hidroksietiliden-difosfonik-asit-hedp\/","url":"https:\/\/akerkimya.com\/eticaret\/urun\/hidroksietiliden-difosfonik-asit-hedp\/","name":"H\u0130DROKS\u0130ET\u0130L\u0130DEN D\u0130FOSFON\u0130K AS\u0130T (HEDP) - Akerkimya","isPartOf":{"@id":"https:\/\/akerkimya.com\/eticaret\/#website"},"datePublished":"2024-12-28T15:01:42+00:00","dateModified":"2026-03-29T23:23:41+00:00","breadcrumb":{"@id":"https:\/\/akerkimya.com\/eticaret\/urun\/hidroksietiliden-difosfonik-asit-hedp\/#breadcrumb"},"inLanguage":"tr","potentialAction":[{"@type":"ReadAction","target":["https:\/\/akerkimya.com\/eticaret\/urun\/hidroksietiliden-difosfonik-asit-hedp\/"]}]},{"@type":"BreadcrumbList","@id":"https:\/\/akerkimya.com\/eticaret\/urun\/hidroksietiliden-difosfonik-asit-hedp\/#breadcrumb","itemListElement":[{"@type":"ListItem","position":1,"name":"Home","item":"https:\/\/akerkimya.com\/eticaret\/"},{"@type":"ListItem","position":2,"name":"Market","item":"https:\/\/akerkimya.com\/eticaret\/market\/"},{"@type":"ListItem","position":3,"name":"H\u0130DROKS\u0130ET\u0130L\u0130DEN D\u0130FOSFON\u0130K AS\u0130T (HEDP)"}]},{"@type":"WebSite","@id":"https:\/\/akerkimya.com\/eticaret\/#website","url":"https:\/\/akerkimya.com\/eticaret\/","name":"Akerkimya","description":"","potentialAction":[{"@type":"SearchAction","target":{"@type":"EntryPoint","urlTemplate":"https:\/\/akerkimya.com\/eticaret\/?s={search_term_string}"},"query-input":"required name=search_term_string"}],"inLanguage":"tr"}]}},"_links":{"self":[{"href":"https:\/\/akerkimya.com\/eticaret\/wp-json\/wp\/v2\/product\/16058","targetHints":{"allow":["GET"]}}],"collection":[{"href":"https:\/\/akerkimya.com\/eticaret\/wp-json\/wp\/v2\/product"}],"about":[{"href":"https:\/\/akerkimya.com\/eticaret\/wp-json\/wp\/v2\/types\/product"}],"replies":[{"embeddable":true,"href":"https:\/\/akerkimya.com\/eticaret\/wp-json\/wp\/v2\/comments?post=16058"}],"version-history":[{"count":2,"href":"https:\/\/akerkimya.com\/eticaret\/wp-json\/wp\/v2\/product\/16058\/revisions"}],"predecessor-version":[{"id":16734,"href":"https:\/\/akerkimya.com\/eticaret\/wp-json\/wp\/v2\/product\/16058\/revisions\/16734"}],"wp:featuredmedia":[{"embeddable":true,"href":"https:\/\/akerkimya.com\/eticaret\/wp-json\/wp\/v2\/media\/16059"}],"wp:attachment":[{"href":"https:\/\/akerkimya.com\/eticaret\/wp-json\/wp\/v2\/media?parent=16058"}],"wp:term":[{"taxonomy":"product_cat","embeddable":true,"href":"https:\/\/akerkimya.com\/eticaret\/wp-json\/wp\/v2\/product_cat?post=16058"},{"taxonomy":"product_tag","embeddable":true,"href":"https:\/\/akerkimya.com\/eticaret\/wp-json\/wp\/v2\/product_tag?post=16058"}],"curies":[{"name":"wp","href":"https:\/\/api.w.org\/{rel}","templated":true}]}}