{"id":16109,"date":"2024-12-29T00:23:09","date_gmt":"2024-12-28T21:23:09","guid":{"rendered":"https:\/\/akerkimya.com\/eticaret\/?post_type=product&#038;p=16109"},"modified":"2026-03-30T02:23:43","modified_gmt":"2026-03-29T23:23:43","slug":"kalsit","status":"publish","type":"product","link":"https:\/\/akerkimya.com\/eticaret\/urun\/kalsit\/","title":{"rendered":"KALS\u0130T"},"content":{"rendered":"<h1>KALS\u0130T<\/h1>\n<p><strong>Kire\u00e7 ta\u015f\u0131 olarak da bilinen karbonatl\u0131 kaya\u00e7lar\u0131 olu\u015fturan bu mineralin kimyasal yap\u0131s\u0131 CaCO3\u2019d\u0131r. Bu bile\u015fik do\u011fada en fazla eski kaya\u00e7 ve deniz kabuklar\u0131nda bulunur. \u00c7e\u015fitli \u015fekillerde kristal halde bulunan cams\u0131 parlakl\u0131kta, renksiz saydam yap\u0131dad\u0131r. Kolay \u00f6\u011f\u00fct\u00fcl\u00fcr ve beyaz renkli bir toz elde edilir.<\/strong><\/p>\n<p><strong>TEKN\u0130K \u00d6ZELL\u0130KLER<\/strong><\/p>\n<p><strong>FORM\u00dcL:\u00a0 CaCO3<\/strong><\/p>\n<p><strong>G\u00d6R\u00dcN\u00dcM: Beyaz, Sar\u0131ms\u0131, Mavimsi Toz<\/strong><\/p>\n<p><strong>YO\u011eUNLUK:\u00a0 2.75 gr\/cm3<\/strong><\/p>\n<p><strong>ER\u0130ME: 1.025 C<\/strong><\/p>\n<p><strong>\u00d6ZG\u00dcL A\u011eIRLIK:\u00a0 2.71<\/strong><\/p>\n<p><strong>SERTL\u0130K:\u00a0 3 mhos<\/strong><\/p>\n<p><strong>KIRILMA:\u00a0 1.49-1.66<\/strong><\/p>\n<p><strong>\u00c7\u00d6Z\u00dcN\u00dcRL\u0130K: Suda \u00e7\u00f6z\u00fcn\u00fcr<\/strong><\/p>\n<p><strong>MOLEK\u00dcL K\u00dcTLES\u0130: 100.0869 gr\/mol<\/strong><\/p>\n<p><strong>AS\u0130TL\u0130K:\u00a0 9. 0<\/strong><\/p>\n<p><strong>\u00a0<\/strong><\/p>\n<p><strong>\u00a0KULLANIM ALANLARI<\/strong><\/p>\n<p><strong>Bask\u0131 m\u00fcrekkebi, mukavva ve k\u00e2\u011f\u0131t sekt\u00f6r\u00fcnde dolgu malzemesi olarak kullan\u0131l\u0131r.<\/strong><\/p>\n<p><strong>Boya sekt\u00f6r\u00fcnde su bazl\u0131 in\u015faat boyalar\u0131nda y\u00fczey geni\u015fletici olarak kullan\u0131lan kalsit y\u00fczeyi kaplamas\u0131n\u0131 sa\u011flar titan dioksit kullan\u0131m\u0131n\u0131 azalt\u0131r.\u00a0\u00a0<\/strong><\/p>\n<p><strong>Plastik ve kablo sekt\u00f6r\u00fcnde dolgu malzemesi olarak kullan\u0131l\u0131r.<\/strong><\/p>\n<p><strong>\u0130n\u015faat sekt\u00f6r\u00fcnde s\u0131va, macun, derz dolgusu, al\u00e7\u0131 \u00fcretiminde kullan\u0131l\u0131r.<\/strong><\/p>\n<p><strong>Yap\u0131\u015ft\u0131r\u0131c\u0131larda polimerlerle kar\u0131\u015ft\u0131r\u0131larak kullan\u0131l\u0131r.<\/strong><\/p>\n<p><strong>G\u0131da ve Yem sekt\u00f6r\u00fcnde katk\u0131 malzemesi olarak kullan\u0131l\u0131r.<\/strong><\/p>\n<p><strong>Seramik sekt\u00f6r\u00fc (40-100 mikron boyutu) dolguda kullanmaktad\u0131r.<\/strong><\/p>\n<p><strong>\u0130la\u00e7 sekt\u00f6r\u00fcnde kullan\u0131l\u0131r.<\/strong><\/p>\n<p><strong>K\u00f6m\u00fcr santrallerinde hava kirlili\u011fini \u00f6nlemek i\u00e7in kullan\u0131lmaktad\u0131rlar.<\/strong><\/p>\n<p><strong>Sanayide mermer, tebe\u015fir, kire\u00e7ta\u015f\u0131 gibi malzemeleri \u00fcretiminde kullan\u0131l\u0131r.<\/strong><\/p>\n<p><strong>Vernik ve kaplama malzemelerinde kullan\u0131l\u0131r.<\/strong><\/p>\n<p><strong>Hamur ve levha haz\u0131r kal\u0131plama bile\u015fimlerinde dolgu malzemesi olarak kullan\u0131lmaktad\u0131r.<\/strong><\/p>\n<p><strong>Mikronize edilen kalsit yap\u0131\u015ft\u0131r\u0131c\u0131lar, \u00e7iklet, yem sanayi, di\u015f macunu, hal\u0131 taban\u0131, mu\u015famba ve s\u00fcnger gibi sekt\u00f6rlerde de kullan\u0131lmaktad\u0131r.<\/strong><\/p>\n<p><strong>Son y\u0131llarda \u00e7evresel dengenin sa\u011flanmas\u0131nda da kullan\u0131lmaktad\u0131r.<\/strong><\/p>\n<p><strong>Asit \u00f6zellikli topraktan iyi \u00fcr\u00fcn almak i\u00e7in tar\u0131mda kullan\u0131lmaktad\u0131r.<\/strong><\/p>\n<p><strong>\u00a0<\/strong><\/p>\n<p><strong>\u00a0AVANTAJLARI<\/strong><\/p>\n<p><strong>Sindirim sisteminin normal fonksiyonuna katk\u0131da bulunur.<\/strong><\/p>\n<p><strong>Kemik ve di\u015flerin korunmas\u0131 i\u00e7in gereklidir.<\/strong><\/p>\n<p><strong>N\u00f6tralize eder ve anti bakteriyel \u00f6zelli\u011fi vard\u0131r.<\/strong><\/p>\n<p><strong>Nano tanecik boyutunda \u00fcretim m\u00fcmk\u00fcnd\u00fcr. Bu \u00f6zelli\u011fiyle da\u011f\u0131l\u0131m, parlakl\u0131k, \u00f6rt\u00fcc\u00fcl\u00fck gibi fiziksel \u00f6zelliklerin d\u00fczene sokulmas\u0131 i\u00e7in son derece kullan\u0131\u015fl\u0131d\u0131r.<\/strong><\/p>\n<p><strong>Y\u00fcksek beyazl\u0131ktad\u0131r ve maliyeti ucuzdur.<\/strong><\/p>\n<p><strong>Toksin de\u011fildir ve hava \u015fartlar\u0131na kar\u015f\u0131 dayan\u0131kl\u0131d\u0131r.<\/strong><\/p>\n<p><strong>Elektrik y\u00fck\u00fc ve ya\u011f emmesi d\u00fc\u015f\u00fckt\u00fcr.<\/strong><\/p>\n<p><strong>Silis, demir ve magnezyum gibi safs\u0131zl\u0131klar\u0131 \u00e7ok d\u00fc\u015f\u00fck orandad\u0131r.<\/strong><\/p>\n<p><strong>Cevherde beyazl\u0131k derecesinin y\u00fcksekli\u011fi boyada ve plastikte titanyum dioksit ve k\u00e2\u011f\u0131tta optik beyazlat\u0131c\u0131 tasarrufu sa\u011flad\u0131\u011f\u0131 i\u00e7in daima tercih edilmektedir.<\/strong><\/p>\n<p><strong>Kalsitin i\u00e7inde yo\u011fun olarak bulundu\u011fu kaya\u00e7lar aragonit, kalsit, laterit, tebe\u015fir, kire\u00e7ta\u015f\u0131, mermer ve travertendir. Antiasitlerin \u00fcyesi olsa da fazlas\u0131 biyolojik olarak zararl\u0131d\u0131r.<\/strong><\/p>\n<p><strong>\u00a0<\/strong><\/p>\n<p><strong>AMBALAJ<\/strong><\/p>\n<p><strong>1-5-25 kg torbalar halinde<\/strong><\/p>\n<p><strong>\u00a0<\/strong><\/p>\n<p><strong>\u00a0DEPOLAMA<\/strong><\/p>\n<p><strong>G\u00fcne\u015f \u0131\u015f\u0131\u011f\u0131na temas etmeyen kuru ve serin yerlerde muhafaza ediniz.<\/strong><\/p>\n<p><strong>\u00a0<\/strong><\/p>\n","protected":false},"excerpt":{"rendered":"<p>KALS\u0130T Kire\u00e7 ta\u015f\u0131 olarak da bilinen karbonatl\u0131 kaya\u00e7lar\u0131 olu\u015fturan bu mineralin kimyasal yap\u0131s\u0131 CaCO3\u2019d\u0131r. Bu bile\u015fik do\u011fada en fazla eski<\/p>\n","protected":false},"featured_media":16110,"comment_status":"open","ping_status":"closed","template":"","meta":{"_joinchat":[]},"product_cat":[70,76,77,80,81],"product_tag":[],"class_list":{"0":"post-16109","1":"product","2":"type-product","3":"status-publish","4":"has-post-thumbnail","6":"product_cat-boya-ve-yapi-kimyasallar","7":"product_cat-gida-ve-katki-kimyasallari","8":"product_cat-kablo-imalati-kimyasallari","9":"product_cat-veteriner-ve-ilac-kimyasallari","10":"product_cat-yem-katki-kimyasallari","12":"first","13":"instock","14":"shipping-taxable","15":"purchasable","16":"product-type-variable"},"yoast_head":"<!-- This site is optimized with the Yoast SEO Premium plugin v20.2.1 (Yoast SEO v20.2.1) - https:\/\/yoast.com\/wordpress\/plugins\/seo\/ -->\n<title>KALS\u0130T - Akerkimya<\/title>\n<meta name=\"robots\" content=\"index, follow, max-snippet:-1, max-image-preview:large, max-video-preview:-1\" \/>\n<link rel=\"canonical\" href=\"https:\/\/akerkimya.com\/eticaret\/urun\/kalsit\/\" \/>\n<meta property=\"og:locale\" content=\"tr_TR\" \/>\n<meta property=\"og:type\" content=\"article\" \/>\n<meta property=\"og:title\" content=\"KALS\u0130T\" \/>\n<meta property=\"og:description\" content=\"KALS\u0130T Kire\u00e7 ta\u015f\u0131 olarak da bilinen karbonatl\u0131 kaya\u00e7lar\u0131 olu\u015fturan bu mineralin kimyasal yap\u0131s\u0131 CaCO3\u2019d\u0131r. Bu bile\u015fik do\u011fada en fazla eski\" \/>\n<meta property=\"og:url\" content=\"https:\/\/akerkimya.com\/eticaret\/urun\/kalsit\/\" \/>\n<meta property=\"og:site_name\" content=\"Akerkimya\" \/>\n<meta property=\"article:modified_time\" content=\"2026-03-29T23:23:43+00:00\" \/>\n<meta property=\"og:image\" content=\"https:\/\/akerkimya.com\/eticaret\/wp-content\/uploads\/2024\/12\/KALSIT-GUNCEL.png\" \/>\n\t<meta property=\"og:image:width\" content=\"1000\" \/>\n\t<meta property=\"og:image:height\" content=\"1000\" \/>\n\t<meta property=\"og:image:type\" content=\"image\/png\" \/>\n<meta name=\"twitter:card\" content=\"summary_large_image\" \/>\n<meta name=\"twitter:label1\" content=\"Tahmini okuma s\u00fcresi\" \/>\n\t<meta name=\"twitter:data1\" content=\"3 dakika\" \/>\n<script type=\"application\/ld+json\" class=\"yoast-schema-graph\">{\"@context\":\"https:\/\/schema.org\",\"@graph\":[{\"@type\":\"WebPage\",\"@id\":\"https:\/\/akerkimya.com\/eticaret\/urun\/kalsit\/\",\"url\":\"https:\/\/akerkimya.com\/eticaret\/urun\/kalsit\/\",\"name\":\"KALS\u0130T - Akerkimya\",\"isPartOf\":{\"@id\":\"https:\/\/akerkimya.com\/eticaret\/#website\"},\"datePublished\":\"2024-12-28T21:23:09+00:00\",\"dateModified\":\"2026-03-29T23:23:43+00:00\",\"breadcrumb\":{\"@id\":\"https:\/\/akerkimya.com\/eticaret\/urun\/kalsit\/#breadcrumb\"},\"inLanguage\":\"tr\",\"potentialAction\":[{\"@type\":\"ReadAction\",\"target\":[\"https:\/\/akerkimya.com\/eticaret\/urun\/kalsit\/\"]}]},{\"@type\":\"BreadcrumbList\",\"@id\":\"https:\/\/akerkimya.com\/eticaret\/urun\/kalsit\/#breadcrumb\",\"itemListElement\":[{\"@type\":\"ListItem\",\"position\":1,\"name\":\"Home\",\"item\":\"https:\/\/akerkimya.com\/eticaret\/\"},{\"@type\":\"ListItem\",\"position\":2,\"name\":\"Market\",\"item\":\"https:\/\/akerkimya.com\/eticaret\/market\/\"},{\"@type\":\"ListItem\",\"position\":3,\"name\":\"KALS\u0130T\"}]},{\"@type\":\"WebSite\",\"@id\":\"https:\/\/akerkimya.com\/eticaret\/#website\",\"url\":\"https:\/\/akerkimya.com\/eticaret\/\",\"name\":\"Akerkimya\",\"description\":\"\",\"potentialAction\":[{\"@type\":\"SearchAction\",\"target\":{\"@type\":\"EntryPoint\",\"urlTemplate\":\"https:\/\/akerkimya.com\/eticaret\/?s={search_term_string}\"},\"query-input\":\"required name=search_term_string\"}],\"inLanguage\":\"tr\"}]}<\/script>\n<!-- \/ Yoast SEO Premium plugin. -->","yoast_head_json":{"title":"KALS\u0130T - Akerkimya","robots":{"index":"index","follow":"follow","max-snippet":"max-snippet:-1","max-image-preview":"max-image-preview:large","max-video-preview":"max-video-preview:-1"},"canonical":"https:\/\/akerkimya.com\/eticaret\/urun\/kalsit\/","og_locale":"tr_TR","og_type":"article","og_title":"KALS\u0130T","og_description":"KALS\u0130T Kire\u00e7 ta\u015f\u0131 olarak da bilinen karbonatl\u0131 kaya\u00e7lar\u0131 olu\u015fturan bu mineralin kimyasal yap\u0131s\u0131 CaCO3\u2019d\u0131r. Bu bile\u015fik do\u011fada en fazla eski","og_url":"https:\/\/akerkimya.com\/eticaret\/urun\/kalsit\/","og_site_name":"Akerkimya","article_modified_time":"2026-03-29T23:23:43+00:00","og_image":[{"width":1000,"height":1000,"url":"https:\/\/akerkimya.com\/eticaret\/wp-content\/uploads\/2024\/12\/KALSIT-GUNCEL.png","type":"image\/png"}],"twitter_card":"summary_large_image","twitter_misc":{"Tahmini okuma s\u00fcresi":"3 dakika"},"schema":{"@context":"https:\/\/schema.org","@graph":[{"@type":"WebPage","@id":"https:\/\/akerkimya.com\/eticaret\/urun\/kalsit\/","url":"https:\/\/akerkimya.com\/eticaret\/urun\/kalsit\/","name":"KALS\u0130T - Akerkimya","isPartOf":{"@id":"https:\/\/akerkimya.com\/eticaret\/#website"},"datePublished":"2024-12-28T21:23:09+00:00","dateModified":"2026-03-29T23:23:43+00:00","breadcrumb":{"@id":"https:\/\/akerkimya.com\/eticaret\/urun\/kalsit\/#breadcrumb"},"inLanguage":"tr","potentialAction":[{"@type":"ReadAction","target":["https:\/\/akerkimya.com\/eticaret\/urun\/kalsit\/"]}]},{"@type":"BreadcrumbList","@id":"https:\/\/akerkimya.com\/eticaret\/urun\/kalsit\/#breadcrumb","itemListElement":[{"@type":"ListItem","position":1,"name":"Home","item":"https:\/\/akerkimya.com\/eticaret\/"},{"@type":"ListItem","position":2,"name":"Market","item":"https:\/\/akerkimya.com\/eticaret\/market\/"},{"@type":"ListItem","position":3,"name":"KALS\u0130T"}]},{"@type":"WebSite","@id":"https:\/\/akerkimya.com\/eticaret\/#website","url":"https:\/\/akerkimya.com\/eticaret\/","name":"Akerkimya","description":"","potentialAction":[{"@type":"SearchAction","target":{"@type":"EntryPoint","urlTemplate":"https:\/\/akerkimya.com\/eticaret\/?s={search_term_string}"},"query-input":"required name=search_term_string"}],"inLanguage":"tr"}]}},"_links":{"self":[{"href":"https:\/\/akerkimya.com\/eticaret\/wp-json\/wp\/v2\/product\/16109","targetHints":{"allow":["GET"]}}],"collection":[{"href":"https:\/\/akerkimya.com\/eticaret\/wp-json\/wp\/v2\/product"}],"about":[{"href":"https:\/\/akerkimya.com\/eticaret\/wp-json\/wp\/v2\/types\/product"}],"replies":[{"embeddable":true,"href":"https:\/\/akerkimya.com\/eticaret\/wp-json\/wp\/v2\/comments?post=16109"}],"version-history":[{"count":2,"href":"https:\/\/akerkimya.com\/eticaret\/wp-json\/wp\/v2\/product\/16109\/revisions"}],"predecessor-version":[{"id":16727,"href":"https:\/\/akerkimya.com\/eticaret\/wp-json\/wp\/v2\/product\/16109\/revisions\/16727"}],"wp:featuredmedia":[{"embeddable":true,"href":"https:\/\/akerkimya.com\/eticaret\/wp-json\/wp\/v2\/media\/16110"}],"wp:attachment":[{"href":"https:\/\/akerkimya.com\/eticaret\/wp-json\/wp\/v2\/media?parent=16109"}],"wp:term":[{"taxonomy":"product_cat","embeddable":true,"href":"https:\/\/akerkimya.com\/eticaret\/wp-json\/wp\/v2\/product_cat?post=16109"},{"taxonomy":"product_tag","embeddable":true,"href":"https:\/\/akerkimya.com\/eticaret\/wp-json\/wp\/v2\/product_tag?post=16109"}],"curies":[{"name":"wp","href":"https:\/\/api.w.org\/{rel}","templated":true}]}}