{"id":16115,"date":"2024-12-29T00:34:34","date_gmt":"2024-12-28T21:34:34","guid":{"rendered":"https:\/\/akerkimya.com\/eticaret\/?post_type=product&#038;p=16115"},"modified":"2026-03-30T02:22:14","modified_gmt":"2026-03-29T23:22:14","slug":"kalsiyum-aluminant","status":"publish","type":"product","link":"https:\/\/akerkimya.com\/eticaret\/urun\/kalsiyum-aluminant\/","title":{"rendered":"KALS\u0130YUM AL\u00dcM\u0130NANT"},"content":{"rendered":"<h1>KALS\u0130YUM AL\u00dcM\u0130NANT<\/h1>\n<p><strong>HAC olarak da bilinen y\u00fcksek al\u00fcmina \u00e7imento, g\u00fcc\u00fc \u00e7ok h\u0131zl\u0131 geli\u015ftiren \u00f6zel bir \u00e7imento bile\u015fi\u011fidir. Di\u011fer \u00e7imento formlar\u0131 ile ayn\u0131 \u015fekilde \u00fcretilir, ancak e\u015fsiz makyaj\u0131 hac\u2019a \u00f6zg\u00fc \u00f6zelliklerle sonu\u00e7lan\u0131r. \u00d6zellikle, y\u00fcksek % al\u00fcmina \u00e7imento kimyasal dayan\u0131kl\u0131d\u0131r ve so\u011fuk s\u0131cakl\u0131klara dayanabilir.<\/strong><strong><br \/>\nY\u00fcksek % al\u00fcmina \u00e7imento, se\u00e7ilen hammadde olarak do\u011fal y\u00fcksek dereceli boksit ve kire\u00e7ta\u015f\u0131 ile kalsine edilir. Bu serinin ana a\u015famas\u0131 esas olarak klinkeri olu\u015fturan CA ve ca2\u2019dir. En iyi par\u00e7ac\u0131k boyutu da\u011f\u0131t\u0131m\u0131na \u00f6\u011f\u00fct\u00fcld\u00fckten sonra, \u00e7imentolar en kritik m\u00fc\u015fterilerin talebini kar\u015f\u0131layacakt\u0131r<\/strong><\/p>\n<p><strong>\u00a0<\/strong><\/p>\n<p><strong>KALS\u0130YUM AL\u00dcM\u0130NANT \u00d6ZELL\u0130KLER\u0130<\/strong><strong><br \/>\n<\/strong><strong>Y\u00fcksek Almina i\u00e7eri\u011fi<\/strong><strong><br \/>\n<\/strong><strong>Y\u00fcksek erken mukavemet, h\u0131zl\u0131 ayar ve sertle\u015ftirme. 24 saat g\u00fcc\u00fc % 70% nihai g\u00fcce ula\u015fabilir.<\/strong><strong><br \/>\n<\/strong><strong>Hidrasyon y\u00fcksek \u0131s\u0131, hidrasyon \u0131s\u0131 konsantrasyonu<\/strong><strong><br \/>\n<\/strong><strong>Ekzotermik konsantrasyon ile hidrasyon y\u00fcksek \u0131s\u0131<\/strong><strong><br \/>\n<\/strong><strong>Don direnci iyidir, normal sertle\u015ftirme de d\u00fc\u015f\u00fck s\u0131cakl\u0131k ortam\u0131nda olabilir<\/strong><strong><br \/>\n<\/strong><strong>Geni\u015f aral\u0131kta kimyasal erozyon ve anti-biyo, \u00f6zellikle g\u00fc\u00e7l\u00fc anti s\u00fclfat erozyonu.<\/strong><strong><br \/>\n<\/strong><strong>Y\u00fcksek s\u0131cakl\u0131k ve termal \u015fok direnci performans\u0131 i\u00e7in Ideal \u00e7ok takdire \u015fayan, refrakter s\u0131cakl\u0131\u011f\u0131 1370 \u00b0 c\u2019ye ula\u015fabilir. 1500 \u00b0 c. daha iyi refrakter agrega se\u00e7ildiyse ula\u015f\u0131labilir.<\/strong><strong><br \/>\n<\/strong><strong>Temelde monolitik refrakter form\u00fcle ve yayg\u0131n olarak \u00e7elik, ham petrol, elektrik, demir d\u0131\u015f\u0131 metal, in\u015faat ve f\u0131r\u0131n sanayi<\/strong><strong><br \/>\n<\/strong><strong>1) Par\u00e7ac\u0131k boyutu \u00f6zelle\u015ftirilebilir.<\/strong><strong><br \/>\n<\/strong><strong>2) Kimyasal ve fiziksel indeks \u00f6zelle\u015ftirilebilir.<\/strong><strong><br \/>\n<\/strong><strong>3) S test y\u00f6ntemleri, m\u00fc\u015fteri ihtiyac\u0131 varsa Cl-sat\u0131n al\u0131nabilir.<\/strong><\/p>\n<p><strong>\u00a0<\/strong><\/p>\n<p><strong>TEKN\u0130K \u00d6ZELL\u0130KLER<\/strong><\/p>\n<p><strong>CAS NO: 161063-05-4<\/strong><\/p>\n<p><strong>K\u0130MYASAL FORM\u00dcL: Al2Ca205<\/strong><\/p>\n<p><strong>MOLEK\u00dcL A\u011eIRLI\u011eI: 214.116076 g\/mol<\/strong><\/p>\n<p><strong>\u00a0<\/strong><\/p>\n<p><strong>KULLANIM ALANLARI<\/strong><\/p>\n<p><strong>KALS\u0130YUM AL\u00dcM\u0130NAT, havaalan\u0131 pistleri, k\u00f6pr\u00fcler, otoyollar ve m\u00fchendislik uygulamalar\u0131nda kullan\u0131l\u0131r.<\/strong><\/p>\n<p><strong>Kimyasal a\u015f\u0131nmalara kar\u015f\u0131 mukavemetli olmas\u0131 sebebiyle kanalizasyon sistemlerinin i\u00e7 kaplamalar\u0131nda kullan\u0131l\u0131r.<\/strong><\/p>\n<p><strong>End\u00fcstriyel kazanlar, merdivenler ve toplama logarlar\u0131nda kullan\u0131l\u0131r.<\/strong><\/p>\n<p><strong>Kalsiyum Al\u00fcminat, zemin kaplama ve \u00e7e\u015fitli onar\u0131m i\u015flerinde kullan\u0131l\u0131r.<\/strong><\/p>\n<p><strong>S\u00fclfatl\u0131 sulara ve deniz suyuna maruz kalan beton yap\u0131lar\u0131nda kullan\u0131l\u0131r.<\/strong><\/p>\n<p><strong>Refrakter har\u00e7lar\u0131n \u00fcretiminde kullan\u0131l\u0131r.<\/strong><\/p>\n<p><strong>Su s\u0131z\u0131nt\u0131lar\u0131n\u0131n engellenmesi amac\u0131yla kullan\u0131l\u0131r.<\/strong><\/p>\n<p><strong>Kalsiyum al\u00fcminat, k\u0131sa s\u00fcrede hizmete girmesi gereken yap\u0131larda kullan\u0131l\u0131r.<\/strong><\/p>\n<p><strong>AMBALAJ<\/strong><\/p>\n<p><strong>1-5-25 kg torbalar halinde<\/strong><\/p>\n<p><strong>\u00a0<\/strong><\/p>\n<p><strong>\u00a0DEPOLAMA<\/strong><\/p>\n<p><strong>G\u00fcne\u015f \u0131\u015f\u0131\u011f\u0131na temas etmeyen kuru ve serin yerlerde muhafaza ediniz.<\/strong><\/p>\n<p><strong>\u00a0<\/strong><\/p>\n","protected":false},"excerpt":{"rendered":"<p>KALS\u0130YUM AL\u00dcM\u0130NANT HAC olarak da bilinen y\u00fcksek al\u00fcmina \u00e7imento, g\u00fcc\u00fc \u00e7ok h\u0131zl\u0131 geli\u015ftiren \u00f6zel bir \u00e7imento bile\u015fi\u011fidir. Di\u011fer \u00e7imento formlar\u0131<\/p>\n","protected":false},"featured_media":16116,"comment_status":"open","ping_status":"closed","template":"","meta":{"_joinchat":[]},"product_cat":[70],"product_tag":[],"class_list":{"0":"post-16115","1":"product","2":"type-product","3":"status-publish","4":"has-post-thumbnail","6":"product_cat-boya-ve-yapi-kimyasallar","8":"first","9":"instock","10":"shipping-taxable","11":"purchasable","12":"product-type-variable"},"yoast_head":"<!-- This site is optimized with the Yoast SEO Premium plugin v20.2.1 (Yoast SEO v20.2.1) - https:\/\/yoast.com\/wordpress\/plugins\/seo\/ -->\n<title>KALS\u0130YUM AL\u00dcM\u0130NANT - Akerkimya<\/title>\n<meta name=\"robots\" content=\"index, follow, max-snippet:-1, max-image-preview:large, max-video-preview:-1\" \/>\n<link rel=\"canonical\" href=\"https:\/\/akerkimya.com\/eticaret\/urun\/kalsiyum-aluminant\/\" \/>\n<meta property=\"og:locale\" content=\"tr_TR\" \/>\n<meta property=\"og:type\" content=\"article\" \/>\n<meta property=\"og:title\" content=\"KALS\u0130YUM AL\u00dcM\u0130NANT\" \/>\n<meta property=\"og:description\" content=\"KALS\u0130YUM AL\u00dcM\u0130NANT HAC olarak da bilinen y\u00fcksek al\u00fcmina \u00e7imento, g\u00fcc\u00fc \u00e7ok h\u0131zl\u0131 geli\u015ftiren \u00f6zel bir \u00e7imento bile\u015fi\u011fidir. Di\u011fer \u00e7imento formlar\u0131\" \/>\n<meta property=\"og:url\" content=\"https:\/\/akerkimya.com\/eticaret\/urun\/kalsiyum-aluminant\/\" \/>\n<meta property=\"og:site_name\" content=\"Akerkimya\" \/>\n<meta property=\"article:modified_time\" content=\"2026-03-29T23:22:14+00:00\" \/>\n<meta property=\"og:image\" content=\"https:\/\/akerkimya.com\/eticaret\/wp-content\/uploads\/2024\/12\/KALSIYUM-ALUMINAT-GUNCEL-.png\" \/>\n\t<meta property=\"og:image:width\" content=\"1000\" \/>\n\t<meta property=\"og:image:height\" content=\"1000\" \/>\n\t<meta property=\"og:image:type\" content=\"image\/png\" \/>\n<meta name=\"twitter:card\" content=\"summary_large_image\" \/>\n<meta name=\"twitter:label1\" content=\"Tahmini okuma s\u00fcresi\" \/>\n\t<meta name=\"twitter:data1\" content=\"2 dakika\" \/>\n<script type=\"application\/ld+json\" class=\"yoast-schema-graph\">{\"@context\":\"https:\/\/schema.org\",\"@graph\":[{\"@type\":\"WebPage\",\"@id\":\"https:\/\/akerkimya.com\/eticaret\/urun\/kalsiyum-aluminant\/\",\"url\":\"https:\/\/akerkimya.com\/eticaret\/urun\/kalsiyum-aluminant\/\",\"name\":\"KALS\u0130YUM AL\u00dcM\u0130NANT - Akerkimya\",\"isPartOf\":{\"@id\":\"https:\/\/akerkimya.com\/eticaret\/#website\"},\"datePublished\":\"2024-12-28T21:34:34+00:00\",\"dateModified\":\"2026-03-29T23:22:14+00:00\",\"breadcrumb\":{\"@id\":\"https:\/\/akerkimya.com\/eticaret\/urun\/kalsiyum-aluminant\/#breadcrumb\"},\"inLanguage\":\"tr\",\"potentialAction\":[{\"@type\":\"ReadAction\",\"target\":[\"https:\/\/akerkimya.com\/eticaret\/urun\/kalsiyum-aluminant\/\"]}]},{\"@type\":\"BreadcrumbList\",\"@id\":\"https:\/\/akerkimya.com\/eticaret\/urun\/kalsiyum-aluminant\/#breadcrumb\",\"itemListElement\":[{\"@type\":\"ListItem\",\"position\":1,\"name\":\"Home\",\"item\":\"https:\/\/akerkimya.com\/eticaret\/\"},{\"@type\":\"ListItem\",\"position\":2,\"name\":\"Market\",\"item\":\"https:\/\/akerkimya.com\/eticaret\/market\/\"},{\"@type\":\"ListItem\",\"position\":3,\"name\":\"KALS\u0130YUM AL\u00dcM\u0130NANT\"}]},{\"@type\":\"WebSite\",\"@id\":\"https:\/\/akerkimya.com\/eticaret\/#website\",\"url\":\"https:\/\/akerkimya.com\/eticaret\/\",\"name\":\"Akerkimya\",\"description\":\"\",\"potentialAction\":[{\"@type\":\"SearchAction\",\"target\":{\"@type\":\"EntryPoint\",\"urlTemplate\":\"https:\/\/akerkimya.com\/eticaret\/?s={search_term_string}\"},\"query-input\":\"required name=search_term_string\"}],\"inLanguage\":\"tr\"}]}<\/script>\n<!-- \/ Yoast SEO Premium plugin. -->","yoast_head_json":{"title":"KALS\u0130YUM AL\u00dcM\u0130NANT - Akerkimya","robots":{"index":"index","follow":"follow","max-snippet":"max-snippet:-1","max-image-preview":"max-image-preview:large","max-video-preview":"max-video-preview:-1"},"canonical":"https:\/\/akerkimya.com\/eticaret\/urun\/kalsiyum-aluminant\/","og_locale":"tr_TR","og_type":"article","og_title":"KALS\u0130YUM AL\u00dcM\u0130NANT","og_description":"KALS\u0130YUM AL\u00dcM\u0130NANT HAC olarak da bilinen y\u00fcksek al\u00fcmina \u00e7imento, g\u00fcc\u00fc \u00e7ok h\u0131zl\u0131 geli\u015ftiren \u00f6zel bir \u00e7imento bile\u015fi\u011fidir. Di\u011fer \u00e7imento formlar\u0131","og_url":"https:\/\/akerkimya.com\/eticaret\/urun\/kalsiyum-aluminant\/","og_site_name":"Akerkimya","article_modified_time":"2026-03-29T23:22:14+00:00","og_image":[{"width":1000,"height":1000,"url":"https:\/\/akerkimya.com\/eticaret\/wp-content\/uploads\/2024\/12\/KALSIYUM-ALUMINAT-GUNCEL-.png","type":"image\/png"}],"twitter_card":"summary_large_image","twitter_misc":{"Tahmini okuma s\u00fcresi":"2 dakika"},"schema":{"@context":"https:\/\/schema.org","@graph":[{"@type":"WebPage","@id":"https:\/\/akerkimya.com\/eticaret\/urun\/kalsiyum-aluminant\/","url":"https:\/\/akerkimya.com\/eticaret\/urun\/kalsiyum-aluminant\/","name":"KALS\u0130YUM AL\u00dcM\u0130NANT - Akerkimya","isPartOf":{"@id":"https:\/\/akerkimya.com\/eticaret\/#website"},"datePublished":"2024-12-28T21:34:34+00:00","dateModified":"2026-03-29T23:22:14+00:00","breadcrumb":{"@id":"https:\/\/akerkimya.com\/eticaret\/urun\/kalsiyum-aluminant\/#breadcrumb"},"inLanguage":"tr","potentialAction":[{"@type":"ReadAction","target":["https:\/\/akerkimya.com\/eticaret\/urun\/kalsiyum-aluminant\/"]}]},{"@type":"BreadcrumbList","@id":"https:\/\/akerkimya.com\/eticaret\/urun\/kalsiyum-aluminant\/#breadcrumb","itemListElement":[{"@type":"ListItem","position":1,"name":"Home","item":"https:\/\/akerkimya.com\/eticaret\/"},{"@type":"ListItem","position":2,"name":"Market","item":"https:\/\/akerkimya.com\/eticaret\/market\/"},{"@type":"ListItem","position":3,"name":"KALS\u0130YUM AL\u00dcM\u0130NANT"}]},{"@type":"WebSite","@id":"https:\/\/akerkimya.com\/eticaret\/#website","url":"https:\/\/akerkimya.com\/eticaret\/","name":"Akerkimya","description":"","potentialAction":[{"@type":"SearchAction","target":{"@type":"EntryPoint","urlTemplate":"https:\/\/akerkimya.com\/eticaret\/?s={search_term_string}"},"query-input":"required name=search_term_string"}],"inLanguage":"tr"}]}},"_links":{"self":[{"href":"https:\/\/akerkimya.com\/eticaret\/wp-json\/wp\/v2\/product\/16115","targetHints":{"allow":["GET"]}}],"collection":[{"href":"https:\/\/akerkimya.com\/eticaret\/wp-json\/wp\/v2\/product"}],"about":[{"href":"https:\/\/akerkimya.com\/eticaret\/wp-json\/wp\/v2\/types\/product"}],"replies":[{"embeddable":true,"href":"https:\/\/akerkimya.com\/eticaret\/wp-json\/wp\/v2\/comments?post=16115"}],"version-history":[{"count":4,"href":"https:\/\/akerkimya.com\/eticaret\/wp-json\/wp\/v2\/product\/16115\/revisions"}],"predecessor-version":[{"id":19165,"href":"https:\/\/akerkimya.com\/eticaret\/wp-json\/wp\/v2\/product\/16115\/revisions\/19165"}],"wp:featuredmedia":[{"embeddable":true,"href":"https:\/\/akerkimya.com\/eticaret\/wp-json\/wp\/v2\/media\/16116"}],"wp:attachment":[{"href":"https:\/\/akerkimya.com\/eticaret\/wp-json\/wp\/v2\/media?parent=16115"}],"wp:term":[{"taxonomy":"product_cat","embeddable":true,"href":"https:\/\/akerkimya.com\/eticaret\/wp-json\/wp\/v2\/product_cat?post=16115"},{"taxonomy":"product_tag","embeddable":true,"href":"https:\/\/akerkimya.com\/eticaret\/wp-json\/wp\/v2\/product_tag?post=16115"}],"curies":[{"name":"wp","href":"https:\/\/api.w.org\/{rel}","templated":true}]}}