{"id":16127,"date":"2024-12-29T00:40:46","date_gmt":"2024-12-28T21:40:46","guid":{"rendered":"https:\/\/akerkimya.com\/eticaret\/?post_type=product&#038;p=16127"},"modified":"2026-03-30T02:23:43","modified_gmt":"2026-03-29T23:23:43","slug":"kalsiyum-florur","status":"publish","type":"product","link":"https:\/\/akerkimya.com\/eticaret\/urun\/kalsiyum-florur\/","title":{"rendered":"KALS\u0130YUM FLOR\u00dcR"},"content":{"rendered":"<h1>KALS\u0130YUM FLOR\u00dcR<\/h1>\n<p><strong>Kalsiyum flor\u00fcr, do\u011fada mineral florit veya fluorspar olarak buluna bilen CaF2 form\u00fcl\u00fcne sahip inorganik bir bile\u015fiktir. \u00c7\u00f6z\u00fcn\u00fcrl\u00fc\u011f\u00fc y\u00fcksek olan kalsiyum kayna\u011f\u0131 ile sodyum fl\u00fcor\u00fcr\u00fcn reaksiyona sokulmas\u0131 ile elde edilir.<\/strong><\/p>\n<p><strong>\u00a0<\/strong><\/p>\n<p><strong>KALS\u0130YUM FLOR\u00dcR \u00d6ZELL\u0130KLER\u0130<\/strong><\/p>\n<p><strong>Gran\u00fcl veya gri toz formunda, kokusuzdur.<\/strong><\/p>\n<p><strong>\u0130nert bir kimyasald\u0131r.<\/strong><\/p>\n<p><strong>Kalsiyum flor\u00fcr su ile kar\u0131\u015ft\u0131r\u0131ld\u0131\u011f\u0131nda aktif hale gelir, bulundu\u011fu ortam\u0131 \u0131s\u0131tma yani ekzotermik \u00f6zelli\u011fine sahiptir.<\/strong><\/p>\n<p><strong>Asetonda \u00e7\u00f6z\u00fcnmez, asitte \u00e7ok az \u00e7\u00f6z\u00fcn\u00fcr.<\/strong><\/p>\n<p><strong>\u00a0<\/strong><\/p>\n<p><strong>TEKN\u0130K \u00d6ZELL\u0130KLER\u0130<\/strong><\/p>\n<p><strong>CAS NUMARASI: 7789-75-5<\/strong><\/p>\n<p><strong>K\u0130MYASAL FORM\u00dcL: CaF2<\/strong><\/p>\n<p><strong>K\u0130MYASAL \u0130SM\u0130: Kalsiyum Flor\u00fcr, Fluourspar, Florit, Asit-Spar, Kalsiyum Difluor\u00fcr, Florpan <\/strong><\/p>\n<p><strong>MOLAR K\u00dcTLE: 78.075 g\/mol<\/strong><\/p>\n<p><strong>YO\u011eUNLUK: 3,18 g\/cm\u00b3<\/strong><\/p>\n<p><strong>ER\u0130ME NOKTASI: 1.418 \u00b0C (2.584 \u00b0F, 1.691 K)<\/strong><\/p>\n<p><strong>KAYNAMA NOKTASI: 2.533 \u00b0C (4.591 \u00b0F; 2.806 K)<\/strong><\/p>\n<p><strong>KIRILMA \u0130NDEKS\u0130: 1.4338<\/strong><\/p>\n<p><strong>\u00c7\u00d6Z\u00dcN\u00dcRL\u00dcK(SUDA): 0,015 g\/L (18 \u00b0C), 0,016 g\/L (20\u00b0C)<\/strong><\/p>\n<p><strong>\u00a0<\/strong><\/p>\n<p><strong>KULLANIM ALANLARI<\/strong><\/p>\n<p><strong>\u0130\u00e7me suyunu florlamak i\u00e7in kullan\u0131l\u0131r.<\/strong><\/p>\n<p><strong>Ah\u015fap koruyucu kimyasallar\u0131n \u00fcretiminde kataliz\u00f6r olarak kullan\u0131l\u0131r.<\/strong><\/p>\n<p><strong>Plastik sekt\u00f6r\u00fcnde katk\u0131 malzemesi olarak kullan\u0131l\u0131r.<\/strong><\/p>\n<p><strong>Nem \u00e7ekici \u00f6zelli\u011finden dolay\u0131 in\u015faatlarda toz tutucu olarak kullan\u0131l\u0131r.<\/strong><\/p>\n<p><strong>Al\u00fcminyum d\u00f6k\u00fcm tesislerinde erimi\u015f al\u00fcminyum ala\u015f\u0131mlar\u0131n\u0131 oksitlenmeye kar\u015f\u0131 korumak kalsiyum flor\u00fcr kullan\u0131l\u0131r.<\/strong><\/p>\n<p><strong>Yang\u0131n tozlar\u0131nda katk\u0131 maddesi olarak kullan\u0131l\u0131r.<\/strong><\/p>\n<p><strong>Toprakta sodyum seviyesini d\u00fc\u015f\u00fcrmede kullan\u0131l\u0131r.<\/strong><\/p>\n<p><strong>Oksijen f\u0131r\u0131nlar\u0131, elektrikli f\u0131r\u0131nlar ve \u00e7elik \u00fcretilen baz\u0131 ocaklar\u0131n yap\u0131m\u0131nda kullan\u0131l\u0131r.<\/strong><\/p>\n<p><strong>\u00c7imento \u00fcretimi i\u00e7in kullan\u0131lmaktad\u0131r.<\/strong><\/p>\n<p><strong>A\u011f\u0131zlarda tartar olu\u015fumu engellemek amac\u0131yla a\u011f\u0131z bak\u0131m \u00fcr\u00fcnlerinin i\u00e7inde kullan\u0131l\u0131r.<\/strong><\/p>\n<p><strong>Otomotiv end\u00fcstrisinde, y\u00fcksek performans g\u00f6steren fren sistemlerinin \u00fcretiminde kullan\u0131l\u0131r.<\/strong><\/p>\n<p><strong>Silikonun safla\u015ft\u0131r\u0131lmas\u0131nda termal plazma i\u015fleminde kullan\u0131l\u0131r. <\/strong><\/p>\n<p><strong>G\u0131da sekt\u00f6r\u00fcnde katk\u0131 maddesi olarak kullan\u0131l\u0131r.<\/strong><\/p>\n<p><strong>Opak cam \u00fcretiminde bulan\u0131kl\u0131k elde etmek i\u00e7in kullan\u0131l\u0131r.<\/strong><\/p>\n<p><strong>Optik elyaf, emaye, ila\u00e7 yap\u0131m\u0131nda kullan\u0131m\u0131 mevcuttur.<\/strong><\/p>\n<p><strong>Kalsiyum flor\u00fcr ve s\u00fclf\u00fcrik asit reaksiyona sokularak kalsiyum s\u00fclfat ve hidrojen flor\u00fcr gaz\u0131 \u00fcretimi i\u00e7in kullan\u0131l\u0131r.<\/strong><\/p>\n<p><strong>Hayvan yemlerinde, hastal\u0131klar\u0131n \u00f6nlenmesi i\u00e7in kullan\u0131l\u0131r.<\/strong><\/p>\n<p><strong>Metal\u00fcrji malzemeleri \u00fcretiminde \u00f6zellikle Ultraviyole ve k\u0131z\u0131l\u00f6tesi cihazlar\u0131n imalat\u0131nda kullan\u0131l\u0131r.<\/strong><\/p>\n<p><strong>Meyve ve sebzelerin raf \u00f6mr\u00fcn\u00fc uzatmak i\u00e7in kullan\u0131l\u0131r.<\/strong><\/p>\n<p><strong>Buzlu yollar\u0131n a\u00e7\u0131lmas\u0131nda kullan\u0131l\u0131r.<\/strong><\/p>\n<p><strong>\u00a0<\/strong><\/p>\n<p><strong>AMBALAJ<\/strong><\/p>\n<p><strong>1-5-25 kg torbalarda <\/strong><\/p>\n<p><strong>\u00a0<\/strong><\/p>\n<p><strong>DEPOLAMA <\/strong><\/p>\n<p><strong>Serin ve kuru bir alanda torba i\u00e7erisi hava almayacak \u015fekilde muhafaza edilmelidir.<\/strong><\/p>\n","protected":false},"excerpt":{"rendered":"<p>KALS\u0130YUM FLOR\u00dcR Kalsiyum flor\u00fcr, do\u011fada mineral florit veya fluorspar olarak buluna bilen CaF2 form\u00fcl\u00fcne sahip inorganik bir bile\u015fiktir. \u00c7\u00f6z\u00fcn\u00fcrl\u00fc\u011f\u00fc y\u00fcksek<\/p>\n","protected":false},"featured_media":16128,"comment_status":"open","ping_status":"closed","template":"","meta":{"_joinchat":[]},"product_cat":[70,72,76,79,80,81],"product_tag":[],"class_list":{"0":"post-16127","1":"product","2":"type-product","3":"status-publish","4":"has-post-thumbnail","6":"product_cat-boya-ve-yapi-kimyasallar","7":"product_cat-cam-ve-seramik-kimyasallari","8":"product_cat-gida-ve-katki-kimyasallari","9":"product_cat-tarim-kimyasallari","10":"product_cat-veteriner-ve-ilac-kimyasallari","11":"product_cat-yem-katki-kimyasallari","13":"first","14":"instock","15":"shipping-taxable","16":"purchasable","17":"product-type-variable"},"yoast_head":"<!-- This site is optimized with the Yoast SEO Premium plugin v20.2.1 (Yoast SEO v20.2.1) - https:\/\/yoast.com\/wordpress\/plugins\/seo\/ -->\n<title>KALS\u0130YUM FLOR\u00dcR - Akerkimya<\/title>\n<meta name=\"robots\" content=\"index, follow, max-snippet:-1, max-image-preview:large, max-video-preview:-1\" \/>\n<link rel=\"canonical\" href=\"https:\/\/akerkimya.com\/eticaret\/urun\/kalsiyum-florur\/\" \/>\n<meta property=\"og:locale\" content=\"tr_TR\" \/>\n<meta property=\"og:type\" content=\"article\" \/>\n<meta property=\"og:title\" content=\"KALS\u0130YUM FLOR\u00dcR\" \/>\n<meta property=\"og:description\" content=\"KALS\u0130YUM FLOR\u00dcR Kalsiyum flor\u00fcr, do\u011fada mineral florit veya fluorspar olarak buluna bilen CaF2 form\u00fcl\u00fcne sahip inorganik bir bile\u015fiktir. \u00c7\u00f6z\u00fcn\u00fcrl\u00fc\u011f\u00fc y\u00fcksek\" \/>\n<meta property=\"og:url\" content=\"https:\/\/akerkimya.com\/eticaret\/urun\/kalsiyum-florur\/\" \/>\n<meta property=\"og:site_name\" content=\"Akerkimya\" \/>\n<meta property=\"article:modified_time\" content=\"2026-03-29T23:23:43+00:00\" \/>\n<meta property=\"og:image\" content=\"https:\/\/akerkimya.com\/eticaret\/wp-content\/uploads\/2024\/12\/KALSIYUM-FLORUR-GUNCEL-.png\" \/>\n\t<meta property=\"og:image:width\" content=\"1000\" \/>\n\t<meta property=\"og:image:height\" content=\"1000\" \/>\n\t<meta property=\"og:image:type\" content=\"image\/png\" \/>\n<meta name=\"twitter:card\" content=\"summary_large_image\" \/>\n<meta name=\"twitter:label1\" content=\"Tahmini okuma s\u00fcresi\" \/>\n\t<meta name=\"twitter:data1\" content=\"2 dakika\" \/>\n<script type=\"application\/ld+json\" class=\"yoast-schema-graph\">{\"@context\":\"https:\/\/schema.org\",\"@graph\":[{\"@type\":\"WebPage\",\"@id\":\"https:\/\/akerkimya.com\/eticaret\/urun\/kalsiyum-florur\/\",\"url\":\"https:\/\/akerkimya.com\/eticaret\/urun\/kalsiyum-florur\/\",\"name\":\"KALS\u0130YUM FLOR\u00dcR - Akerkimya\",\"isPartOf\":{\"@id\":\"https:\/\/akerkimya.com\/eticaret\/#website\"},\"datePublished\":\"2024-12-28T21:40:46+00:00\",\"dateModified\":\"2026-03-29T23:23:43+00:00\",\"breadcrumb\":{\"@id\":\"https:\/\/akerkimya.com\/eticaret\/urun\/kalsiyum-florur\/#breadcrumb\"},\"inLanguage\":\"tr\",\"potentialAction\":[{\"@type\":\"ReadAction\",\"target\":[\"https:\/\/akerkimya.com\/eticaret\/urun\/kalsiyum-florur\/\"]}]},{\"@type\":\"BreadcrumbList\",\"@id\":\"https:\/\/akerkimya.com\/eticaret\/urun\/kalsiyum-florur\/#breadcrumb\",\"itemListElement\":[{\"@type\":\"ListItem\",\"position\":1,\"name\":\"Home\",\"item\":\"https:\/\/akerkimya.com\/eticaret\/\"},{\"@type\":\"ListItem\",\"position\":2,\"name\":\"Market\",\"item\":\"https:\/\/akerkimya.com\/eticaret\/market\/\"},{\"@type\":\"ListItem\",\"position\":3,\"name\":\"KALS\u0130YUM FLOR\u00dcR\"}]},{\"@type\":\"WebSite\",\"@id\":\"https:\/\/akerkimya.com\/eticaret\/#website\",\"url\":\"https:\/\/akerkimya.com\/eticaret\/\",\"name\":\"Akerkimya\",\"description\":\"\",\"potentialAction\":[{\"@type\":\"SearchAction\",\"target\":{\"@type\":\"EntryPoint\",\"urlTemplate\":\"https:\/\/akerkimya.com\/eticaret\/?s={search_term_string}\"},\"query-input\":\"required name=search_term_string\"}],\"inLanguage\":\"tr\"}]}<\/script>\n<!-- \/ Yoast SEO Premium plugin. -->","yoast_head_json":{"title":"KALS\u0130YUM FLOR\u00dcR - Akerkimya","robots":{"index":"index","follow":"follow","max-snippet":"max-snippet:-1","max-image-preview":"max-image-preview:large","max-video-preview":"max-video-preview:-1"},"canonical":"https:\/\/akerkimya.com\/eticaret\/urun\/kalsiyum-florur\/","og_locale":"tr_TR","og_type":"article","og_title":"KALS\u0130YUM FLOR\u00dcR","og_description":"KALS\u0130YUM FLOR\u00dcR Kalsiyum flor\u00fcr, do\u011fada mineral florit veya fluorspar olarak buluna bilen CaF2 form\u00fcl\u00fcne sahip inorganik bir bile\u015fiktir. \u00c7\u00f6z\u00fcn\u00fcrl\u00fc\u011f\u00fc y\u00fcksek","og_url":"https:\/\/akerkimya.com\/eticaret\/urun\/kalsiyum-florur\/","og_site_name":"Akerkimya","article_modified_time":"2026-03-29T23:23:43+00:00","og_image":[{"width":1000,"height":1000,"url":"https:\/\/akerkimya.com\/eticaret\/wp-content\/uploads\/2024\/12\/KALSIYUM-FLORUR-GUNCEL-.png","type":"image\/png"}],"twitter_card":"summary_large_image","twitter_misc":{"Tahmini okuma s\u00fcresi":"2 dakika"},"schema":{"@context":"https:\/\/schema.org","@graph":[{"@type":"WebPage","@id":"https:\/\/akerkimya.com\/eticaret\/urun\/kalsiyum-florur\/","url":"https:\/\/akerkimya.com\/eticaret\/urun\/kalsiyum-florur\/","name":"KALS\u0130YUM FLOR\u00dcR - Akerkimya","isPartOf":{"@id":"https:\/\/akerkimya.com\/eticaret\/#website"},"datePublished":"2024-12-28T21:40:46+00:00","dateModified":"2026-03-29T23:23:43+00:00","breadcrumb":{"@id":"https:\/\/akerkimya.com\/eticaret\/urun\/kalsiyum-florur\/#breadcrumb"},"inLanguage":"tr","potentialAction":[{"@type":"ReadAction","target":["https:\/\/akerkimya.com\/eticaret\/urun\/kalsiyum-florur\/"]}]},{"@type":"BreadcrumbList","@id":"https:\/\/akerkimya.com\/eticaret\/urun\/kalsiyum-florur\/#breadcrumb","itemListElement":[{"@type":"ListItem","position":1,"name":"Home","item":"https:\/\/akerkimya.com\/eticaret\/"},{"@type":"ListItem","position":2,"name":"Market","item":"https:\/\/akerkimya.com\/eticaret\/market\/"},{"@type":"ListItem","position":3,"name":"KALS\u0130YUM FLOR\u00dcR"}]},{"@type":"WebSite","@id":"https:\/\/akerkimya.com\/eticaret\/#website","url":"https:\/\/akerkimya.com\/eticaret\/","name":"Akerkimya","description":"","potentialAction":[{"@type":"SearchAction","target":{"@type":"EntryPoint","urlTemplate":"https:\/\/akerkimya.com\/eticaret\/?s={search_term_string}"},"query-input":"required name=search_term_string"}],"inLanguage":"tr"}]}},"_links":{"self":[{"href":"https:\/\/akerkimya.com\/eticaret\/wp-json\/wp\/v2\/product\/16127","targetHints":{"allow":["GET"]}}],"collection":[{"href":"https:\/\/akerkimya.com\/eticaret\/wp-json\/wp\/v2\/product"}],"about":[{"href":"https:\/\/akerkimya.com\/eticaret\/wp-json\/wp\/v2\/types\/product"}],"replies":[{"embeddable":true,"href":"https:\/\/akerkimya.com\/eticaret\/wp-json\/wp\/v2\/comments?post=16127"}],"version-history":[{"count":3,"href":"https:\/\/akerkimya.com\/eticaret\/wp-json\/wp\/v2\/product\/16127\/revisions"}],"predecessor-version":[{"id":19120,"href":"https:\/\/akerkimya.com\/eticaret\/wp-json\/wp\/v2\/product\/16127\/revisions\/19120"}],"wp:featuredmedia":[{"embeddable":true,"href":"https:\/\/akerkimya.com\/eticaret\/wp-json\/wp\/v2\/media\/16128"}],"wp:attachment":[{"href":"https:\/\/akerkimya.com\/eticaret\/wp-json\/wp\/v2\/media?parent=16127"}],"wp:term":[{"taxonomy":"product_cat","embeddable":true,"href":"https:\/\/akerkimya.com\/eticaret\/wp-json\/wp\/v2\/product_cat?post=16127"},{"taxonomy":"product_tag","embeddable":true,"href":"https:\/\/akerkimya.com\/eticaret\/wp-json\/wp\/v2\/product_tag?post=16127"}],"curies":[{"name":"wp","href":"https:\/\/api.w.org\/{rel}","templated":true}]}}