{"id":16171,"date":"2024-12-30T15:40:57","date_gmt":"2024-12-30T12:40:57","guid":{"rendered":"https:\/\/akerkimya.com\/eticaret\/?post_type=product&#038;p=16171"},"modified":"2026-03-30T02:23:45","modified_gmt":"2026-03-29T23:23:45","slug":"kalsiyum-oksit","status":"publish","type":"product","link":"https:\/\/akerkimya.com\/eticaret\/urun\/kalsiyum-oksit\/","title":{"rendered":"KALS\u0130YUM OKS\u0130T"},"content":{"rendered":"<h1>KALS\u0130YUM OKS\u0130T<\/h1>\n<p><strong>Kalsiyum oksit\u00a0(CaO) ya da s\u00f6nmemi\u015f kire\u00e7 geni\u015f bir kullan\u0131m alan\u0131 bulunan bir \u00e7e\u015fit kimyasal bile\u015fiktir. Beyaz renkli, a\u015f\u0131nd\u0131r\u0131c\u0131 ve\u00a0<a href=\"https:\/\/tr.wikipedia.org\/wiki\/Alkali\">alkalik<\/a><\/strong><strong>\u00a0bir kat\u0131d\u0131r.\u00a0 <\/strong><strong>Kalsiyum oksit, kire\u00e7 ta\u015f\u0131n\u0131n y\u00fcksek s\u0131cakl\u0131kta erimesi ve karbondioksitin uzakla\u015ft\u0131r\u0131lmas\u0131yla elde edilmektedir. Bu \u015fekilde \u00fcretilen kalsiyum oksit, g\u00fc\u00e7l\u00fc bir a\u015f\u0131nd\u0131r\u0131c\u0131 olarak kullan\u0131lmaktad\u0131r. Alkalik bir kat\u0131 yap\u0131s\u0131na sahiptir. <\/strong><\/p>\n<p><strong>\u00a0<\/strong><\/p>\n<p><strong>KALS\u0130YUM OKS\u0130T \u00d6ZELL\u0130KLER\u0130<\/strong><\/p>\n<p><strong>Gran\u00fcl veya toz formunda kokusuz bir maddedir.<\/strong><\/p>\n<p><strong>Su ve \u0131s\u0131 ile reaksiyonu \u00e7ok kuvvetlidir.<\/strong><\/p>\n<p><strong>Asitlerle kuvvetli reaksiyona girer. Su ile s\u00f6nm\u00fc\u015f kirece d\u00f6n\u00fc\u015f\u00fcr.<\/strong><\/p>\n<p><strong>Hava ve nem ile temas\u0131 engellemelidir. Nemli ortamlarda al\u00fcminyum, kur\u015fun ve pirinci okside eder.<\/strong><\/p>\n<p><strong>Zehirleyici ve patlay\u0131c\u0131 de\u011fildir <\/strong><\/p>\n<p><strong>Madde yan\u0131c\u0131 de\u011fildir. Su ile reaksiyonda olu\u015fan \u0131s\u0131 yan\u0131c\u0131 maddelerde yanma\/tutu\u015fma riskine sebep olabilir.<\/strong><\/p>\n<p><strong>Suyla reaksiyona girerse oksitlenir ve\u00a0<a href=\"https:\/\/tr.wikipedia.org\/wiki\/Kalsiyum_hidroksit\">kalsiyum hidroksidi<\/a><\/strong><strong>\u00a0olu\u015fturur<\/strong><\/p>\n<p><strong>\u00a0<\/strong><\/p>\n<p><strong>TEKN\u0130K \u00d6ZELL\u0130KLER<\/strong><\/p>\n<p><strong>CAS NUMARASI:<\/strong><strong> <a href=\"http:\/\/www.commonchemistry.org\/ChemicalDetail.aspx?ref=1305-78-8\">1305-78-8<\/a><\/strong><\/p>\n<p><strong><a href=\"https:\/\/tr.wikipedia.org\/wiki\/Kimyasal_form%C3%BCl\">M<\/a><\/strong><strong>OLEK\u00dcL FORM\u00dcL\u00dc: CaO<\/strong><\/p>\n<p><strong>K\u0130MYASAL \u0130S\u0130M\u0130: Kalsiyum Oksit<\/strong><\/p>\n<p><strong>MOLEK\u00dcL K\u00dcTLES\u0130: <\/strong><strong>56.0774 gr\/mol<\/strong><\/p>\n<p><strong>KOKU: Kokusuz<\/strong><\/p>\n<p><strong>YO\u011eUNLUK: 3.34 gr\/cm\u00b3<a href=\"https:\/\/tr.wikipedia.org\/wiki\/Kalsiyum_oksit#cite_note-crc-1\"><sup>[1]<\/sup><\/a><\/strong><\/p>\n<p><strong>ER\u0130ME NOKTASI: 2570 C<\/strong><\/p>\n<p><strong>KAYNAMA NOKTASI: 2850 C<\/strong><\/p>\n<p><strong>\u00c7\u00d6Z\u00dcN\u00dcRL\u00dcK (SU \u0130\u00c7\u0130NDE): Tepkime vererek <a href=\"https:\/\/tr.wikipedia.org\/wiki\/Kalsiyum_hidroksit\">kalsiyum hidroksit \u015fekline d\u00f6ner<\/a><\/strong><\/p>\n<p><strong>\u00c7\u00d6Z\u00dcN\u00dcRL\u00dcK (METANOL \u0130\u00c7\u0130NDE): (Ayr\u0131ca\u00a0<a href=\"https:\/\/tr.wikipedia.org\/wiki\/Dietil_eter\">dietil <\/a>eter,\u00a0<a href=\"https:\/\/tr.wikipedia.org\/w\/index.php?title=1-Nonanol&amp;action=edit&amp;redlink=1\">n-<\/a><\/strong><strong>oktanolde) \u00e7\u00f6z\u00fcnmez<\/strong><\/p>\n<p><strong><a href=\"https:\/\/tr.wikipedia.org\/w\/index.php?title=Asit_%C3%A7%C3%B6z%C3%BC%C5%9Fme_sabiti&amp;action=edit&amp;redlink=1\">A<\/a><\/strong><strong>S\u0130TL\u0130K\u00a0(p<em>K<\/em><sub>a<\/sub>): 12.8<\/strong><\/p>\n<p><strong>SPES\u0130F\u0130C GRAV\u0130TY; 3200-3400 kg\/m3<\/strong><\/p>\n<p><strong>8 PH (25 C de) 12,6 doymu\u015f s\u00fcl\u00fcsyonda<\/strong><\/p>\n<p><strong>TUTU\u015eAB\u0130L\u0130RL\u0130K: Tutu\u015fmaz<\/strong><\/p>\n<p><strong>BUHAR BASINCI YO\u011eUNLU\u011eU: U\u00e7ucu de\u011fildir.<\/strong><\/p>\n<p><strong>\u00a0<\/strong><\/p>\n<p><strong>\u00a0<\/strong><\/p>\n<p><strong>\u00a0<\/strong><\/p>\n<p><strong>\u00a0<\/strong><\/p>\n<p><strong>KULLANIM ALANLARI<\/strong><\/p>\n<p><strong>\u00c7imento \u00dcretimi: CaO (kalsiyum oksit) tu\u011fla ve ta\u015flar \u00fczerinde yap\u0131\u015fma \u00f6zelli\u011fine sahiptir. Bu sebeple \u00e7imento \u00fcretiminde en \u00f6nemli malzemeler aras\u0131nda bulunmaktad\u0131r. Ba\u011flay\u0131c\u0131 \u00f6zelli\u011fi sayesinde duvar i\u015flerinde de kullan\u0131l\u0131r.<\/strong><\/p>\n<p><strong>\u00c7elik End\u00fcstrisi: \u00c7elik \u00fcretiminde kire\u00e7 veya kalsiyum oksit yakla\u015f\u0131k y\u00fczde 45&#8242; olarak kullan\u0131l\u0131r. Fakat kullan\u0131m alan\u0131 bununla s\u0131n\u0131rl\u0131 de\u011fildir, di\u011fer metallerin \u00fcretiminde de kullan\u0131l\u0131r. \u00d6rne\u011fin, al\u00fcminyum oksitten oksidin \u00e7\u0131kar\u0131l\u0131p al\u00fcminyum metali elde edilirken silikatlar\u0131 \u00e7\u0131karmak i\u00e7in kullan\u0131l\u0131r.<\/strong><\/p>\n<p><strong>Enerji Santralleri ve Kanalizasyonlar: Enerji santralleri k\u00fck\u00fcrt dioksit yayar ve bu emisyonlar\u0131n\u0131 azaltmak i\u00e7in baca gaz\u0131 temizleyicilerinde kalsiyum oksit kullan\u0131l\u0131r. Ayr\u0131ca kanalizasyonlarda da fosfatlar\u0131 gidermek i\u00e7in kullan\u0131l\u0131r.<\/strong><\/p>\n<p><strong>At\u0131k Su Ar\u0131tma ve \u0130\u00e7me Suyu \u00dcretimi: Suyun asitli\u011fini azaltmak ve i\u00e7me suyunu yumu\u015fatmak i\u00e7in su kaynaklar\u0131nda kullan\u0131l\u0131r.<\/strong><\/p>\n<p><strong>Bunlar\u0131n haricinde kalsiyum oksit farkl\u0131 m\u00fchendislik alanlar\u0131nda da kullan\u0131lmaktad\u0131r. Farkl\u0131 bir\u00e7ok yap\u0131 malzemeleri ve kimyasal yem stoklar\u0131 \u00fcretiminde de kalsiyum okside yer verilmektedir.<\/strong><\/p>\n<p><strong>AMBALAJ <\/strong><\/p>\n<p><strong>1-5-25 kg torbalar halinde <\/strong><\/p>\n<p><strong>\u00a0<\/strong><\/p>\n<p><strong>DEPOLAMA<\/strong><\/p>\n<p><strong>Kuru, rutubetten ar\u0131nm\u0131\u015f, a\u00e7\u0131k havadan ve asitlerden uzak yerlerde depolay\u0131n\u0131z. Su ge\u00e7irmez tanklarda veya ambalajlarda saklay\u0131n\u0131z. Tanklarda, ta\u015f\u0131ma ve saklama i\u00e7in al\u00fcminyum tank kullanmay\u0131n\u0131z. \u00dcr\u00fcn nemli oldu\u011fu takdirde al\u00fcminyum ile reaksiyona girerek hidrojen \u00fcretir.<\/strong><\/p>\n<p><strong>\u00a0<\/strong><\/p>\n<p><strong>\u00a0<\/strong><\/p>\n<p><strong>\u00a0<\/strong><\/p>\n","protected":false},"excerpt":{"rendered":"<p>KALS\u0130YUM OKS\u0130T Kalsiyum oksit\u00a0(CaO) ya da s\u00f6nmemi\u015f kire\u00e7 geni\u015f bir kullan\u0131m alan\u0131 bulunan bir \u00e7e\u015fit kimyasal bile\u015fiktir. Beyaz renkli, a\u015f\u0131nd\u0131r\u0131c\u0131<\/p>\n","protected":false},"featured_media":16172,"comment_status":"open","ping_status":"closed","template":"","meta":{"_joinchat":[]},"product_cat":[70,77,78],"product_tag":[],"class_list":{"0":"post-16171","1":"product","2":"type-product","3":"status-publish","4":"has-post-thumbnail","6":"product_cat-boya-ve-yapi-kimyasallar","7":"product_cat-kablo-imalati-kimyasallari","8":"product_cat-metal-dokum-kaplama","10":"first","11":"instock","12":"shipping-taxable","13":"purchasable","14":"product-type-variable"},"yoast_head":"<!-- This site is optimized with the Yoast SEO Premium plugin v20.2.1 (Yoast SEO v20.2.1) - https:\/\/yoast.com\/wordpress\/plugins\/seo\/ -->\n<title>KALS\u0130YUM OKS\u0130T - Akerkimya<\/title>\n<meta name=\"robots\" content=\"index, follow, max-snippet:-1, max-image-preview:large, max-video-preview:-1\" \/>\n<link rel=\"canonical\" href=\"https:\/\/akerkimya.com\/eticaret\/urun\/kalsiyum-oksit\/\" \/>\n<meta property=\"og:locale\" content=\"tr_TR\" \/>\n<meta property=\"og:type\" content=\"article\" \/>\n<meta property=\"og:title\" content=\"KALS\u0130YUM OKS\u0130T\" \/>\n<meta property=\"og:description\" content=\"KALS\u0130YUM OKS\u0130T Kalsiyum oksit\u00a0(CaO) ya da s\u00f6nmemi\u015f kire\u00e7 geni\u015f bir kullan\u0131m alan\u0131 bulunan bir \u00e7e\u015fit kimyasal bile\u015fiktir. Beyaz renkli, a\u015f\u0131nd\u0131r\u0131c\u0131\" \/>\n<meta property=\"og:url\" content=\"https:\/\/akerkimya.com\/eticaret\/urun\/kalsiyum-oksit\/\" \/>\n<meta property=\"og:site_name\" content=\"Akerkimya\" \/>\n<meta property=\"article:modified_time\" content=\"2026-03-29T23:23:45+00:00\" \/>\n<meta property=\"og:image\" content=\"https:\/\/akerkimya.com\/eticaret\/wp-content\/uploads\/2024\/12\/KALSIYUM-OKSIT-GUNCEL-.png\" \/>\n\t<meta property=\"og:image:width\" content=\"1000\" \/>\n\t<meta property=\"og:image:height\" content=\"1000\" \/>\n\t<meta property=\"og:image:type\" content=\"image\/png\" \/>\n<meta name=\"twitter:card\" content=\"summary_large_image\" \/>\n<meta name=\"twitter:label1\" content=\"Tahmini okuma s\u00fcresi\" \/>\n\t<meta name=\"twitter:data1\" content=\"3 dakika\" \/>\n<script type=\"application\/ld+json\" class=\"yoast-schema-graph\">{\"@context\":\"https:\/\/schema.org\",\"@graph\":[{\"@type\":\"WebPage\",\"@id\":\"https:\/\/akerkimya.com\/eticaret\/urun\/kalsiyum-oksit\/\",\"url\":\"https:\/\/akerkimya.com\/eticaret\/urun\/kalsiyum-oksit\/\",\"name\":\"KALS\u0130YUM OKS\u0130T - Akerkimya\",\"isPartOf\":{\"@id\":\"https:\/\/akerkimya.com\/eticaret\/#website\"},\"datePublished\":\"2024-12-30T12:40:57+00:00\",\"dateModified\":\"2026-03-29T23:23:45+00:00\",\"breadcrumb\":{\"@id\":\"https:\/\/akerkimya.com\/eticaret\/urun\/kalsiyum-oksit\/#breadcrumb\"},\"inLanguage\":\"tr\",\"potentialAction\":[{\"@type\":\"ReadAction\",\"target\":[\"https:\/\/akerkimya.com\/eticaret\/urun\/kalsiyum-oksit\/\"]}]},{\"@type\":\"BreadcrumbList\",\"@id\":\"https:\/\/akerkimya.com\/eticaret\/urun\/kalsiyum-oksit\/#breadcrumb\",\"itemListElement\":[{\"@type\":\"ListItem\",\"position\":1,\"name\":\"Home\",\"item\":\"https:\/\/akerkimya.com\/eticaret\/\"},{\"@type\":\"ListItem\",\"position\":2,\"name\":\"Market\",\"item\":\"https:\/\/akerkimya.com\/eticaret\/market\/\"},{\"@type\":\"ListItem\",\"position\":3,\"name\":\"KALS\u0130YUM OKS\u0130T\"}]},{\"@type\":\"WebSite\",\"@id\":\"https:\/\/akerkimya.com\/eticaret\/#website\",\"url\":\"https:\/\/akerkimya.com\/eticaret\/\",\"name\":\"Akerkimya\",\"description\":\"\",\"potentialAction\":[{\"@type\":\"SearchAction\",\"target\":{\"@type\":\"EntryPoint\",\"urlTemplate\":\"https:\/\/akerkimya.com\/eticaret\/?s={search_term_string}\"},\"query-input\":\"required name=search_term_string\"}],\"inLanguage\":\"tr\"}]}<\/script>\n<!-- \/ Yoast SEO Premium plugin. -->","yoast_head_json":{"title":"KALS\u0130YUM OKS\u0130T - Akerkimya","robots":{"index":"index","follow":"follow","max-snippet":"max-snippet:-1","max-image-preview":"max-image-preview:large","max-video-preview":"max-video-preview:-1"},"canonical":"https:\/\/akerkimya.com\/eticaret\/urun\/kalsiyum-oksit\/","og_locale":"tr_TR","og_type":"article","og_title":"KALS\u0130YUM OKS\u0130T","og_description":"KALS\u0130YUM OKS\u0130T Kalsiyum oksit\u00a0(CaO) ya da s\u00f6nmemi\u015f kire\u00e7 geni\u015f bir kullan\u0131m alan\u0131 bulunan bir \u00e7e\u015fit kimyasal bile\u015fiktir. Beyaz renkli, a\u015f\u0131nd\u0131r\u0131c\u0131","og_url":"https:\/\/akerkimya.com\/eticaret\/urun\/kalsiyum-oksit\/","og_site_name":"Akerkimya","article_modified_time":"2026-03-29T23:23:45+00:00","og_image":[{"width":1000,"height":1000,"url":"https:\/\/akerkimya.com\/eticaret\/wp-content\/uploads\/2024\/12\/KALSIYUM-OKSIT-GUNCEL-.png","type":"image\/png"}],"twitter_card":"summary_large_image","twitter_misc":{"Tahmini okuma s\u00fcresi":"3 dakika"},"schema":{"@context":"https:\/\/schema.org","@graph":[{"@type":"WebPage","@id":"https:\/\/akerkimya.com\/eticaret\/urun\/kalsiyum-oksit\/","url":"https:\/\/akerkimya.com\/eticaret\/urun\/kalsiyum-oksit\/","name":"KALS\u0130YUM OKS\u0130T - Akerkimya","isPartOf":{"@id":"https:\/\/akerkimya.com\/eticaret\/#website"},"datePublished":"2024-12-30T12:40:57+00:00","dateModified":"2026-03-29T23:23:45+00:00","breadcrumb":{"@id":"https:\/\/akerkimya.com\/eticaret\/urun\/kalsiyum-oksit\/#breadcrumb"},"inLanguage":"tr","potentialAction":[{"@type":"ReadAction","target":["https:\/\/akerkimya.com\/eticaret\/urun\/kalsiyum-oksit\/"]}]},{"@type":"BreadcrumbList","@id":"https:\/\/akerkimya.com\/eticaret\/urun\/kalsiyum-oksit\/#breadcrumb","itemListElement":[{"@type":"ListItem","position":1,"name":"Home","item":"https:\/\/akerkimya.com\/eticaret\/"},{"@type":"ListItem","position":2,"name":"Market","item":"https:\/\/akerkimya.com\/eticaret\/market\/"},{"@type":"ListItem","position":3,"name":"KALS\u0130YUM OKS\u0130T"}]},{"@type":"WebSite","@id":"https:\/\/akerkimya.com\/eticaret\/#website","url":"https:\/\/akerkimya.com\/eticaret\/","name":"Akerkimya","description":"","potentialAction":[{"@type":"SearchAction","target":{"@type":"EntryPoint","urlTemplate":"https:\/\/akerkimya.com\/eticaret\/?s={search_term_string}"},"query-input":"required name=search_term_string"}],"inLanguage":"tr"}]}},"_links":{"self":[{"href":"https:\/\/akerkimya.com\/eticaret\/wp-json\/wp\/v2\/product\/16171","targetHints":{"allow":["GET"]}}],"collection":[{"href":"https:\/\/akerkimya.com\/eticaret\/wp-json\/wp\/v2\/product"}],"about":[{"href":"https:\/\/akerkimya.com\/eticaret\/wp-json\/wp\/v2\/types\/product"}],"replies":[{"embeddable":true,"href":"https:\/\/akerkimya.com\/eticaret\/wp-json\/wp\/v2\/comments?post=16171"}],"version-history":[{"count":2,"href":"https:\/\/akerkimya.com\/eticaret\/wp-json\/wp\/v2\/product\/16171\/revisions"}],"predecessor-version":[{"id":16716,"href":"https:\/\/akerkimya.com\/eticaret\/wp-json\/wp\/v2\/product\/16171\/revisions\/16716"}],"wp:featuredmedia":[{"embeddable":true,"href":"https:\/\/akerkimya.com\/eticaret\/wp-json\/wp\/v2\/media\/16172"}],"wp:attachment":[{"href":"https:\/\/akerkimya.com\/eticaret\/wp-json\/wp\/v2\/media?parent=16171"}],"wp:term":[{"taxonomy":"product_cat","embeddable":true,"href":"https:\/\/akerkimya.com\/eticaret\/wp-json\/wp\/v2\/product_cat?post=16171"},{"taxonomy":"product_tag","embeddable":true,"href":"https:\/\/akerkimya.com\/eticaret\/wp-json\/wp\/v2\/product_tag?post=16171"}],"curies":[{"name":"wp","href":"https:\/\/api.w.org\/{rel}","templated":true}]}}