{"id":16178,"date":"2024-12-30T15:49:30","date_gmt":"2024-12-30T12:49:30","guid":{"rendered":"https:\/\/akerkimya.com\/eticaret\/?post_type=product&#038;p=16178"},"modified":"2026-04-28T09:19:43","modified_gmt":"2026-04-28T06:19:43","slug":"kalsiyum-stearat","status":"publish","type":"product","link":"https:\/\/akerkimya.com\/eticaret\/urun\/kalsiyum-stearat\/","title":{"rendered":"KALS\u0130YUM STEARAT"},"content":{"rendered":"<h1>KALS\u0130YUM STEARAT<\/h1>\n<p><strong>Kalsiyum Stearat, stearik asit, ya\u011f asitleri ve kalsiumoksitin bir arada belirli bir s\u0131cakl\u0131\u011fa kadar \u0131s\u0131t\u0131lmas\u0131yla elde edilen geleneksel sodyum ve potasyum sabunlar\u0131n\u0131n aksine suda d\u00fc\u015f\u00fck \u00e7\u00f6z\u00fcn\u00fcrl\u00fc\u011fe sahip mumsu bir malzemedir.<\/strong><\/p>\n<p><strong>\u00a0<\/strong><\/p>\n<p><strong>TEKN\u0130K \u00d6ZELL\u0130KLER\u00a0\u00a0<\/strong><\/p>\n<p><strong>G\u00d6R\u00dcN\u00dcM:\u00a0\u0130nce toz G\u00f6r\u00fcn\u00fcm<\/strong><\/p>\n<p><strong>RENK:\u00a0Beyaz<\/strong><\/p>\n<p><strong>NEM:\u00a0% 0-3 (105 C)<\/strong><\/p>\n<p><strong>K\u00dcL:\u00a0% 9,5-11,5 (300 C)<\/strong><\/p>\n<p><strong>\u00d6ZG\u00dcL A\u011eIRLIK:\u00a0300-400<\/strong><\/p>\n<p><strong>ER\u0130ME:\u00a0115-125<\/strong><\/p>\n<p><strong>ELEK KALINTISI:\u00a045 mic.\u00fczeri 0-1<\/strong><\/p>\n<p><strong>\u00a0<\/strong><\/p>\n<p><strong>KULLANIM ALANLARI<\/strong><\/p>\n<p><strong>Kalsium stearat genellikle ak\u0131\u015fkanl\u0131k ajan\u0131 olarak kullan\u0131l\u0131r, kullan\u0131m alanlar\u0131 \u00e7ok geni\u015f olup yiyeceklerde ve \u015fekerlemelerde dahi kullan\u0131lmaktad\u0131r.<\/strong><\/p>\n<p><strong>Kuma\u015fta su ge\u00e7irmezlik i\u00e7in kullan\u0131l\u0131r.<\/strong><\/p>\n<p><strong>Kalem ve boya kalemlerinde ise kayd\u0131r\u0131c\u0131l\u0131k \u00f6zelli\u011fi i\u00e7in kullan\u0131l\u0131r.<\/strong><\/p>\n<p><strong>Kalsiyum Stereat, beton end\u00fcstrisinde \u00e7i\u00e7eklenmeyi \u00f6nlemek ve su ge\u00e7irmezlik \u00f6zelli\u011fi nedeniyle kullan\u0131lmaktad\u0131r.<\/strong><\/p>\n<p><strong>Yine k\u00e2\u011f\u0131t \u00fcretiminde kayd\u0131r\u0131c\u0131 olarak kullan\u0131ld\u0131\u011f\u0131 gibi, Kalsiyum stearat k\u00e2\u011f\u0131da parlakl\u0131k verip k\u00e2\u011f\u0131d\u0131n toz tutmas\u0131n\u0131 ve k\u00e2\u011f\u0131t \u00fczerinde olas\u0131 \u00e7atlamalar\u0131 engellemek amac\u0131yla kullan\u0131lmaktad\u0131r.<\/strong><\/p>\n<p><strong>Kalsiyum Stereat, plastik \u00fcretiminde asit s\u00fcp\u00fcr\u00fcc\u00fc veya n\u00f6tralize edici olarak kullan\u0131l\u0131r. Ayr\u0131ca renk pigmentlerin daha iyi \u0131slat\u0131lmas\u0131 i\u00e7in plastik renklendirici konsantrelerde de kullan\u0131labilinir. Sert PVC \u00fcretiminde, f\u00fczyonu h\u0131zland\u0131r\u0131p, ak\u0131\u015f\u0131 geli\u015ftirip baloncuk olu\u015fmas\u0131n\u0131 engellemek ama\u00e7l\u0131 kullan\u0131l\u0131r. Plastik sanayisinde i\u00e7 kayd\u0131r\u0131c\u0131 ve kal\u0131p ay\u0131r\u0131c\u0131 olarak kullan\u0131l\u0131r.<\/strong><\/p>\n<p><strong>Kalsium stearat k\u00f6p\u00fck kesici formunda bir bile\u015fendir.<\/strong><\/p>\n<p><strong>\u00c7imento esasl\u0131 \u00fcr\u00fcnlerde \u00f6zellikle s\u0131va, derz ve su izolasyon har\u00e7lar\u0131nda su itici ajan olarak kullan\u0131l\u0131rlar.<\/strong><\/p>\n<p><strong>\u00a0<\/strong><\/p>\n<p><strong>KALS\u0130YUM STEREAT AVANTAJLARI<\/strong><\/p>\n<p><strong>Enjeksiyon ve ekstr\u00fczyon i\u015flemlerinde m\u00fckemmel bir i\u015flem kolayla\u015ft\u0131r\u0131c\u0131d\u0131r.<\/strong><\/p>\n<p><strong>Kalsiyum Stereat, \u00fcr\u00fcn\u00fcn homojenli\u011fini artt\u0131r\u0131r.<\/strong><\/p>\n<p><strong>Kalsiyum Stereat, enerji tasarrufu sa\u011flar.<\/strong><\/p>\n<p><strong>Ayr\u0131ca iyi derecede \u015feffafl\u0131k, rengi muhafaza etme, hava ko\u015fullar\u0131na diren\u00e7 \u00f6zellikleri elde etmek i\u00e7in stabilizat\u00f6r olarak kullan\u0131l\u0131r.<\/strong><\/p>\n<p><strong>\u00a0<\/strong><\/p>\n<p><strong>AMBALAJ<\/strong><\/p>\n<p><strong>1-5-25 kg torbalar halinde<\/strong><\/p>\n<p><strong>\u00a0<\/strong><\/p>\n<p><strong>\u00a0DEPOLAMA<\/strong><\/p>\n<p><strong>G\u00fcne\u015f \u0131\u015f\u0131\u011f\u0131na temas etmeyen kuru ve serin yerlerde muhafaza ediniz.<\/strong><\/p>\n<p><strong>\u00a0<\/strong><\/p>\n","protected":false},"excerpt":{"rendered":"<p>KALS\u0130YUM STEARAT Kalsiyum Stearat, stearik asit, ya\u011f asitleri ve kalsiumoksitin bir arada belirli bir s\u0131cakl\u0131\u011fa kadar \u0131s\u0131t\u0131lmas\u0131yla elde edilen geleneksel<\/p>\n","protected":false},"featured_media":16179,"comment_status":"open","ping_status":"closed","template":"","meta":{"_joinchat":[]},"product_cat":[70,73,76],"product_tag":[],"class_list":{"0":"post-16178","1":"product","2":"type-product","3":"status-publish","4":"has-post-thumbnail","6":"product_cat-boya-ve-yapi-kimyasallar","7":"product_cat-deri-ve-tekstil-kimyasallari","8":"product_cat-gida-ve-katki-kimyasallari","10":"first","11":"instock","12":"shipping-taxable","13":"purchasable","14":"product-type-variable"},"yoast_head":"<!-- This site is optimized with the Yoast SEO Premium plugin v20.2.1 (Yoast SEO v20.2.1) - https:\/\/yoast.com\/wordpress\/plugins\/seo\/ -->\n<title>KALS\u0130YUM STEARAT - Akerkimya<\/title>\n<meta name=\"robots\" content=\"index, follow, max-snippet:-1, max-image-preview:large, max-video-preview:-1\" \/>\n<link rel=\"canonical\" href=\"https:\/\/akerkimya.com\/eticaret\/urun\/kalsiyum-stearat\/\" \/>\n<meta property=\"og:locale\" content=\"tr_TR\" \/>\n<meta property=\"og:type\" content=\"article\" \/>\n<meta property=\"og:title\" content=\"KALS\u0130YUM STEARAT\" \/>\n<meta property=\"og:description\" content=\"KALS\u0130YUM STEARAT Kalsiyum Stearat, stearik asit, ya\u011f asitleri ve kalsiumoksitin bir arada belirli bir s\u0131cakl\u0131\u011fa kadar \u0131s\u0131t\u0131lmas\u0131yla elde edilen geleneksel\" \/>\n<meta property=\"og:url\" content=\"https:\/\/akerkimya.com\/eticaret\/urun\/kalsiyum-stearat\/\" \/>\n<meta property=\"og:site_name\" content=\"Akerkimya\" \/>\n<meta property=\"article:modified_time\" content=\"2026-04-28T06:19:43+00:00\" \/>\n<meta property=\"og:image\" content=\"https:\/\/akerkimya.com\/eticaret\/wp-content\/uploads\/2024\/12\/KALSIYUM-STEARAT-GUNCEL-.png\" \/>\n\t<meta property=\"og:image:width\" content=\"1000\" \/>\n\t<meta property=\"og:image:height\" content=\"1000\" \/>\n\t<meta property=\"og:image:type\" content=\"image\/png\" \/>\n<meta name=\"twitter:card\" content=\"summary_large_image\" \/>\n<meta name=\"twitter:label1\" content=\"Tahmini okuma s\u00fcresi\" \/>\n\t<meta name=\"twitter:data1\" content=\"2 dakika\" \/>\n<script type=\"application\/ld+json\" class=\"yoast-schema-graph\">{\"@context\":\"https:\/\/schema.org\",\"@graph\":[{\"@type\":\"WebPage\",\"@id\":\"https:\/\/akerkimya.com\/eticaret\/urun\/kalsiyum-stearat\/\",\"url\":\"https:\/\/akerkimya.com\/eticaret\/urun\/kalsiyum-stearat\/\",\"name\":\"KALS\u0130YUM STEARAT - Akerkimya\",\"isPartOf\":{\"@id\":\"https:\/\/akerkimya.com\/eticaret\/#website\"},\"datePublished\":\"2024-12-30T12:49:30+00:00\",\"dateModified\":\"2026-04-28T06:19:43+00:00\",\"breadcrumb\":{\"@id\":\"https:\/\/akerkimya.com\/eticaret\/urun\/kalsiyum-stearat\/#breadcrumb\"},\"inLanguage\":\"tr\",\"potentialAction\":[{\"@type\":\"ReadAction\",\"target\":[\"https:\/\/akerkimya.com\/eticaret\/urun\/kalsiyum-stearat\/\"]}]},{\"@type\":\"BreadcrumbList\",\"@id\":\"https:\/\/akerkimya.com\/eticaret\/urun\/kalsiyum-stearat\/#breadcrumb\",\"itemListElement\":[{\"@type\":\"ListItem\",\"position\":1,\"name\":\"Home\",\"item\":\"https:\/\/akerkimya.com\/eticaret\/\"},{\"@type\":\"ListItem\",\"position\":2,\"name\":\"Market\",\"item\":\"https:\/\/akerkimya.com\/eticaret\/market\/\"},{\"@type\":\"ListItem\",\"position\":3,\"name\":\"KALS\u0130YUM STEARAT\"}]},{\"@type\":\"WebSite\",\"@id\":\"https:\/\/akerkimya.com\/eticaret\/#website\",\"url\":\"https:\/\/akerkimya.com\/eticaret\/\",\"name\":\"Akerkimya\",\"description\":\"\",\"potentialAction\":[{\"@type\":\"SearchAction\",\"target\":{\"@type\":\"EntryPoint\",\"urlTemplate\":\"https:\/\/akerkimya.com\/eticaret\/?s={search_term_string}\"},\"query-input\":\"required name=search_term_string\"}],\"inLanguage\":\"tr\"}]}<\/script>\n<!-- \/ Yoast SEO Premium plugin. -->","yoast_head_json":{"title":"KALS\u0130YUM STEARAT - Akerkimya","robots":{"index":"index","follow":"follow","max-snippet":"max-snippet:-1","max-image-preview":"max-image-preview:large","max-video-preview":"max-video-preview:-1"},"canonical":"https:\/\/akerkimya.com\/eticaret\/urun\/kalsiyum-stearat\/","og_locale":"tr_TR","og_type":"article","og_title":"KALS\u0130YUM STEARAT","og_description":"KALS\u0130YUM STEARAT Kalsiyum Stearat, stearik asit, ya\u011f asitleri ve kalsiumoksitin bir arada belirli bir s\u0131cakl\u0131\u011fa kadar \u0131s\u0131t\u0131lmas\u0131yla elde edilen geleneksel","og_url":"https:\/\/akerkimya.com\/eticaret\/urun\/kalsiyum-stearat\/","og_site_name":"Akerkimya","article_modified_time":"2026-04-28T06:19:43+00:00","og_image":[{"width":1000,"height":1000,"url":"https:\/\/akerkimya.com\/eticaret\/wp-content\/uploads\/2024\/12\/KALSIYUM-STEARAT-GUNCEL-.png","type":"image\/png"}],"twitter_card":"summary_large_image","twitter_misc":{"Tahmini okuma s\u00fcresi":"2 dakika"},"schema":{"@context":"https:\/\/schema.org","@graph":[{"@type":"WebPage","@id":"https:\/\/akerkimya.com\/eticaret\/urun\/kalsiyum-stearat\/","url":"https:\/\/akerkimya.com\/eticaret\/urun\/kalsiyum-stearat\/","name":"KALS\u0130YUM STEARAT - Akerkimya","isPartOf":{"@id":"https:\/\/akerkimya.com\/eticaret\/#website"},"datePublished":"2024-12-30T12:49:30+00:00","dateModified":"2026-04-28T06:19:43+00:00","breadcrumb":{"@id":"https:\/\/akerkimya.com\/eticaret\/urun\/kalsiyum-stearat\/#breadcrumb"},"inLanguage":"tr","potentialAction":[{"@type":"ReadAction","target":["https:\/\/akerkimya.com\/eticaret\/urun\/kalsiyum-stearat\/"]}]},{"@type":"BreadcrumbList","@id":"https:\/\/akerkimya.com\/eticaret\/urun\/kalsiyum-stearat\/#breadcrumb","itemListElement":[{"@type":"ListItem","position":1,"name":"Home","item":"https:\/\/akerkimya.com\/eticaret\/"},{"@type":"ListItem","position":2,"name":"Market","item":"https:\/\/akerkimya.com\/eticaret\/market\/"},{"@type":"ListItem","position":3,"name":"KALS\u0130YUM STEARAT"}]},{"@type":"WebSite","@id":"https:\/\/akerkimya.com\/eticaret\/#website","url":"https:\/\/akerkimya.com\/eticaret\/","name":"Akerkimya","description":"","potentialAction":[{"@type":"SearchAction","target":{"@type":"EntryPoint","urlTemplate":"https:\/\/akerkimya.com\/eticaret\/?s={search_term_string}"},"query-input":"required name=search_term_string"}],"inLanguage":"tr"}]}},"_links":{"self":[{"href":"https:\/\/akerkimya.com\/eticaret\/wp-json\/wp\/v2\/product\/16178","targetHints":{"allow":["GET"]}}],"collection":[{"href":"https:\/\/akerkimya.com\/eticaret\/wp-json\/wp\/v2\/product"}],"about":[{"href":"https:\/\/akerkimya.com\/eticaret\/wp-json\/wp\/v2\/types\/product"}],"replies":[{"embeddable":true,"href":"https:\/\/akerkimya.com\/eticaret\/wp-json\/wp\/v2\/comments?post=16178"}],"version-history":[{"count":2,"href":"https:\/\/akerkimya.com\/eticaret\/wp-json\/wp\/v2\/product\/16178\/revisions"}],"predecessor-version":[{"id":16715,"href":"https:\/\/akerkimya.com\/eticaret\/wp-json\/wp\/v2\/product\/16178\/revisions\/16715"}],"wp:featuredmedia":[{"embeddable":true,"href":"https:\/\/akerkimya.com\/eticaret\/wp-json\/wp\/v2\/media\/16179"}],"wp:attachment":[{"href":"https:\/\/akerkimya.com\/eticaret\/wp-json\/wp\/v2\/media?parent=16178"}],"wp:term":[{"taxonomy":"product_cat","embeddable":true,"href":"https:\/\/akerkimya.com\/eticaret\/wp-json\/wp\/v2\/product_cat?post=16178"},{"taxonomy":"product_tag","embeddable":true,"href":"https:\/\/akerkimya.com\/eticaret\/wp-json\/wp\/v2\/product_tag?post=16178"}],"curies":[{"name":"wp","href":"https:\/\/api.w.org\/{rel}","templated":true}]}}