{"id":16210,"date":"2024-12-31T02:06:45","date_gmt":"2024-12-30T23:06:45","guid":{"rendered":"https:\/\/akerkimya.com\/eticaret\/?post_type=product&#038;p=16210"},"modified":"2026-03-30T02:22:17","modified_gmt":"2026-03-29T23:22:17","slug":"kirec","status":"publish","type":"product","link":"https:\/\/akerkimya.com\/eticaret\/urun\/kirec\/","title":{"rendered":"K\u0130RE\u00c7"},"content":{"rendered":"<h1><strong>Kire\u00e7<\/strong><\/h1>\n<p><strong>Kire\u00e7, kire\u00e7 ta\u015f\u0131n\u0131n \u00e7e\u015fitli derecelerde pi\u015firilmesi sonucu elde edilen, suyla kar\u0131\u015ft\u0131r\u0131ld\u0131\u011f\u0131nda, tipine g\u00f6re havada veya suda kat\u0131la\u015fma \u00f6zelli\u011fi g\u00f6steren, beyaz renkli, inorganik esasl\u0131 bir ba\u011flay\u0131c\u0131 madde t\u00fcr\u00fcd\u00fcr.<\/strong><\/p>\n<h3><strong>\u00d6zellikler ve Avantajlar\u0131<\/strong><\/h3>\n<p><strong>Kimyasallarla h\u0131zl\u0131 bir \u015fekilde reaksiyona girerek istenmeyen maddeleri b\u00fcnyeden uzakla\u015ft\u0131r\u0131r.<\/strong><\/p>\n<p><strong>Bir\u00e7ok kimyasal prosesin ana girdisini olu\u015fturur.<\/strong><\/p>\n<p><strong>Organik canl\u0131lar i\u00e7in besi maddesidir.<\/strong><\/p>\n<p><strong>\u0130yi bir ph dengeleyicisidir.<\/strong><\/p>\n<p><strong>Maliyeti d\u00fc\u015f\u00fckt\u00fcr ve kolay bulunabilir.<\/strong><\/p>\n<p><strong>\u00a0<\/strong><\/p>\n<h3><strong>Teknik \u00d6zellikleri<\/strong><\/h3>\n<p><strong>YO\u011eUNLUK: 2,7 g\/cm<\/strong><\/p>\n<p><strong>SERTL\u0130K: 3<\/strong><\/p>\n<p><strong>\u00a0<\/strong><\/p>\n<h3><strong>Kullan\u0131m Alanlar\u0131<\/strong><\/h3>\n<p><strong>Portland \u00e7imento ve beton yap\u0131m\u0131nda hammadde komponenti olarak kullan\u0131l\u0131r.<\/strong><\/p>\n<p><strong>\u0130n\u015faat har\u00e7 ve s\u0131valar\u0131nda \u00a0ba\u011flay\u0131c\u0131 olarak kullan\u0131l\u0131r.<\/strong><\/p>\n<p><strong>Demir-\u00e7elik end\u00fcstrisinde safs\u0131zla\u015ft\u0131r\u0131c\u0131 olarak kullan\u0131l\u0131r.<\/strong><\/p>\n<p><strong>\u00c7evre denetiminde ar\u0131tma kimyasal\u0131 olarak kullan\u0131lmaktad\u0131r.<\/strong><\/p>\n<p><strong>Gaz beton end\u00fcstrisinde ba\u011flay\u0131c\u0131 olarak tercih edilir.<\/strong><\/p>\n<p><strong>Yol yap\u0131m \u00e7al\u0131\u015fmalar\u0131nda a\u015f\u0131nmaya kar\u015f\u0131 katk\u0131 maddesi olarak kullan\u0131l\u0131r.<\/strong><\/p>\n<p><strong>Y\u00fcksek f\u0131r\u0131nlarda c\u00fcrufla\u015ft\u0131r\u0131c\u0131 olarak kullan\u0131l\u0131r.<\/strong><\/p>\n<p><strong>Tar\u0131mda topra\u011f\u0131n ph de\u011ferini dengelemek i\u00e7in kullan\u0131l\u0131r.<\/strong><\/p>\n<p><strong>Baca gaz\u0131 ar\u0131t\u0131m\u0131nda kullan\u0131lmaktad\u0131r.<\/strong><\/p>\n<p><strong>Kire\u00e7 \u00fcr\u00fcnleri, sanayide belli boyutlarda ya da \u00f6\u011f\u00fct\u00fclm\u00fc\u015f olarak kullan\u0131labilece\u011fi gibi beton ve \u00e7imento yap\u0131m\u0131 gibi alanlarda s\u00f6nm\u00fc\u015f yada s\u00f6nmemi\u015f kire\u00e7 formunda kullan\u0131l\u0131r.<\/strong><\/p>\n<p><strong>\u00a0<\/strong><\/p>\n<p><strong>AMBALAJ<\/strong><\/p>\n<p><strong>25 kg torbalarda\u00a0<\/strong><\/p>\n<p><strong>DEPOLAMA<\/strong><strong>\u00a0<\/strong><\/p>\n<p><strong>Serin ve kuru bir alanda muhafaza ediniz.<\/strong><\/p>\n<p><strong>\u00a0<\/strong><\/p>\n","protected":false},"excerpt":{"rendered":"<p>Kire\u00e7 Kire\u00e7, kire\u00e7 ta\u015f\u0131n\u0131n \u00e7e\u015fitli derecelerde pi\u015firilmesi sonucu elde edilen, suyla kar\u0131\u015ft\u0131r\u0131ld\u0131\u011f\u0131nda, tipine g\u00f6re havada veya suda kat\u0131la\u015fma \u00f6zelli\u011fi g\u00f6steren,<\/p>\n","protected":false},"featured_media":16211,"comment_status":"open","ping_status":"closed","template":"","meta":{"_joinchat":[]},"product_cat":[70,78,79],"product_tag":[],"class_list":{"0":"post-16210","1":"product","2":"type-product","3":"status-publish","4":"has-post-thumbnail","6":"product_cat-boya-ve-yapi-kimyasallar","7":"product_cat-metal-dokum-kaplama","8":"product_cat-tarim-kimyasallari","10":"first","11":"outofstock","12":"shipping-taxable","13":"product-type-variable"},"yoast_head":"<!-- This site is optimized with the Yoast SEO Premium plugin v20.2.1 (Yoast SEO v20.2.1) - https:\/\/yoast.com\/wordpress\/plugins\/seo\/ -->\n<title>K\u0130RE\u00c7 - Akerkimya<\/title>\n<meta name=\"robots\" content=\"index, follow, max-snippet:-1, max-image-preview:large, max-video-preview:-1\" \/>\n<link rel=\"canonical\" href=\"https:\/\/akerkimya.com\/eticaret\/urun\/kirec\/\" \/>\n<meta property=\"og:locale\" content=\"tr_TR\" \/>\n<meta property=\"og:type\" content=\"article\" \/>\n<meta property=\"og:title\" content=\"K\u0130RE\u00c7\" \/>\n<meta property=\"og:description\" content=\"Kire\u00e7 Kire\u00e7, kire\u00e7 ta\u015f\u0131n\u0131n \u00e7e\u015fitli derecelerde pi\u015firilmesi sonucu elde edilen, suyla kar\u0131\u015ft\u0131r\u0131ld\u0131\u011f\u0131nda, tipine g\u00f6re havada veya suda kat\u0131la\u015fma \u00f6zelli\u011fi g\u00f6steren,\" \/>\n<meta property=\"og:url\" content=\"https:\/\/akerkimya.com\/eticaret\/urun\/kirec\/\" \/>\n<meta property=\"og:site_name\" content=\"Akerkimya\" \/>\n<meta property=\"article:modified_time\" content=\"2026-03-29T23:22:17+00:00\" \/>\n<meta property=\"og:image\" content=\"https:\/\/akerkimya.com\/eticaret\/wp-content\/uploads\/2024\/12\/KIREC-GUNCEL-.png\" \/>\n\t<meta property=\"og:image:width\" content=\"1000\" \/>\n\t<meta property=\"og:image:height\" content=\"1000\" \/>\n\t<meta property=\"og:image:type\" content=\"image\/png\" \/>\n<meta name=\"twitter:card\" content=\"summary_large_image\" \/>\n<meta name=\"twitter:label1\" content=\"Tahmini okuma s\u00fcresi\" \/>\n\t<meta name=\"twitter:data1\" content=\"1 dakika\" \/>\n<script type=\"application\/ld+json\" class=\"yoast-schema-graph\">{\"@context\":\"https:\/\/schema.org\",\"@graph\":[{\"@type\":\"WebPage\",\"@id\":\"https:\/\/akerkimya.com\/eticaret\/urun\/kirec\/\",\"url\":\"https:\/\/akerkimya.com\/eticaret\/urun\/kirec\/\",\"name\":\"K\u0130RE\u00c7 - Akerkimya\",\"isPartOf\":{\"@id\":\"https:\/\/akerkimya.com\/eticaret\/#website\"},\"datePublished\":\"2024-12-30T23:06:45+00:00\",\"dateModified\":\"2026-03-29T23:22:17+00:00\",\"breadcrumb\":{\"@id\":\"https:\/\/akerkimya.com\/eticaret\/urun\/kirec\/#breadcrumb\"},\"inLanguage\":\"tr\",\"potentialAction\":[{\"@type\":\"ReadAction\",\"target\":[\"https:\/\/akerkimya.com\/eticaret\/urun\/kirec\/\"]}]},{\"@type\":\"BreadcrumbList\",\"@id\":\"https:\/\/akerkimya.com\/eticaret\/urun\/kirec\/#breadcrumb\",\"itemListElement\":[{\"@type\":\"ListItem\",\"position\":1,\"name\":\"Home\",\"item\":\"https:\/\/akerkimya.com\/eticaret\/\"},{\"@type\":\"ListItem\",\"position\":2,\"name\":\"Market\",\"item\":\"https:\/\/akerkimya.com\/eticaret\/market\/\"},{\"@type\":\"ListItem\",\"position\":3,\"name\":\"K\u0130RE\u00c7\"}]},{\"@type\":\"WebSite\",\"@id\":\"https:\/\/akerkimya.com\/eticaret\/#website\",\"url\":\"https:\/\/akerkimya.com\/eticaret\/\",\"name\":\"Akerkimya\",\"description\":\"\",\"potentialAction\":[{\"@type\":\"SearchAction\",\"target\":{\"@type\":\"EntryPoint\",\"urlTemplate\":\"https:\/\/akerkimya.com\/eticaret\/?s={search_term_string}\"},\"query-input\":\"required name=search_term_string\"}],\"inLanguage\":\"tr\"}]}<\/script>\n<!-- \/ Yoast SEO Premium plugin. -->","yoast_head_json":{"title":"K\u0130RE\u00c7 - Akerkimya","robots":{"index":"index","follow":"follow","max-snippet":"max-snippet:-1","max-image-preview":"max-image-preview:large","max-video-preview":"max-video-preview:-1"},"canonical":"https:\/\/akerkimya.com\/eticaret\/urun\/kirec\/","og_locale":"tr_TR","og_type":"article","og_title":"K\u0130RE\u00c7","og_description":"Kire\u00e7 Kire\u00e7, kire\u00e7 ta\u015f\u0131n\u0131n \u00e7e\u015fitli derecelerde pi\u015firilmesi sonucu elde edilen, suyla kar\u0131\u015ft\u0131r\u0131ld\u0131\u011f\u0131nda, tipine g\u00f6re havada veya suda kat\u0131la\u015fma \u00f6zelli\u011fi g\u00f6steren,","og_url":"https:\/\/akerkimya.com\/eticaret\/urun\/kirec\/","og_site_name":"Akerkimya","article_modified_time":"2026-03-29T23:22:17+00:00","og_image":[{"width":1000,"height":1000,"url":"https:\/\/akerkimya.com\/eticaret\/wp-content\/uploads\/2024\/12\/KIREC-GUNCEL-.png","type":"image\/png"}],"twitter_card":"summary_large_image","twitter_misc":{"Tahmini okuma s\u00fcresi":"1 dakika"},"schema":{"@context":"https:\/\/schema.org","@graph":[{"@type":"WebPage","@id":"https:\/\/akerkimya.com\/eticaret\/urun\/kirec\/","url":"https:\/\/akerkimya.com\/eticaret\/urun\/kirec\/","name":"K\u0130RE\u00c7 - Akerkimya","isPartOf":{"@id":"https:\/\/akerkimya.com\/eticaret\/#website"},"datePublished":"2024-12-30T23:06:45+00:00","dateModified":"2026-03-29T23:22:17+00:00","breadcrumb":{"@id":"https:\/\/akerkimya.com\/eticaret\/urun\/kirec\/#breadcrumb"},"inLanguage":"tr","potentialAction":[{"@type":"ReadAction","target":["https:\/\/akerkimya.com\/eticaret\/urun\/kirec\/"]}]},{"@type":"BreadcrumbList","@id":"https:\/\/akerkimya.com\/eticaret\/urun\/kirec\/#breadcrumb","itemListElement":[{"@type":"ListItem","position":1,"name":"Home","item":"https:\/\/akerkimya.com\/eticaret\/"},{"@type":"ListItem","position":2,"name":"Market","item":"https:\/\/akerkimya.com\/eticaret\/market\/"},{"@type":"ListItem","position":3,"name":"K\u0130RE\u00c7"}]},{"@type":"WebSite","@id":"https:\/\/akerkimya.com\/eticaret\/#website","url":"https:\/\/akerkimya.com\/eticaret\/","name":"Akerkimya","description":"","potentialAction":[{"@type":"SearchAction","target":{"@type":"EntryPoint","urlTemplate":"https:\/\/akerkimya.com\/eticaret\/?s={search_term_string}"},"query-input":"required name=search_term_string"}],"inLanguage":"tr"}]}},"_links":{"self":[{"href":"https:\/\/akerkimya.com\/eticaret\/wp-json\/wp\/v2\/product\/16210","targetHints":{"allow":["GET"]}}],"collection":[{"href":"https:\/\/akerkimya.com\/eticaret\/wp-json\/wp\/v2\/product"}],"about":[{"href":"https:\/\/akerkimya.com\/eticaret\/wp-json\/wp\/v2\/types\/product"}],"replies":[{"embeddable":true,"href":"https:\/\/akerkimya.com\/eticaret\/wp-json\/wp\/v2\/comments?post=16210"}],"version-history":[{"count":3,"href":"https:\/\/akerkimya.com\/eticaret\/wp-json\/wp\/v2\/product\/16210\/revisions"}],"predecessor-version":[{"id":16711,"href":"https:\/\/akerkimya.com\/eticaret\/wp-json\/wp\/v2\/product\/16210\/revisions\/16711"}],"wp:featuredmedia":[{"embeddable":true,"href":"https:\/\/akerkimya.com\/eticaret\/wp-json\/wp\/v2\/media\/16211"}],"wp:attachment":[{"href":"https:\/\/akerkimya.com\/eticaret\/wp-json\/wp\/v2\/media?parent=16210"}],"wp:term":[{"taxonomy":"product_cat","embeddable":true,"href":"https:\/\/akerkimya.com\/eticaret\/wp-json\/wp\/v2\/product_cat?post=16210"},{"taxonomy":"product_tag","embeddable":true,"href":"https:\/\/akerkimya.com\/eticaret\/wp-json\/wp\/v2\/product_tag?post=16210"}],"curies":[{"name":"wp","href":"https:\/\/api.w.org\/{rel}","templated":true}]}}