{"id":16227,"date":"2024-12-31T02:20:41","date_gmt":"2024-12-30T23:20:41","guid":{"rendered":"https:\/\/akerkimya.com\/eticaret\/?post_type=product&#038;p=16227"},"modified":"2026-03-30T02:23:47","modified_gmt":"2026-03-29T23:23:47","slug":"kobalt-klorur-hekzahidrat","status":"publish","type":"product","link":"https:\/\/akerkimya.com\/eticaret\/urun\/kobalt-klorur-hekzahidrat\/","title":{"rendered":"KOBALT KLOR\u00dcR HEKZAH\u0130DRAT"},"content":{"rendered":"<h1>KOBALT KLOR\u00dcR HEKZAH\u0130DRAT<\/h1>\n<p><strong>Kobalt klor\u00fcr hekzahidrat, CoCl2\u00b76H2O kimyasa form\u00fcl\u00fcne sahip bir bile\u015fiktir. Bu bile\u015fik, kobalt tuzlar\u0131 i\u00e7eren \u00e7e\u015fitli end\u00fcstriyel ve laboratuvar uygulamalar\u0131nda kullan\u0131l\u0131r. <\/strong><\/p>\n<p><strong>Genellikle nem indikat\u00f6rleri ve dehidrasyon reaktifleri i\u00e7in kullan\u0131l\u0131r \u00e7\u00fcnk\u00fc atmosferdeki nemi absorbe ederek renk de\u011fi\u015ftirir.<\/strong><\/p>\n<p><strong>\u00a0<\/strong><\/p>\n<p><strong>KOBALT KLOR\u00dcR HEKZAH\u0130DRAT \u00d6ZELL\u0130KLER\u0130<\/strong><\/p>\n<p><strong>Rengi de\u011fi\u015fen bir yap\u0131dad\u0131r.<\/strong><\/p>\n<p><strong>Mavi bro\u015f\u00fcrlerler, nemli havada pembeye d\u00f6ner.<\/strong><\/p>\n<p><strong>Kristal toz formdad\u0131r. <\/strong><\/p>\n<p><strong>\u00a0<\/strong><\/p>\n<p><strong>TEKN\u0130K \u00d6ZELL\u0130KLER\u0130<\/strong><\/p>\n<p><strong>CAS NUMARASI: <\/strong><strong>7791-13-1<\/strong><\/p>\n<p><strong>EC NUMARASI:616-574-6<\/strong><\/p>\n<p><strong>MOLEK\u00dcLER FORM\u00dcL: <\/strong><strong>CoCl2\u20226H2O<\/strong><\/p>\n<p><strong>K\u0130MYASAL \u0130SM\u0130: kobalt klor\u00fcr hekzahidrat<\/strong><\/p>\n<p><strong>MOLAR K\u00dcTLE: <\/strong><strong>237,93 g\/mol<\/strong><\/p>\n<p><strong>YO\u011eUNLUK: <\/strong><strong>1,924 g\/cm3<\/strong><\/p>\n<p><strong>ER\u0130ME NOKTASI: <\/strong><strong>86 \u00b0C<\/strong><\/p>\n<p><strong>SUDA \u00c7\u00d6Z\u00dcN\u00dcRL\u00dcK: \u00c7\u00f6z\u00fcn\u00fcr<\/strong><\/p>\n<p><strong>\u00a0<\/strong><\/p>\n<p><strong>KULLANIM ALANLARI<\/strong><\/p>\n<p><strong>Cam ve porselen \u00fczerine boyamak i\u00e7in,<\/strong><\/p>\n<p><strong>B12 vitamini \u00fcretiminde,<\/strong><\/p>\n<p><strong>G\u00f6r\u00fcnmez m\u00fcrekkep \u00fcretiminde,<\/strong><\/p>\n<p><strong>Nem ve su g\u00f6stergesi olarak,<\/strong><\/p>\n<p><strong>\u00d6\u011f\u00fctmede s\u0131cakl\u0131k g\u00f6stergesi olarak,<\/strong><\/p>\n<p><strong>Elektro kaplamalarda,<\/strong><\/p>\n<p><strong>G\u00fcbre ve yem katk\u0131 maddesi olarak,<\/strong><\/p>\n<p><strong>Kimya laboratuvarlar\u0131nda deneylerde, <\/strong><\/p>\n<p><strong>Tekstil boyama i\u015flemlerinde, <\/strong><\/p>\n<p><strong>Elektrokimya uygulamalar\u0131nda<\/strong><\/p>\n<p><strong>Amonyak emici olarak,<\/strong><\/p>\n<p><strong>Birada k\u00f6p\u00fck stabilizat\u00f6r\u00fc olarak,<\/strong><\/p>\n<p><strong>Baz\u0131 kimyasal sentezlerde kataliz\u00f6r olarak kullan\u0131labilir.<\/strong><\/p>\n<p><strong>\u00a0<\/strong><\/p>\n<p><strong>AMBALAJ<\/strong><\/p>\n<p><strong>1-5-25 kg torbalar halinde<\/strong><\/p>\n<p><strong>\u00a0<\/strong><\/p>\n<p><strong>DEPOLAMA <\/strong><\/p>\n<p><strong>Serin ve kuru yerde muhafaza edilmelidir. \u00dcr\u00fcn kullan\u0131ld\u0131ktan sonra torba a\u011fz\u0131 a\u00e7\u0131k b\u0131rak\u0131lmamal\u0131d\u0131r.<\/strong><\/p>\n","protected":false},"excerpt":{"rendered":"<p>KOBALT KLOR\u00dcR HEKZAH\u0130DRAT Kobalt klor\u00fcr hekzahidrat, CoCl2\u00b76H2O kimyasa form\u00fcl\u00fcne sahip bir bile\u015fiktir. Bu bile\u015fik, kobalt tuzlar\u0131 i\u00e7eren \u00e7e\u015fitli end\u00fcstriyel ve<\/p>\n","protected":false},"featured_media":16228,"comment_status":"open","ping_status":"closed","template":"","meta":{"_joinchat":[]},"product_cat":[70,73,80,81],"product_tag":[],"class_list":{"0":"post-16227","1":"product","2":"type-product","3":"status-publish","4":"has-post-thumbnail","6":"product_cat-boya-ve-yapi-kimyasallar","7":"product_cat-deri-ve-tekstil-kimyasallari","8":"product_cat-veteriner-ve-ilac-kimyasallari","9":"product_cat-yem-katki-kimyasallari","11":"first","12":"instock","13":"shipping-taxable","14":"purchasable","15":"product-type-variable"},"yoast_head":"<!-- This site is optimized with the Yoast SEO Premium plugin v20.2.1 (Yoast SEO v20.2.1) - https:\/\/yoast.com\/wordpress\/plugins\/seo\/ -->\n<title>KOBALT KLOR\u00dcR HEKZAH\u0130DRAT - Akerkimya<\/title>\n<meta name=\"robots\" content=\"index, follow, max-snippet:-1, max-image-preview:large, max-video-preview:-1\" \/>\n<link rel=\"canonical\" href=\"https:\/\/akerkimya.com\/eticaret\/urun\/kobalt-klorur-hekzahidrat\/\" \/>\n<meta property=\"og:locale\" content=\"tr_TR\" \/>\n<meta property=\"og:type\" content=\"article\" \/>\n<meta property=\"og:title\" content=\"KOBALT KLOR\u00dcR HEKZAH\u0130DRAT\" \/>\n<meta property=\"og:description\" content=\"KOBALT KLOR\u00dcR HEKZAH\u0130DRAT Kobalt klor\u00fcr hekzahidrat, CoCl2\u00b76H2O kimyasa form\u00fcl\u00fcne sahip bir bile\u015fiktir. Bu bile\u015fik, kobalt tuzlar\u0131 i\u00e7eren \u00e7e\u015fitli end\u00fcstriyel ve\" \/>\n<meta property=\"og:url\" content=\"https:\/\/akerkimya.com\/eticaret\/urun\/kobalt-klorur-hekzahidrat\/\" \/>\n<meta property=\"og:site_name\" content=\"Akerkimya\" \/>\n<meta property=\"article:modified_time\" content=\"2026-03-29T23:23:47+00:00\" \/>\n<meta property=\"og:image\" content=\"https:\/\/akerkimya.com\/eticaret\/wp-content\/uploads\/2024\/12\/KOBALT-KLORUR-HEKZAHIDRAT-GUNCEL.png\" \/>\n\t<meta property=\"og:image:width\" content=\"1000\" \/>\n\t<meta property=\"og:image:height\" content=\"1000\" \/>\n\t<meta property=\"og:image:type\" content=\"image\/png\" \/>\n<meta name=\"twitter:card\" content=\"summary_large_image\" \/>\n<meta name=\"twitter:label1\" content=\"Tahmini okuma s\u00fcresi\" \/>\n\t<meta name=\"twitter:data1\" content=\"1 dakika\" \/>\n<script type=\"application\/ld+json\" class=\"yoast-schema-graph\">{\"@context\":\"https:\/\/schema.org\",\"@graph\":[{\"@type\":\"WebPage\",\"@id\":\"https:\/\/akerkimya.com\/eticaret\/urun\/kobalt-klorur-hekzahidrat\/\",\"url\":\"https:\/\/akerkimya.com\/eticaret\/urun\/kobalt-klorur-hekzahidrat\/\",\"name\":\"KOBALT KLOR\u00dcR HEKZAH\u0130DRAT - Akerkimya\",\"isPartOf\":{\"@id\":\"https:\/\/akerkimya.com\/eticaret\/#website\"},\"datePublished\":\"2024-12-30T23:20:41+00:00\",\"dateModified\":\"2026-03-29T23:23:47+00:00\",\"breadcrumb\":{\"@id\":\"https:\/\/akerkimya.com\/eticaret\/urun\/kobalt-klorur-hekzahidrat\/#breadcrumb\"},\"inLanguage\":\"tr\",\"potentialAction\":[{\"@type\":\"ReadAction\",\"target\":[\"https:\/\/akerkimya.com\/eticaret\/urun\/kobalt-klorur-hekzahidrat\/\"]}]},{\"@type\":\"BreadcrumbList\",\"@id\":\"https:\/\/akerkimya.com\/eticaret\/urun\/kobalt-klorur-hekzahidrat\/#breadcrumb\",\"itemListElement\":[{\"@type\":\"ListItem\",\"position\":1,\"name\":\"Home\",\"item\":\"https:\/\/akerkimya.com\/eticaret\/\"},{\"@type\":\"ListItem\",\"position\":2,\"name\":\"Market\",\"item\":\"https:\/\/akerkimya.com\/eticaret\/market\/\"},{\"@type\":\"ListItem\",\"position\":3,\"name\":\"KOBALT KLOR\u00dcR HEKZAH\u0130DRAT\"}]},{\"@type\":\"WebSite\",\"@id\":\"https:\/\/akerkimya.com\/eticaret\/#website\",\"url\":\"https:\/\/akerkimya.com\/eticaret\/\",\"name\":\"Akerkimya\",\"description\":\"\",\"potentialAction\":[{\"@type\":\"SearchAction\",\"target\":{\"@type\":\"EntryPoint\",\"urlTemplate\":\"https:\/\/akerkimya.com\/eticaret\/?s={search_term_string}\"},\"query-input\":\"required name=search_term_string\"}],\"inLanguage\":\"tr\"}]}<\/script>\n<!-- \/ Yoast SEO Premium plugin. -->","yoast_head_json":{"title":"KOBALT KLOR\u00dcR HEKZAH\u0130DRAT - Akerkimya","robots":{"index":"index","follow":"follow","max-snippet":"max-snippet:-1","max-image-preview":"max-image-preview:large","max-video-preview":"max-video-preview:-1"},"canonical":"https:\/\/akerkimya.com\/eticaret\/urun\/kobalt-klorur-hekzahidrat\/","og_locale":"tr_TR","og_type":"article","og_title":"KOBALT KLOR\u00dcR HEKZAH\u0130DRAT","og_description":"KOBALT KLOR\u00dcR HEKZAH\u0130DRAT Kobalt klor\u00fcr hekzahidrat, CoCl2\u00b76H2O kimyasa form\u00fcl\u00fcne sahip bir bile\u015fiktir. Bu bile\u015fik, kobalt tuzlar\u0131 i\u00e7eren \u00e7e\u015fitli end\u00fcstriyel ve","og_url":"https:\/\/akerkimya.com\/eticaret\/urun\/kobalt-klorur-hekzahidrat\/","og_site_name":"Akerkimya","article_modified_time":"2026-03-29T23:23:47+00:00","og_image":[{"width":1000,"height":1000,"url":"https:\/\/akerkimya.com\/eticaret\/wp-content\/uploads\/2024\/12\/KOBALT-KLORUR-HEKZAHIDRAT-GUNCEL.png","type":"image\/png"}],"twitter_card":"summary_large_image","twitter_misc":{"Tahmini okuma s\u00fcresi":"1 dakika"},"schema":{"@context":"https:\/\/schema.org","@graph":[{"@type":"WebPage","@id":"https:\/\/akerkimya.com\/eticaret\/urun\/kobalt-klorur-hekzahidrat\/","url":"https:\/\/akerkimya.com\/eticaret\/urun\/kobalt-klorur-hekzahidrat\/","name":"KOBALT KLOR\u00dcR HEKZAH\u0130DRAT - Akerkimya","isPartOf":{"@id":"https:\/\/akerkimya.com\/eticaret\/#website"},"datePublished":"2024-12-30T23:20:41+00:00","dateModified":"2026-03-29T23:23:47+00:00","breadcrumb":{"@id":"https:\/\/akerkimya.com\/eticaret\/urun\/kobalt-klorur-hekzahidrat\/#breadcrumb"},"inLanguage":"tr","potentialAction":[{"@type":"ReadAction","target":["https:\/\/akerkimya.com\/eticaret\/urun\/kobalt-klorur-hekzahidrat\/"]}]},{"@type":"BreadcrumbList","@id":"https:\/\/akerkimya.com\/eticaret\/urun\/kobalt-klorur-hekzahidrat\/#breadcrumb","itemListElement":[{"@type":"ListItem","position":1,"name":"Home","item":"https:\/\/akerkimya.com\/eticaret\/"},{"@type":"ListItem","position":2,"name":"Market","item":"https:\/\/akerkimya.com\/eticaret\/market\/"},{"@type":"ListItem","position":3,"name":"KOBALT KLOR\u00dcR HEKZAH\u0130DRAT"}]},{"@type":"WebSite","@id":"https:\/\/akerkimya.com\/eticaret\/#website","url":"https:\/\/akerkimya.com\/eticaret\/","name":"Akerkimya","description":"","potentialAction":[{"@type":"SearchAction","target":{"@type":"EntryPoint","urlTemplate":"https:\/\/akerkimya.com\/eticaret\/?s={search_term_string}"},"query-input":"required name=search_term_string"}],"inLanguage":"tr"}]}},"_links":{"self":[{"href":"https:\/\/akerkimya.com\/eticaret\/wp-json\/wp\/v2\/product\/16227","targetHints":{"allow":["GET"]}}],"collection":[{"href":"https:\/\/akerkimya.com\/eticaret\/wp-json\/wp\/v2\/product"}],"about":[{"href":"https:\/\/akerkimya.com\/eticaret\/wp-json\/wp\/v2\/types\/product"}],"replies":[{"embeddable":true,"href":"https:\/\/akerkimya.com\/eticaret\/wp-json\/wp\/v2\/comments?post=16227"}],"version-history":[{"count":2,"href":"https:\/\/akerkimya.com\/eticaret\/wp-json\/wp\/v2\/product\/16227\/revisions"}],"predecessor-version":[{"id":16706,"href":"https:\/\/akerkimya.com\/eticaret\/wp-json\/wp\/v2\/product\/16227\/revisions\/16706"}],"wp:featuredmedia":[{"embeddable":true,"href":"https:\/\/akerkimya.com\/eticaret\/wp-json\/wp\/v2\/media\/16228"}],"wp:attachment":[{"href":"https:\/\/akerkimya.com\/eticaret\/wp-json\/wp\/v2\/media?parent=16227"}],"wp:term":[{"taxonomy":"product_cat","embeddable":true,"href":"https:\/\/akerkimya.com\/eticaret\/wp-json\/wp\/v2\/product_cat?post=16227"},{"taxonomy":"product_tag","embeddable":true,"href":"https:\/\/akerkimya.com\/eticaret\/wp-json\/wp\/v2\/product_tag?post=16227"}],"curies":[{"name":"wp","href":"https:\/\/api.w.org\/{rel}","templated":true}]}}