{"id":16246,"date":"2024-12-31T02:37:46","date_gmt":"2024-12-30T23:37:46","guid":{"rendered":"https:\/\/akerkimya.com\/eticaret\/?post_type=product&#038;p=16246"},"modified":"2026-03-30T02:23:47","modified_gmt":"2026-03-29T23:23:47","slug":"kuvarz-kumu-kuvars-0-100","status":"publish","type":"product","link":"https:\/\/akerkimya.com\/eticaret\/urun\/kuvarz-kumu-kuvars-0-100\/","title":{"rendered":"KUVARZ KUMU &#8211; KUVARS 0-100"},"content":{"rendered":"<h1>KUVARZ KUMU &#8211; KUVARS 0-100<\/h1>\n<p><strong>Kuvars saf silisyum dioksit (SiO2)\u00a0 kristallerine verilen isimdir. Silikon ve oksijen atomlar\u0131ndan olu\u015fan sert ve kristalli bir mineraldir. Silisten olu\u015fan az miktarda kil, feldspat, demir oksitler, karbonatlar, karbonatlar ihtiva edebilir.<\/strong><\/p>\n<p><strong>\u00a0<\/strong><\/p>\n<p><strong>TEKN\u0130K \u00d6ZELL\u0130KLER<\/strong><\/p>\n<p><strong>Kimyasal Form\u00fcl\u00fc:SiO2<\/strong><\/p>\n<p><strong>\u00d6zg\u00fcl A\u011f\u0131rl\u0131\u011f\u0131:2,65g\/cm3<\/strong><\/p>\n<p><strong>Sertli\u011fi: 7<\/strong><\/p>\n<p><strong>Renkleri: Beyaz(s\u00fct kuvars), mor(ametist), pembe, duman, f\u00fcme gibi \u00e7e\u015fitli renklerde bulunur. Bu renk farkl\u0131la\u015fmalar\u0131, mineralin kristal yap\u0131s\u0131na d\u00e2hil edilen kromoforlardan kaynaklan\u0131r.<\/strong><\/p>\n<p><strong>S\u00f6nme: Paralel, e\u011fik ve dalgal\u0131 s\u00f6nme g\u00f6zlenebilir.<\/strong><\/p>\n<p><strong>Bozulma: Bozulmaya en dayan\u0131kl\u0131 mineraldir.<\/strong><\/p>\n<p><strong>Beraber bulundu\u011fu mineraller: Alkali feldspatlar ve plajioklaslar<\/strong><\/p>\n<p><strong>\u00a0<\/strong><\/p>\n<p><strong>KULLANIM ALANLARI<\/strong><\/p>\n<p><strong>Beyaz kum olarak da bilinen saf kuvarslar cam end\u00fcstrisinde kullan\u0131l\u0131r. Kuvars kumu d\u00fcz plaka cam\u0131, saha cam\u0131 ve cam elyaf\u0131 \u00fcretiminde kullan\u0131l\u0131r.<\/strong><\/p>\n<p><strong>Kuvars kristali mor \u00f6tesi ve k\u0131z\u0131l alt\u0131 \u0131\u015f\u0131n\u0131mlar\u0131 saydamd\u0131r bundan dolay\u0131 elektronik sanayiinde osilat\u00f6r olarak kullan\u0131l\u0131r.<\/strong><\/p>\n<p><strong>Ani s\u0131cakl\u0131k de\u011fi\u015fikliklerinden etkilenmesi istenmeyen malzemelerin yap\u0131m\u0131nda kullan\u0131l\u0131r.<\/strong><\/p>\n<p><strong>\u00c7akmaklarda k\u0131v\u0131lc\u0131m \u00e7\u0131kartarak \u00e7\u0131kan gaz\u0131n yanmas\u0131n\u0131 sa\u011flar.<\/strong><\/p>\n<p><strong>Yeni t\u00fcr dizel motorlarda dizel \u00e7evrimini ger\u00e7ekle\u015ftirmek i\u00e7in kullan\u0131l\u0131r.<\/strong><\/p>\n<p><strong>M\u00fccevher, tak\u0131 ve de\u011ferli ta\u015f sekt\u00f6r\u00fcnde kullan\u0131lmaktad\u0131r.<\/strong><\/p>\n<p><strong>\u0130n\u015faat sekt\u00f6r\u00fcnde betonlamada ve spor salonlar\u0131nda kullan\u0131lmaktad\u0131r.<\/strong><\/p>\n<p><strong>Is\u0131ya kar\u015f\u0131 dayan\u0131m\u0131 y\u00fcksek oldu\u011fu i\u00e7in d\u00f6k\u00fcm kumu olarak ve tu\u011fla yap\u0131m\u0131nda kullan\u0131l\u0131r.<\/strong><\/p>\n<p><strong>Petrol end\u00fcstrisinde do\u011falgaz \u00e7\u0131kar\u0131m\u0131nda a\u00e7\u0131lacak k\u0131r\u0131klar\u0131n uzun \u00f6m\u00fcrl\u00fc olmas\u0131n\u0131 sa\u011flamak i\u00e7in kullan\u0131l\u0131r.<\/strong><\/p>\n<p><strong>Kau\u00e7uk, boya, macun imalat\u0131nda ve yap\u0131 malzemelerinde kullan\u0131lmaktad\u0131r.<\/strong><\/p>\n<p><strong>End\u00fcstriyel alanda elektronik iletici ve ayr\u0131\u015ft\u0131r\u0131c\u0131 olarak kullan\u0131lmaktad\u0131r.<\/strong><\/p>\n<p><strong>Saatler, deterjanlar, di\u015f macunlar\u0131 ve \u0131\u015f\u0131kland\u0131rmada kullan\u0131lmaktad\u0131r.<\/strong><\/p>\n<p><strong>\u0130n\u015faat sekt\u00f6r\u00fcnde kullan\u0131lan seramik, beton, y\u00fczey sertle\u015ftirici, fayans yap\u0131\u015ft\u0131r\u0131c\u0131, onar\u0131m har\u00e7lar\u0131, \u0131s\u0131 yal\u0131t\u0131m elyaflar\u0131 gibi bir\u00e7ok \u00fcr\u00fcn\u00fcn hammaddesi olarak kullan\u0131lmaktad\u0131r.<\/strong><\/p>\n<p><strong>Ar\u0131tma tesislerinde, olu\u015fturdu\u011fu y\u0131\u011f\u0131n yo\u011funlu\u011fu sayesinde su ve di\u011fer bir\u00e7ok s\u0131v\u0131n\u0131n filtrelenmesinde etkin kullan\u0131lmaktad\u0131r.<\/strong><\/p>\n<p><strong>\u00a0.<\/strong><\/p>\n<p><strong>AVANTAJLARI<\/strong><\/p>\n<p><strong>Her s\u0131cakl\u0131k de\u011ferinde olu\u015ftu\u011fu ve D\u00fcnya\u2019da bol miktarda bulundu\u011fu i\u00e7in d\u00fc\u015f\u00fck maliyetlidir.<\/strong><\/p>\n<p><strong>Y\u00fcksek sertlik de\u011feri nedeniyle dayan\u0131kl\u0131d\u0131r.<\/strong><\/p>\n<p><strong>Is\u0131ya dayan\u0131kl\u0131 \u00f6zelli\u011fi ile refrakter (y\u00fcksek \u0131s\u0131ya dayan\u0131kl\u0131) \u00fcr\u00fcnler yapmak i\u00e7in ideal bir malzemedir.<\/strong><\/p>\n<p><strong>Telsiz, cep telefonu gibi cihazlardan yay\u0131lan radyasyonu toplar.<\/strong><\/p>\n<p><strong>Ki\u015fiyi negatif enerjilerden korur.<\/strong><\/p>\n<p><strong>G\u00f6zler i\u00e7in faydal\u0131d\u0131r ve kan dola\u015f\u0131m\u0131n\u0131 d\u00fczenler.<\/strong><\/p>\n<p><strong>Kuvars kum minerali y\u00fcksek oranda tortu tutma kapasitesine sahiptir.<\/strong><\/p>\n<p><strong>\u00a0<\/strong><\/p>\n<p><strong>AMBALAJ<\/strong><\/p>\n<p><strong>1-5-25 kg torbalar halinde<\/strong><\/p>\n<p><strong>\u00a0<\/strong><\/p>\n<p><strong>\u00a0DEPOLAMA<\/strong><\/p>\n<p><strong>G\u00fcne\u015f \u0131\u015f\u0131\u011f\u0131na temas etmeyen kuru ve serin yerlerde muhafaza ediniz.<\/strong><\/p>\n<p><strong>\u00a0<\/strong><\/p>\n<p><strong>\u00a0<\/strong><\/p>\n","protected":false},"excerpt":{"rendered":"<p>KUVARZ KUMU &#8211; KUVARS 0-100 Kuvars saf silisyum dioksit (SiO2)\u00a0 kristallerine verilen isimdir. Silikon ve oksijen atomlar\u0131ndan olu\u015fan sert ve<\/p>\n","protected":false},"featured_media":16247,"comment_status":"open","ping_status":"closed","template":"","meta":{"_joinchat":[]},"product_cat":[70,72,74],"product_tag":[],"class_list":{"0":"post-16246","1":"product","2":"type-product","3":"status-publish","4":"has-post-thumbnail","6":"product_cat-boya-ve-yapi-kimyasallar","7":"product_cat-cam-ve-seramik-kimyasallari","8":"product_cat-deterjan-ve-kozmetik-kimyasallari","10":"first","11":"instock","12":"shipping-taxable","13":"purchasable","14":"product-type-variable"},"yoast_head":"<!-- This site is optimized with the Yoast SEO Premium plugin v20.2.1 (Yoast SEO v20.2.1) - https:\/\/yoast.com\/wordpress\/plugins\/seo\/ -->\n<title>KUVARZ KUMU - KUVARS 0-100 - Akerkimya<\/title>\n<meta name=\"robots\" content=\"index, follow, max-snippet:-1, max-image-preview:large, max-video-preview:-1\" \/>\n<link rel=\"canonical\" href=\"https:\/\/akerkimya.com\/eticaret\/urun\/kuvarz-kumu-kuvars-0-100\/\" \/>\n<meta property=\"og:locale\" content=\"tr_TR\" \/>\n<meta property=\"og:type\" content=\"article\" \/>\n<meta property=\"og:title\" content=\"KUVARZ KUMU - KUVARS 0-100\" \/>\n<meta property=\"og:description\" content=\"KUVARZ KUMU &#8211; KUVARS 0-100 Kuvars saf silisyum dioksit (SiO2)\u00a0 kristallerine verilen isimdir. Silikon ve oksijen atomlar\u0131ndan olu\u015fan sert ve\" \/>\n<meta property=\"og:url\" content=\"https:\/\/akerkimya.com\/eticaret\/urun\/kuvarz-kumu-kuvars-0-100\/\" \/>\n<meta property=\"og:site_name\" content=\"Akerkimya\" \/>\n<meta property=\"article:modified_time\" content=\"2026-03-29T23:23:47+00:00\" \/>\n<meta property=\"og:image\" content=\"https:\/\/akerkimya.com\/eticaret\/wp-content\/uploads\/2024\/12\/KUVARS-GUNCEL-.png\" \/>\n\t<meta property=\"og:image:width\" content=\"1000\" \/>\n\t<meta property=\"og:image:height\" content=\"1000\" \/>\n\t<meta property=\"og:image:type\" content=\"image\/png\" \/>\n<meta name=\"twitter:card\" content=\"summary_large_image\" \/>\n<meta name=\"twitter:label1\" content=\"Tahmini okuma s\u00fcresi\" \/>\n\t<meta name=\"twitter:data1\" content=\"2 dakika\" \/>\n<script type=\"application\/ld+json\" class=\"yoast-schema-graph\">{\"@context\":\"https:\/\/schema.org\",\"@graph\":[{\"@type\":\"WebPage\",\"@id\":\"https:\/\/akerkimya.com\/eticaret\/urun\/kuvarz-kumu-kuvars-0-100\/\",\"url\":\"https:\/\/akerkimya.com\/eticaret\/urun\/kuvarz-kumu-kuvars-0-100\/\",\"name\":\"KUVARZ KUMU - KUVARS 0-100 - Akerkimya\",\"isPartOf\":{\"@id\":\"https:\/\/akerkimya.com\/eticaret\/#website\"},\"datePublished\":\"2024-12-30T23:37:46+00:00\",\"dateModified\":\"2026-03-29T23:23:47+00:00\",\"breadcrumb\":{\"@id\":\"https:\/\/akerkimya.com\/eticaret\/urun\/kuvarz-kumu-kuvars-0-100\/#breadcrumb\"},\"inLanguage\":\"tr\",\"potentialAction\":[{\"@type\":\"ReadAction\",\"target\":[\"https:\/\/akerkimya.com\/eticaret\/urun\/kuvarz-kumu-kuvars-0-100\/\"]}]},{\"@type\":\"BreadcrumbList\",\"@id\":\"https:\/\/akerkimya.com\/eticaret\/urun\/kuvarz-kumu-kuvars-0-100\/#breadcrumb\",\"itemListElement\":[{\"@type\":\"ListItem\",\"position\":1,\"name\":\"Home\",\"item\":\"https:\/\/akerkimya.com\/eticaret\/\"},{\"@type\":\"ListItem\",\"position\":2,\"name\":\"Market\",\"item\":\"https:\/\/akerkimya.com\/eticaret\/market\/\"},{\"@type\":\"ListItem\",\"position\":3,\"name\":\"KUVARZ KUMU &#8211; KUVARS 0-100\"}]},{\"@type\":\"WebSite\",\"@id\":\"https:\/\/akerkimya.com\/eticaret\/#website\",\"url\":\"https:\/\/akerkimya.com\/eticaret\/\",\"name\":\"Akerkimya\",\"description\":\"\",\"potentialAction\":[{\"@type\":\"SearchAction\",\"target\":{\"@type\":\"EntryPoint\",\"urlTemplate\":\"https:\/\/akerkimya.com\/eticaret\/?s={search_term_string}\"},\"query-input\":\"required name=search_term_string\"}],\"inLanguage\":\"tr\"}]}<\/script>\n<!-- \/ Yoast SEO Premium plugin. -->","yoast_head_json":{"title":"KUVARZ KUMU - KUVARS 0-100 - Akerkimya","robots":{"index":"index","follow":"follow","max-snippet":"max-snippet:-1","max-image-preview":"max-image-preview:large","max-video-preview":"max-video-preview:-1"},"canonical":"https:\/\/akerkimya.com\/eticaret\/urun\/kuvarz-kumu-kuvars-0-100\/","og_locale":"tr_TR","og_type":"article","og_title":"KUVARZ KUMU - KUVARS 0-100","og_description":"KUVARZ KUMU &#8211; KUVARS 0-100 Kuvars saf silisyum dioksit (SiO2)\u00a0 kristallerine verilen isimdir. Silikon ve oksijen atomlar\u0131ndan olu\u015fan sert ve","og_url":"https:\/\/akerkimya.com\/eticaret\/urun\/kuvarz-kumu-kuvars-0-100\/","og_site_name":"Akerkimya","article_modified_time":"2026-03-29T23:23:47+00:00","og_image":[{"width":1000,"height":1000,"url":"https:\/\/akerkimya.com\/eticaret\/wp-content\/uploads\/2024\/12\/KUVARS-GUNCEL-.png","type":"image\/png"}],"twitter_card":"summary_large_image","twitter_misc":{"Tahmini okuma s\u00fcresi":"2 dakika"},"schema":{"@context":"https:\/\/schema.org","@graph":[{"@type":"WebPage","@id":"https:\/\/akerkimya.com\/eticaret\/urun\/kuvarz-kumu-kuvars-0-100\/","url":"https:\/\/akerkimya.com\/eticaret\/urun\/kuvarz-kumu-kuvars-0-100\/","name":"KUVARZ KUMU - KUVARS 0-100 - Akerkimya","isPartOf":{"@id":"https:\/\/akerkimya.com\/eticaret\/#website"},"datePublished":"2024-12-30T23:37:46+00:00","dateModified":"2026-03-29T23:23:47+00:00","breadcrumb":{"@id":"https:\/\/akerkimya.com\/eticaret\/urun\/kuvarz-kumu-kuvars-0-100\/#breadcrumb"},"inLanguage":"tr","potentialAction":[{"@type":"ReadAction","target":["https:\/\/akerkimya.com\/eticaret\/urun\/kuvarz-kumu-kuvars-0-100\/"]}]},{"@type":"BreadcrumbList","@id":"https:\/\/akerkimya.com\/eticaret\/urun\/kuvarz-kumu-kuvars-0-100\/#breadcrumb","itemListElement":[{"@type":"ListItem","position":1,"name":"Home","item":"https:\/\/akerkimya.com\/eticaret\/"},{"@type":"ListItem","position":2,"name":"Market","item":"https:\/\/akerkimya.com\/eticaret\/market\/"},{"@type":"ListItem","position":3,"name":"KUVARZ KUMU &#8211; KUVARS 0-100"}]},{"@type":"WebSite","@id":"https:\/\/akerkimya.com\/eticaret\/#website","url":"https:\/\/akerkimya.com\/eticaret\/","name":"Akerkimya","description":"","potentialAction":[{"@type":"SearchAction","target":{"@type":"EntryPoint","urlTemplate":"https:\/\/akerkimya.com\/eticaret\/?s={search_term_string}"},"query-input":"required name=search_term_string"}],"inLanguage":"tr"}]}},"_links":{"self":[{"href":"https:\/\/akerkimya.com\/eticaret\/wp-json\/wp\/v2\/product\/16246","targetHints":{"allow":["GET"]}}],"collection":[{"href":"https:\/\/akerkimya.com\/eticaret\/wp-json\/wp\/v2\/product"}],"about":[{"href":"https:\/\/akerkimya.com\/eticaret\/wp-json\/wp\/v2\/types\/product"}],"replies":[{"embeddable":true,"href":"https:\/\/akerkimya.com\/eticaret\/wp-json\/wp\/v2\/comments?post=16246"}],"version-history":[{"count":2,"href":"https:\/\/akerkimya.com\/eticaret\/wp-json\/wp\/v2\/product\/16246\/revisions"}],"predecessor-version":[{"id":16703,"href":"https:\/\/akerkimya.com\/eticaret\/wp-json\/wp\/v2\/product\/16246\/revisions\/16703"}],"wp:featuredmedia":[{"embeddable":true,"href":"https:\/\/akerkimya.com\/eticaret\/wp-json\/wp\/v2\/media\/16247"}],"wp:attachment":[{"href":"https:\/\/akerkimya.com\/eticaret\/wp-json\/wp\/v2\/media?parent=16246"}],"wp:term":[{"taxonomy":"product_cat","embeddable":true,"href":"https:\/\/akerkimya.com\/eticaret\/wp-json\/wp\/v2\/product_cat?post=16246"},{"taxonomy":"product_tag","embeddable":true,"href":"https:\/\/akerkimya.com\/eticaret\/wp-json\/wp\/v2\/product_tag?post=16246"}],"curies":[{"name":"wp","href":"https:\/\/api.w.org\/{rel}","templated":true}]}}