{"id":16386,"date":"2024-12-31T16:30:28","date_gmt":"2024-12-31T13:30:28","guid":{"rendered":"https:\/\/akerkimya.com\/eticaret\/?post_type=product&#038;p=16386"},"modified":"2026-05-06T16:43:18","modified_gmt":"2026-05-06T13:43:18","slug":"natrosol","status":"publish","type":"product","link":"https:\/\/akerkimya.com\/eticaret\/urun\/natrosol\/","title":{"rendered":"NATROSOL"},"content":{"rendered":"<h1>NATROSOL<\/h1>\n<p><strong>Natrasol Hidroksietil sel\u00fcloz (k\u0131saca HEC), hammadde olarak do\u011fal polimer sel\u00fcloz kullan\u0131larak ve bir dizi eterle\u015ftirme reaksiyonu yoluyla \u00fcretilen noniyonik bir sel\u00fcloz eterdir. Suda \u00e7\u00f6z\u00fcnerek pH\u2019dan etkilenmeyen berrak, viskoz bir \u00e7\u00f6zelti olu\u015fturan, kokusuz, toksik olmayan, beyaz bir tozdur.<\/strong><\/p>\n<p><strong>TEKN\u0130K\u00a0\u00d6ZELL\u0130KLER DE\u011eERLER<\/strong><\/p>\n<ul>\n<li><strong>Tip: \u00a0\u00a0\u00a0\u00a0\u00a0\u00a0\u00a0\u00a0\u00a0\u00a0\u00a0\u00a0\u00a0\u00a0\u00a0\u00a0\u00a0\u00a0\u00a0\u00a0\u00a0\u00a0\u00a0\u00a0\u00a0\u00a0\u00a0\u00a0\u00a0\u00a0\u00a0\u00a0\u00a0\u00a0\u00a0\u00a0\u00a0\u00a0\u00a0\u00a0\u00a0\u00a0\u00a0\u00a0\u00a0\u00a0\u00a0\u00a0\u00a0\u00a0\u00a0\u00a0\u00a0\u00a0\u00a0\u00a0\u00a0\u00a0\u00a0\u00a0\u00a0\u00a0\u00a0\u00a0Teknik<\/strong><\/li>\n<li><strong>G\u00f6r\u00fcn\u00fcm:\u00a0\u00a0\u00a0\u00a0\u00a0\u00a0\u00a0\u00a0\u00a0\u00a0\u00a0\u00a0\u00a0\u00a0\u00a0\u00a0\u00a0\u00a0\u00a0\u00a0\u00a0\u00a0\u00a0\u00a0\u00a0\u00a0\u00a0 \u00a0\u00a0\u00a0\u00a0\u00a0\u00a0\u00a0\u00a0\u00a0\u00a0\u00a0\u00a0\u00a0\u00a0\u00a0\u00a0\u00a0\u00a0\u00a0\u00a0\u00a0\u00a0\u00a0\u00a0\u00a0\u00a0\u00a0\u00a0Beyaz toz<\/strong><\/li>\n<li><strong>Par\u00e7ac\u0131k boyutu:\u00a0\u00a0\u00a0\u00a0\u00a0\u00a0\u00a0\u00a0\u00a0\u00a0\u00a0\u00a0\u00a0\u00a0\u00a0\u00a0\u00a0\u00a0\u00a0\u00a0\u00a0\u00a0\u00a0\u00a0\u00a0\u00a0\u00a0\u00a0\u00a0\u00a0\u00a0\u00a0\u00a0\u00a0\u00a0\u00a0\u00a0\u00a0\u00a0\u00a0\u00a0\u00a0\u00a0\u00a0\u00a0\u00a0\u00a0 %98<\/strong><\/li>\n<li><strong>Kontak kal\u0131nt\u0131\u00a0\u00a0 :\u00a0\u00a0\u00a0\u00a0\u00a0\u00a0\u00a0\u00a0\u00a0\u00a0\u00a0\u00a0\u00a0\u00a0\u00a0\u00a0\u00a0\u00a0\u00a0\u00a0\u00a0\u00a0\u00a0\u00a0\u00a0\u00a0\u00a0\u00a0\u00a0\u00a0\u00a0\u00a0\u00a0\u00a0\u00a0\u00a0\u00a0\u00a0\u00a0\u00a0\u00a0\u00a0\u00a0\u00a0\u00a0\u00a0\u00a0\u00a0 &lt;0,5<\/strong><\/li>\n<li><strong>Molar ikame: \u00a0\u00a0\u00a0\u00a0\u00a0\u00a0\u00a0\u00a0\u00a0\u00a0\u00a0\u00a0\u00a0\u00a0\u00a0\u00a0\u00a0\u00a0\u00a0\u00a0\u00a0\u00a0\u00a0\u00a0\u00a0\u00a0\u00a0\u00a0\u00a0\u00a0\u00a0\u00a0\u00a0\u00a0\u00a0\u00a0\u00a0\u00a0\u00a0\u00a0\u00a0\u00a0\u00a0\u00a0\u00a0\u00a0\u00a0\u00a0\u00a0\u00a01,8-2,5<\/strong><\/li>\n<li><strong>Ph de\u011feri: \u00a0\u00a0\u00a0\u00a0\u00a0\u00a0\u00a0\u00a0\u00a0\u00a0\u00a0\u00a0\u00a0\u00a0\u00a0\u00a0\u00a0\u00a0\u00a0\u00a0\u00a0\u00a0\u00a0\u00a0\u00a0\u00a0\u00a0\u00a0\u00a0\u00a0\u00a0\u00a0\u00a0\u00a0\u00a0\u00a0\u00a0\u00a0\u00a0\u00a0\u00a0\u00a0\u00a0\u00a0\u00a0\u00a0\u00a0\u00a0\u00a0\u00a0\u00a0\u00a0\u00a05,0-8,0<\/strong><\/li>\n<li><strong>Rutubet\u00a0\u00a0\u00a0\u00a0\u00a0\u00a0\u00a0\u00a0\u00a0\u00a0\u00a0\u00a0\u00a0 :\u00a0\u00a0\u00a0\u00a0\u00a0\u00a0\u00a0\u00a0\u00a0\u00a0\u00a0\u00a0\u00a0\u00a0\u00a0\u00a0\u00a0\u00a0\u00a0\u00a0\u00a0\u00a0\u00a0\u00a0\u00a0\u00a0\u00a0\u00a0\u00a0\u00a0\u00a0\u00a0\u00a0\u00a0\u00a0\u00a0\u00a0\u00a0\u00a0\u00a0\u00a0\u00a0\u00a0\u00a0\u00a0\u00a0\u00a0 &gt;5,0<\/strong><\/li>\n<\/ul>\n<p><strong>\u00a0<\/strong><\/p>\n<p><strong>KULLANIM ALANLARI:<\/strong><\/p>\n<p><strong>Natrosol lateks boya bile\u015fimi i\u00e7inde, pigmentin jelle\u015fmesini \u00f6nler, da\u011f\u0131lmas\u0131na katk\u0131da bulunur, lateks boyay\u0131 stabilize eder ve bile\u015fenin viskozitesini artt\u0131r\u0131r.<\/strong><\/p>\n<p><strong>Natrosol, bile\u015fenlerdeki pigmentler, yard\u0131mc\u0131 maddeler, dolgu maddeleri ve tuzlar gibi di\u011fer malzemelerle iyi bir uyumlulu\u011fa sahiptir.<\/strong><\/p>\n<p><strong>Natrosol ile kal\u0131nla\u015ft\u0131r\u0131lm\u0131\u015f kaplamalar, \u00e7e\u015fitli kesme h\u0131zlar\u0131nda iyi bir reolojiye sahiptir ve ps\u00f6doplastik \u00f6zelli\u011fi ta\u015f\u0131r.<\/strong><\/p>\n<p><strong>Natrosol kullan\u0131m\u0131 i\u015flenebilirlik ve tesviye \u00f6zellikleri iyile\u015ftirir<\/strong><\/p>\n<p><strong>Natrosol kullan\u0131lan malzemelerde F\u0131r\u00e7a, rulo, sprey ve di\u011fer in\u015faat y\u00f6ntemleri ile uygulanabilir; kolayca damlama, sarkma veya s\u0131\u00e7rama yapmaz.<\/strong><\/p>\n<p><strong>Natrosol, petrol sondaj\u0131nda esas olarak tamamlama ve bitirme s\u0131v\u0131lar\u0131 i\u00e7in yap\u0131\u015ft\u0131r\u0131c\u0131 olarak kullan\u0131l\u0131r.<\/strong><\/p>\n<p><strong>Sondaj, tamamlama, \u00e7imentolama ve k\u0131rma i\u015flemleri i\u00e7in gereken \u00e7e\u015fitli \u00e7\u00f6z\u00fcmler i\u00e7inde, natrosol \u00e7amura iyi bir ak\u0131\u015fkanl\u0131k ve stabilize sa\u011flamaktad\u0131r.<\/strong><\/p>\n<p><strong>Natrosol sel\u00fcloz, di\u015f macunu, deterjan ve kozmetik \u00fcr\u00fcnlerde ba\u011flay\u0131c\u0131, koyula\u015ft\u0131r\u0131c\u0131, dengeleyici ve da\u011f\u0131t\u0131c\u0131 olarak kullan\u0131l\u0131r.<\/strong><\/p>\n<p><strong>Natrosol suyu b\u00fcnyesinde tutma \u00f6zelli\u011fiyle \u00fcr\u00fcnlerde, kayma mukavemeti, ba\u011flay\u0131c\u0131 etkisi ile kolay uygulama sa\u011flar.<br \/>\nNatrosol film olu\u015fturmaya yard\u0131mc\u0131 olur.<\/strong><\/p>\n<p><strong><\/p>\n<p><\/strong><\/p>\n<p><strong>NATROSOL \u00a0\u00d6ZELL\u0130KLER\u0130<\/strong><\/p>\n<p><strong>Natrosol kal\u0131nla\u015fma, yap\u0131\u015ft\u0131rma, dispersiyon, film olu\u015fumu ve s\u00fcspansiyon \u00f6zelliklerine sahiptir.<\/strong><\/p>\n<p><strong>Natrosol su sol\u00fcsyonunun pH\u2019\u0131 2 ve 12 aras\u0131nda oldu\u011funda, viskozite stabildir. Bu aral\u0131\u011f\u0131 a\u015farsa, asidik veya alkali oksidatif bozulma olur ve viskozite d\u00fc\u015fer.<\/strong><\/p>\n<p><strong>Natrasol sulu \u00e7\u00f6zeltisinin viskozitesi, s\u0131cakl\u0131k artt\u0131k\u00e7a azal\u0131r ve s\u0131cakl\u0131k orijinal s\u0131cakl\u0131\u011fa d\u00fc\u015ft\u00fc\u011f\u00fcnde viskozite geri kazan\u0131labilir. Y\u00fcksek bir tuz konsantrasyonu yoksa, \u00e7\u00f6zelti kaynama noktas\u0131na \u0131s\u0131t\u0131ld\u0131\u011f\u0131nda, jel veya \u00e7\u00f6kelti olu\u015fmaz; yani natrosol s\u0131cakl\u0131\u011fa \u00e7ok dayan\u0131kl\u0131d\u0131r.<\/strong><\/p>\n<p><strong>Natrosol sulu \u00e7\u00f6zeltisi, noniyonik bir sistemdir ve suda \u00e7\u00f6z\u00fcnebilen di\u011fer polimerler, s\u00fcrfaktanlar, tuzlar vb. ile birlikte bulunabilir. Bu nedenle, g\u00fcnl\u00fck kimyasal end\u00fcstrisinde yayg\u0131n olarak kullan\u0131lmaktad\u0131r.<\/strong><\/p>\n<p><strong>AMBALAJ<\/strong><\/p>\n<p><strong>1-5-25 kg torbalar halinde<\/strong><\/p>\n<p><strong>\u00a0<\/strong><\/p>\n<p><strong>\u00a0DEPOLAMA<\/strong><\/p>\n<p><strong>G\u00fcne\u015f \u0131\u015f\u0131\u011f\u0131na temas etmeyen kuru ve serin yerlerde muhafaza ediniz.<\/strong><\/p>\n<p><strong>\u00a0<\/strong><\/p>\n","protected":false},"excerpt":{"rendered":"<p>NATROSOL Natrasol Hidroksietil sel\u00fcloz (k\u0131saca HEC), hammadde olarak do\u011fal polimer sel\u00fcloz kullan\u0131larak ve bir dizi eterle\u015ftirme reaksiyonu yoluyla \u00fcretilen noniyonik<\/p>\n","protected":false},"featured_media":16387,"comment_status":"open","ping_status":"closed","template":"","meta":{"_joinchat":[]},"product_cat":[70,74],"product_tag":[],"class_list":{"0":"post-16386","1":"product","2":"type-product","3":"status-publish","4":"has-post-thumbnail","6":"product_cat-boya-ve-yapi-kimyasallar","7":"product_cat-deterjan-ve-kozmetik-kimyasallari","9":"first","10":"instock","11":"shipping-taxable","12":"purchasable","13":"product-type-variable"},"yoast_head":"<!-- This site is optimized with the Yoast SEO Premium plugin v20.2.1 (Yoast SEO v20.2.1) - https:\/\/yoast.com\/wordpress\/plugins\/seo\/ -->\n<title>NATROSOL - Akerkimya<\/title>\n<meta name=\"robots\" content=\"index, follow, max-snippet:-1, max-image-preview:large, max-video-preview:-1\" \/>\n<link rel=\"canonical\" href=\"https:\/\/akerkimya.com\/eticaret\/urun\/natrosol\/\" \/>\n<meta property=\"og:locale\" content=\"tr_TR\" \/>\n<meta property=\"og:type\" content=\"article\" \/>\n<meta property=\"og:title\" content=\"NATROSOL\" \/>\n<meta property=\"og:description\" content=\"NATROSOL Natrasol Hidroksietil sel\u00fcloz (k\u0131saca HEC), hammadde olarak do\u011fal polimer sel\u00fcloz kullan\u0131larak ve bir dizi eterle\u015ftirme reaksiyonu yoluyla \u00fcretilen noniyonik\" \/>\n<meta property=\"og:url\" content=\"https:\/\/akerkimya.com\/eticaret\/urun\/natrosol\/\" \/>\n<meta property=\"og:site_name\" content=\"Akerkimya\" \/>\n<meta property=\"article:modified_time\" content=\"2026-05-06T13:43:18+00:00\" \/>\n<meta property=\"og:image\" content=\"https:\/\/akerkimya.com\/eticaret\/wp-content\/uploads\/2024\/12\/NATROSOL-GUNCEL-.png\" \/>\n\t<meta property=\"og:image:width\" content=\"1000\" \/>\n\t<meta property=\"og:image:height\" content=\"1000\" \/>\n\t<meta property=\"og:image:type\" content=\"image\/png\" \/>\n<meta name=\"twitter:card\" content=\"summary_large_image\" \/>\n<meta name=\"twitter:label1\" content=\"Tahmini okuma s\u00fcresi\" \/>\n\t<meta name=\"twitter:data1\" content=\"2 dakika\" \/>\n<script type=\"application\/ld+json\" class=\"yoast-schema-graph\">{\"@context\":\"https:\/\/schema.org\",\"@graph\":[{\"@type\":\"WebPage\",\"@id\":\"https:\/\/akerkimya.com\/eticaret\/urun\/natrosol\/\",\"url\":\"https:\/\/akerkimya.com\/eticaret\/urun\/natrosol\/\",\"name\":\"NATROSOL - Akerkimya\",\"isPartOf\":{\"@id\":\"https:\/\/akerkimya.com\/eticaret\/#website\"},\"datePublished\":\"2024-12-31T13:30:28+00:00\",\"dateModified\":\"2026-05-06T13:43:18+00:00\",\"breadcrumb\":{\"@id\":\"https:\/\/akerkimya.com\/eticaret\/urun\/natrosol\/#breadcrumb\"},\"inLanguage\":\"tr\",\"potentialAction\":[{\"@type\":\"ReadAction\",\"target\":[\"https:\/\/akerkimya.com\/eticaret\/urun\/natrosol\/\"]}]},{\"@type\":\"BreadcrumbList\",\"@id\":\"https:\/\/akerkimya.com\/eticaret\/urun\/natrosol\/#breadcrumb\",\"itemListElement\":[{\"@type\":\"ListItem\",\"position\":1,\"name\":\"Home\",\"item\":\"https:\/\/akerkimya.com\/eticaret\/\"},{\"@type\":\"ListItem\",\"position\":2,\"name\":\"Market\",\"item\":\"https:\/\/akerkimya.com\/eticaret\/market\/\"},{\"@type\":\"ListItem\",\"position\":3,\"name\":\"NATROSOL\"}]},{\"@type\":\"WebSite\",\"@id\":\"https:\/\/akerkimya.com\/eticaret\/#website\",\"url\":\"https:\/\/akerkimya.com\/eticaret\/\",\"name\":\"Akerkimya\",\"description\":\"\",\"potentialAction\":[{\"@type\":\"SearchAction\",\"target\":{\"@type\":\"EntryPoint\",\"urlTemplate\":\"https:\/\/akerkimya.com\/eticaret\/?s={search_term_string}\"},\"query-input\":\"required name=search_term_string\"}],\"inLanguage\":\"tr\"}]}<\/script>\n<!-- \/ Yoast SEO Premium plugin. -->","yoast_head_json":{"title":"NATROSOL - Akerkimya","robots":{"index":"index","follow":"follow","max-snippet":"max-snippet:-1","max-image-preview":"max-image-preview:large","max-video-preview":"max-video-preview:-1"},"canonical":"https:\/\/akerkimya.com\/eticaret\/urun\/natrosol\/","og_locale":"tr_TR","og_type":"article","og_title":"NATROSOL","og_description":"NATROSOL Natrasol Hidroksietil sel\u00fcloz (k\u0131saca HEC), hammadde olarak do\u011fal polimer sel\u00fcloz kullan\u0131larak ve bir dizi eterle\u015ftirme reaksiyonu yoluyla \u00fcretilen noniyonik","og_url":"https:\/\/akerkimya.com\/eticaret\/urun\/natrosol\/","og_site_name":"Akerkimya","article_modified_time":"2026-05-06T13:43:18+00:00","og_image":[{"width":1000,"height":1000,"url":"https:\/\/akerkimya.com\/eticaret\/wp-content\/uploads\/2024\/12\/NATROSOL-GUNCEL-.png","type":"image\/png"}],"twitter_card":"summary_large_image","twitter_misc":{"Tahmini okuma s\u00fcresi":"2 dakika"},"schema":{"@context":"https:\/\/schema.org","@graph":[{"@type":"WebPage","@id":"https:\/\/akerkimya.com\/eticaret\/urun\/natrosol\/","url":"https:\/\/akerkimya.com\/eticaret\/urun\/natrosol\/","name":"NATROSOL - Akerkimya","isPartOf":{"@id":"https:\/\/akerkimya.com\/eticaret\/#website"},"datePublished":"2024-12-31T13:30:28+00:00","dateModified":"2026-05-06T13:43:18+00:00","breadcrumb":{"@id":"https:\/\/akerkimya.com\/eticaret\/urun\/natrosol\/#breadcrumb"},"inLanguage":"tr","potentialAction":[{"@type":"ReadAction","target":["https:\/\/akerkimya.com\/eticaret\/urun\/natrosol\/"]}]},{"@type":"BreadcrumbList","@id":"https:\/\/akerkimya.com\/eticaret\/urun\/natrosol\/#breadcrumb","itemListElement":[{"@type":"ListItem","position":1,"name":"Home","item":"https:\/\/akerkimya.com\/eticaret\/"},{"@type":"ListItem","position":2,"name":"Market","item":"https:\/\/akerkimya.com\/eticaret\/market\/"},{"@type":"ListItem","position":3,"name":"NATROSOL"}]},{"@type":"WebSite","@id":"https:\/\/akerkimya.com\/eticaret\/#website","url":"https:\/\/akerkimya.com\/eticaret\/","name":"Akerkimya","description":"","potentialAction":[{"@type":"SearchAction","target":{"@type":"EntryPoint","urlTemplate":"https:\/\/akerkimya.com\/eticaret\/?s={search_term_string}"},"query-input":"required name=search_term_string"}],"inLanguage":"tr"}]}},"_links":{"self":[{"href":"https:\/\/akerkimya.com\/eticaret\/wp-json\/wp\/v2\/product\/16386","targetHints":{"allow":["GET"]}}],"collection":[{"href":"https:\/\/akerkimya.com\/eticaret\/wp-json\/wp\/v2\/product"}],"about":[{"href":"https:\/\/akerkimya.com\/eticaret\/wp-json\/wp\/v2\/types\/product"}],"replies":[{"embeddable":true,"href":"https:\/\/akerkimya.com\/eticaret\/wp-json\/wp\/v2\/comments?post=16386"}],"version-history":[{"count":3,"href":"https:\/\/akerkimya.com\/eticaret\/wp-json\/wp\/v2\/product\/16386\/revisions"}],"predecessor-version":[{"id":18247,"href":"https:\/\/akerkimya.com\/eticaret\/wp-json\/wp\/v2\/product\/16386\/revisions\/18247"}],"wp:featuredmedia":[{"embeddable":true,"href":"https:\/\/akerkimya.com\/eticaret\/wp-json\/wp\/v2\/media\/16387"}],"wp:attachment":[{"href":"https:\/\/akerkimya.com\/eticaret\/wp-json\/wp\/v2\/media?parent=16386"}],"wp:term":[{"taxonomy":"product_cat","embeddable":true,"href":"https:\/\/akerkimya.com\/eticaret\/wp-json\/wp\/v2\/product_cat?post=16386"},{"taxonomy":"product_tag","embeddable":true,"href":"https:\/\/akerkimya.com\/eticaret\/wp-json\/wp\/v2\/product_tag?post=16386"}],"curies":[{"name":"wp","href":"https:\/\/api.w.org\/{rel}","templated":true}]}}