{"id":16434,"date":"2024-12-31T17:10:53","date_gmt":"2024-12-31T14:10:53","guid":{"rendered":"https:\/\/akerkimya.com\/eticaret\/?post_type=product&#038;p=16434"},"modified":"2026-03-30T02:23:50","modified_gmt":"2026-03-29T23:23:50","slug":"perlit","status":"publish","type":"product","link":"https:\/\/akerkimya.com\/eticaret\/urun\/perlit\/","title":{"rendered":"PERL\u0130T"},"content":{"rendered":"<h1>PERL\u0130T <\/h1>\n<p><strong>Perlit, tipik olarak obsidiyenin hidrasyonu ile olu\u015fan, nispeten y\u00fcksek su i\u00e7eri\u011fine sahip amorf bir volkanik camd\u0131r. Genle\u015ftirildik\u00e7e \u00e7ok hafif ve g\u00f6zenekli hale ge\u00e7en bir kaya\u00e7t\u0131r. <\/strong><\/p>\n<p><strong>\u00a0<\/strong><\/p>\n<p><strong>PERL\u0130T \u00d6ZELL\u0130KLER\u0130<\/strong><\/p>\n<p><strong>Yeterince \u0131s\u0131t\u0131ld\u0131\u011f\u0131nda b\u00fcy\u00fck \u00f6l\u00e7\u00fcde geni\u015fleme \u00f6zelli\u011fine sahiptir. <\/strong><\/p>\n<p><strong>Kimyasal reaksiyona girmez.<\/strong><\/p>\n<p><strong>Suda \u00e7\u00f6z\u00fcnmez.<\/strong><\/p>\n<p><strong>Fibrik yap\u0131l\u0131 de\u011fildir.<\/strong><\/p>\n<p><strong>\u00a0<\/strong><\/p>\n<p><strong>TEKN\u0130K \u00d6ZELL\u0130KLER\u0130<\/strong><\/p>\n<p><strong>CAS NUMARASI: 1308809-5<\/strong><\/p>\n<p><strong>EC NO: 603-442-8<\/strong><\/p>\n<p><strong>MOLEK\u00dcLER FORM\u00dcL: <\/strong><\/p>\n<p><strong>K\u0130MYASAL \u0130SM\u0130: Perlit, Geni\u015fletilmi\u015f perlit, <\/strong><\/p>\n<p><strong>\u00a0<\/strong><\/p>\n<p><strong>KULLANIM ALANLARI<\/strong><\/p>\n<p><strong>Tekstilde y\u0131kama sekt\u00f6r\u00fcnde a\u011fart\u0131c\u0131 ajan olarak kullan\u0131lmaktad\u0131r.<\/strong><\/p>\n<p><strong>Tar\u0131m sekt\u00f6r\u00fcnde, erken \u00fcr\u00fcn almay\u0131 sa\u011flar. Fide k\u00f6klerinde zedelenme ve kay\u0131plar\u0131 \u00f6nler. Topra\u011f\u0131n havalanmas\u0131n\u0131 sa\u011flar. Drenaj\u0131n\u0131 d\u00fczenler. <\/strong><\/p>\n<p><strong>Tar\u0131mda sulama alan\u0131nda, infiltrasyonu artt\u0131rarak buharla\u015fmay\u0131 azalt\u0131r bu sayede sulamada ekonomi sa\u011flar.<\/strong><\/p>\n<p><strong>Yap\u0131 kimyasal \u00fcretiminde, d\u00fc\u015f\u00fck ses ge\u00e7irgenli\u011fi, ate\u015fe dayan\u0131kl\u0131l\u0131\u011f\u0131 nedeniyle s\u0131va yap\u0131m\u0131nda kullan\u0131l\u0131r.<\/strong><\/p>\n<p><strong>Tavan aralar\u0131 zemin ve duvar bo\u015fluklar\u0131nda yal\u0131t\u0131m malzemesi olarak; silikonla \u00f6zel bir i\u015fleme tabi tutularak k\u00f6p\u00fck halinde kullan\u0131l\u0131r.<\/strong><\/p>\n<p><strong>Y\u00fczey d\u00f6\u015femelerinde, \u0131s\u0131 ve ses yal\u0131t\u0131m\u0131n\u0131 sa\u011flamak amac\u0131yla kullan\u0131l\u0131r.<\/strong><\/p>\n<p><strong>\u00c7imento veya al\u00e7\u0131 ba\u011flay\u0131c\u0131 olarak kullan\u0131l\u0131r.<\/strong><\/p>\n<p><strong>G\u0131da sekt\u00f6r\u00fcnde, meyve sular\u0131n\u0131 s\u00fczmede, bitkisel yemeklik ya\u011flar\u0131n\u0131 s\u00fczmede kullan\u0131l\u0131r.<\/strong><\/p>\n<p><strong>\u0130la\u00e7 ve kimya sanayiinde, boyalar\u0131n, antibiyotiklerin s\u00fcz\u00fclmesinde kullan\u0131l\u0131r.<\/strong><\/p>\n<p><strong>K\u00e2\u011f\u0131t sekt\u00f6r\u00fcnde beyaz su filtrasyonu i\u00e7in kullan\u0131r.<\/strong><\/p>\n<p><strong>Seramik ve cam sanayinde katk\u0131 maddesi olarak kullan\u0131l\u0131r.<\/strong><\/p>\n<p><strong>\u00a0<\/strong><\/p>\n<p><strong>AMBALAJ<\/strong><\/p>\n<p><strong>1, 5 kg ambalajlar halinde <\/strong><\/p>\n<p><strong>\u00a0<\/strong><\/p>\n<p><strong>DEPOLAMA <\/strong><\/p>\n<p><strong>Serin ve kuru bir alanda muhafaza ediniz.<\/strong><\/p>\n","protected":false},"excerpt":{"rendered":"<p>PERL\u0130T Perlit, tipik olarak obsidiyenin hidrasyonu ile olu\u015fan, nispeten y\u00fcksek su i\u00e7eri\u011fine sahip amorf bir volkanik camd\u0131r. Genle\u015ftirildik\u00e7e \u00e7ok hafif<\/p>\n","protected":false},"featured_media":16435,"comment_status":"open","ping_status":"closed","template":"","meta":{"_joinchat":[]},"product_cat":[70,72,73,79,80],"product_tag":[],"class_list":{"0":"post-16434","1":"product","2":"type-product","3":"status-publish","4":"has-post-thumbnail","6":"product_cat-boya-ve-yapi-kimyasallar","7":"product_cat-cam-ve-seramik-kimyasallari","8":"product_cat-deri-ve-tekstil-kimyasallari","9":"product_cat-tarim-kimyasallari","10":"product_cat-veteriner-ve-ilac-kimyasallari","12":"first","13":"instock","14":"shipping-taxable","15":"purchasable","16":"product-type-variable"},"yoast_head":"<!-- This site is optimized with the Yoast SEO Premium plugin v20.2.1 (Yoast SEO v20.2.1) - https:\/\/yoast.com\/wordpress\/plugins\/seo\/ -->\n<title>PERL\u0130T - Akerkimya<\/title>\n<meta name=\"robots\" content=\"index, follow, max-snippet:-1, max-image-preview:large, max-video-preview:-1\" \/>\n<link rel=\"canonical\" href=\"https:\/\/akerkimya.com\/eticaret\/urun\/perlit\/\" \/>\n<meta property=\"og:locale\" content=\"tr_TR\" \/>\n<meta property=\"og:type\" content=\"article\" \/>\n<meta property=\"og:title\" content=\"PERL\u0130T\" \/>\n<meta property=\"og:description\" content=\"PERL\u0130T Perlit, tipik olarak obsidiyenin hidrasyonu ile olu\u015fan, nispeten y\u00fcksek su i\u00e7eri\u011fine sahip amorf bir volkanik camd\u0131r. Genle\u015ftirildik\u00e7e \u00e7ok hafif\" \/>\n<meta property=\"og:url\" content=\"https:\/\/akerkimya.com\/eticaret\/urun\/perlit\/\" \/>\n<meta property=\"og:site_name\" content=\"Akerkimya\" \/>\n<meta property=\"article:modified_time\" content=\"2026-03-29T23:23:50+00:00\" \/>\n<meta property=\"og:image\" content=\"https:\/\/akerkimya.com\/eticaret\/wp-content\/uploads\/2024\/12\/PERLIT-GUNCEL-.png\" \/>\n\t<meta property=\"og:image:width\" content=\"1000\" \/>\n\t<meta property=\"og:image:height\" content=\"1000\" \/>\n\t<meta property=\"og:image:type\" content=\"image\/png\" \/>\n<meta name=\"twitter:card\" content=\"summary_large_image\" \/>\n<meta name=\"twitter:label1\" content=\"Tahmini okuma s\u00fcresi\" \/>\n\t<meta name=\"twitter:data1\" content=\"1 dakika\" \/>\n<script type=\"application\/ld+json\" class=\"yoast-schema-graph\">{\"@context\":\"https:\/\/schema.org\",\"@graph\":[{\"@type\":\"WebPage\",\"@id\":\"https:\/\/akerkimya.com\/eticaret\/urun\/perlit\/\",\"url\":\"https:\/\/akerkimya.com\/eticaret\/urun\/perlit\/\",\"name\":\"PERL\u0130T - Akerkimya\",\"isPartOf\":{\"@id\":\"https:\/\/akerkimya.com\/eticaret\/#website\"},\"datePublished\":\"2024-12-31T14:10:53+00:00\",\"dateModified\":\"2026-03-29T23:23:50+00:00\",\"breadcrumb\":{\"@id\":\"https:\/\/akerkimya.com\/eticaret\/urun\/perlit\/#breadcrumb\"},\"inLanguage\":\"tr\",\"potentialAction\":[{\"@type\":\"ReadAction\",\"target\":[\"https:\/\/akerkimya.com\/eticaret\/urun\/perlit\/\"]}]},{\"@type\":\"BreadcrumbList\",\"@id\":\"https:\/\/akerkimya.com\/eticaret\/urun\/perlit\/#breadcrumb\",\"itemListElement\":[{\"@type\":\"ListItem\",\"position\":1,\"name\":\"Home\",\"item\":\"https:\/\/akerkimya.com\/eticaret\/\"},{\"@type\":\"ListItem\",\"position\":2,\"name\":\"Market\",\"item\":\"https:\/\/akerkimya.com\/eticaret\/market\/\"},{\"@type\":\"ListItem\",\"position\":3,\"name\":\"PERL\u0130T\"}]},{\"@type\":\"WebSite\",\"@id\":\"https:\/\/akerkimya.com\/eticaret\/#website\",\"url\":\"https:\/\/akerkimya.com\/eticaret\/\",\"name\":\"Akerkimya\",\"description\":\"\",\"potentialAction\":[{\"@type\":\"SearchAction\",\"target\":{\"@type\":\"EntryPoint\",\"urlTemplate\":\"https:\/\/akerkimya.com\/eticaret\/?s={search_term_string}\"},\"query-input\":\"required name=search_term_string\"}],\"inLanguage\":\"tr\"}]}<\/script>\n<!-- \/ Yoast SEO Premium plugin. -->","yoast_head_json":{"title":"PERL\u0130T - Akerkimya","robots":{"index":"index","follow":"follow","max-snippet":"max-snippet:-1","max-image-preview":"max-image-preview:large","max-video-preview":"max-video-preview:-1"},"canonical":"https:\/\/akerkimya.com\/eticaret\/urun\/perlit\/","og_locale":"tr_TR","og_type":"article","og_title":"PERL\u0130T","og_description":"PERL\u0130T Perlit, tipik olarak obsidiyenin hidrasyonu ile olu\u015fan, nispeten y\u00fcksek su i\u00e7eri\u011fine sahip amorf bir volkanik camd\u0131r. Genle\u015ftirildik\u00e7e \u00e7ok hafif","og_url":"https:\/\/akerkimya.com\/eticaret\/urun\/perlit\/","og_site_name":"Akerkimya","article_modified_time":"2026-03-29T23:23:50+00:00","og_image":[{"width":1000,"height":1000,"url":"https:\/\/akerkimya.com\/eticaret\/wp-content\/uploads\/2024\/12\/PERLIT-GUNCEL-.png","type":"image\/png"}],"twitter_card":"summary_large_image","twitter_misc":{"Tahmini okuma s\u00fcresi":"1 dakika"},"schema":{"@context":"https:\/\/schema.org","@graph":[{"@type":"WebPage","@id":"https:\/\/akerkimya.com\/eticaret\/urun\/perlit\/","url":"https:\/\/akerkimya.com\/eticaret\/urun\/perlit\/","name":"PERL\u0130T - Akerkimya","isPartOf":{"@id":"https:\/\/akerkimya.com\/eticaret\/#website"},"datePublished":"2024-12-31T14:10:53+00:00","dateModified":"2026-03-29T23:23:50+00:00","breadcrumb":{"@id":"https:\/\/akerkimya.com\/eticaret\/urun\/perlit\/#breadcrumb"},"inLanguage":"tr","potentialAction":[{"@type":"ReadAction","target":["https:\/\/akerkimya.com\/eticaret\/urun\/perlit\/"]}]},{"@type":"BreadcrumbList","@id":"https:\/\/akerkimya.com\/eticaret\/urun\/perlit\/#breadcrumb","itemListElement":[{"@type":"ListItem","position":1,"name":"Home","item":"https:\/\/akerkimya.com\/eticaret\/"},{"@type":"ListItem","position":2,"name":"Market","item":"https:\/\/akerkimya.com\/eticaret\/market\/"},{"@type":"ListItem","position":3,"name":"PERL\u0130T"}]},{"@type":"WebSite","@id":"https:\/\/akerkimya.com\/eticaret\/#website","url":"https:\/\/akerkimya.com\/eticaret\/","name":"Akerkimya","description":"","potentialAction":[{"@type":"SearchAction","target":{"@type":"EntryPoint","urlTemplate":"https:\/\/akerkimya.com\/eticaret\/?s={search_term_string}"},"query-input":"required name=search_term_string"}],"inLanguage":"tr"}]}},"_links":{"self":[{"href":"https:\/\/akerkimya.com\/eticaret\/wp-json\/wp\/v2\/product\/16434","targetHints":{"allow":["GET"]}}],"collection":[{"href":"https:\/\/akerkimya.com\/eticaret\/wp-json\/wp\/v2\/product"}],"about":[{"href":"https:\/\/akerkimya.com\/eticaret\/wp-json\/wp\/v2\/types\/product"}],"replies":[{"embeddable":true,"href":"https:\/\/akerkimya.com\/eticaret\/wp-json\/wp\/v2\/comments?post=16434"}],"version-history":[{"count":2,"href":"https:\/\/akerkimya.com\/eticaret\/wp-json\/wp\/v2\/product\/16434\/revisions"}],"predecessor-version":[{"id":16674,"href":"https:\/\/akerkimya.com\/eticaret\/wp-json\/wp\/v2\/product\/16434\/revisions\/16674"}],"wp:featuredmedia":[{"embeddable":true,"href":"https:\/\/akerkimya.com\/eticaret\/wp-json\/wp\/v2\/media\/16435"}],"wp:attachment":[{"href":"https:\/\/akerkimya.com\/eticaret\/wp-json\/wp\/v2\/media?parent=16434"}],"wp:term":[{"taxonomy":"product_cat","embeddable":true,"href":"https:\/\/akerkimya.com\/eticaret\/wp-json\/wp\/v2\/product_cat?post=16434"},{"taxonomy":"product_tag","embeddable":true,"href":"https:\/\/akerkimya.com\/eticaret\/wp-json\/wp\/v2\/product_tag?post=16434"}],"curies":[{"name":"wp","href":"https:\/\/api.w.org\/{rel}","templated":true}]}}