{"id":16478,"date":"2025-01-01T00:52:02","date_gmt":"2024-12-31T21:52:02","guid":{"rendered":"https:\/\/akerkimya.com\/eticaret\/?post_type=product&#038;p=16478"},"modified":"2026-03-30T02:23:51","modified_gmt":"2026-03-29T23:23:51","slug":"amonyak","status":"publish","type":"product","link":"https:\/\/akerkimya.com\/eticaret\/urun\/amonyak\/","title":{"rendered":"AMONYAK"},"content":{"rendered":"<h1>AMONYAK<\/h1>\n<p><strong>Amonyak, NH3 form\u00fcl\u00fcne sahip azot ve hidrojen atomunun birle\u015fmesiyle olu\u015fan renksiz, keskin kokulu gaz bile\u015fi\u011fidir. Amonyak, kovalent ba\u011fl\u0131 yani ametal-ametal yap\u0131s\u0131ndad\u0131r. Polar kovalent ba\u011fl\u0131 oldu\u011fundan suda iyi \u00e7\u00f6z\u00fcn\u00fcr. Zehirli bir madde oldu\u011fundan dolay\u0131 dikkatli kullan\u0131lmas\u0131 gerekir. Bu y\u00fczden de piyasada amonyak olarak de\u011fil de amonyum hidroksit \u015feklinde sat\u0131l\u0131r. Amonyum hidroksit, amonya\u011f\u0131n sulu \u00e7\u00f6zeltisidir.<\/strong><\/p>\n<p><strong>AMONYAK \u00d6ZELL\u0130KLER\u0130<\/strong><\/p>\n<p><strong>Renksiz bir s\u0131v\u0131 veya gazd\u0131r. \u00c7ok keskin bir kokuya sahiptir.<\/strong><\/p>\n<p><strong>Amonya\u011f\u0131n su i\u00e7erisindeki \u00e7\u00f6z\u00fcn\u00fcrl\u00fc\u011f\u00fc s\u0131cakl\u0131k artt\u0131k\u00e7a azal\u0131r.<\/strong><\/p>\n<p><strong>Atmosferde en \u00e7ok bulunan azot bile\u015fiklerinden bir tanesidir.<\/strong><\/p>\n<p><strong>Yan\u0131c\u0131 bir madde de\u011fildir ama buhar konsantrasyonun \u00fczerinde \u015fiddetli yanmalar olabilir.<\/strong><\/p>\n<p><strong>Kloroform ve eterde \u00e7\u00f6z\u00fcn\u00fcr.<\/strong><\/p>\n<p><strong>Baz kategorisinde yer al\u0131r.<\/strong><\/p>\n<p><strong>Susuz formu gaz faz\u0131nda olup bas\u0131n\u00e7l\u0131 t\u00fcplerle ta\u015f\u0131nmaktad\u0131r.<\/strong><\/p>\n<p><strong>\u00a0<\/strong><\/p>\n<p><strong>TEKN\u0130K \u00d6ZELL\u0130KLER\u0130<\/strong><\/p>\n<p><strong>CAS NUMARASI: 7664-41-7<\/strong><\/p>\n<p><strong>EC NUMARASI: 231-635-3<\/strong><\/p>\n<p><strong>MOLEK\u00dcL FORM\u00dcL\u00dc: NH3<\/strong><\/p>\n<p><strong>K\u0130MYASAL \u0130SM\u0130: Amonyak, Amonyum Hidroksit<\/strong><\/p>\n<p><strong>MOLEK\u00dcLER A\u011eIRLIK: 17,03 g\/mol<\/strong><\/p>\n<p><strong>MOLEK\u00dcL \u015eEKL\u0130: Primidal<\/strong><\/p>\n<p><strong>KAYNAMA NOKTASI: 28 \u00b0C (0 NH4OH)<\/strong><\/p>\n<p><strong>DONMA NOKTASI: -72 \u00b0C (0 NH4OH)<\/strong><\/p>\n<p><strong>\u00d6ZG\u00dcL A\u011eIRLI\u011eI: 0,906 gr\/cm\u00b3 (20 \u00b0C )<\/strong><\/p>\n<p><strong>BUHAR BASINCI: 73 kPa (0NH4OH 20\u00b0C)<\/strong><\/p>\n<p><strong>SUDAK\u0130 \u00c7\u00d6Z\u00dcN\u00dcRL\u00dcK: Sonsuz<\/strong><\/p>\n<p><strong>\u00a0<\/strong><\/p>\n<p><strong>KULLANIM ALANLARI<\/strong><\/p>\n<p><strong>Azotlu g\u00fcbrelerin \u00fcretiminde ilk madde olarak kullan\u0131l\u0131r.<\/strong><\/p>\n<p><strong>Temizlik kimyasallar\u0131n\u0131n i\u00e7erisinde kullan\u0131m\u0131 mevcuttur.<\/strong><\/p>\n<p><strong>Kimya laboratuvar\u0131nda asit-baz dengesinin sa\u011flanmas\u0131 ve nitrik asit \u00fcretimi i\u00e7in kullan\u0131l\u0131r.<\/strong><\/p>\n<p><strong>Nitrik asit \u00fcretiminde ba\u015flang\u0131\u00e7 maddesidir.<\/strong><\/p>\n<p><strong>Depolama tanklar\u0131nda, \u0131s\u0131 e\u015fanj\u00f6rleri ve kondansat\u00f6rlerin korozyona kar\u015f\u0131 korunmas\u0131 i\u00e7in iyi bir korozyon inhibit\u00f6r\u00fc etkisine sahiptir.<\/strong><\/p>\n<p><strong>Patlay\u0131c\u0131 yap\u0131m\u0131nda yard\u0131mc\u0131 materyal olarak kullan\u0131l\u0131r.<\/strong><\/p>\n<p><strong>Yap\u0131 sekt\u00f6r\u00fcnde \u00fcretilen malzemelerin i\u00e7erisinde ba\u011flay\u0131c\u0131 olarak kullan\u0131l\u0131r.<\/strong><\/p>\n<p><strong>T\u0131bbi alanda terap\u00f6tik uygulamalarda b\u00f6cek \u0131s\u0131r\u0131klar\u0131 veya sokmalar\u0131nda kar\u015f\u0131 uyar\u0131c\u0131 madde olarak tuzlar\u0131 kullan\u0131l\u0131r. Bu tuzlar amonya\u011f\u0131n \u00e7\u00f6zeltisinden elde edilir.<\/strong><\/p>\n<p><strong>G\u00fcm\u00fc\u015f e\u015fya parlatma ve temizlenmesi amac\u0131yla kullan\u0131lmaktad\u0131r.<\/strong><\/p>\n<p><strong>Farmas\u00f6tik uygulamalarda seyreltik \u00e7\u00f6zeltisi tamponlama kimyasal\u0131 ve Ph dengeleyici olarak kullan\u0131lmaktad\u0131r.<\/strong><\/p>\n<p><strong>Sodyum karbonat imalat\u0131nda kullan\u0131l\u0131r.<\/strong><\/p>\n<p><strong>End\u00fcstriyel tesislerde kapal\u0131 devre so\u011futma kimyasal\u0131 olarak kullan\u0131l\u0131r.<\/strong><\/p>\n<p><strong>Lastik \u00fcretiminde p\u0131ht\u0131la\u015fmay\u0131 \u00f6nlemek i\u00e7in kullan\u0131l\u0131r.<\/strong><\/p>\n<p><strong>Kau\u00e7uk end\u00fcstrisinde hem alan lateksin hem de konsantre lateksin netle\u015ftirilmesi ve korunmas\u0131 i\u00e7in kullan\u0131l\u0131r. Bakterilerin olu\u015fmas\u0131n\u0131 engeller. Ya\u011f asidi esterlerini hidrolize eder ve dengeleyici maddeler olarak i\u015flev g\u00f6ren sabunlar\u0131n olu\u015fmas\u0131n\u0131 sa\u011flar.<\/strong><\/p>\n<p><strong>Rafine petrol\u00fcn asit i\u00e7eren yan \u00fcr\u00fcnlerinin n\u00f6trle\u015ftirilmesinde kullan\u0131l\u0131r.<\/strong><\/p>\n<p><strong>Boya, plastik, naylon, sentetik elyaflar, pamuk ve ipek temizli\u011fi, bakalit ve sentetik re\u00e7ine \u00fcretimi, soda, patlay\u0131c\u0131 maddeler, sentetik fiber, ila\u00e7 sentezleri gibi alanlarda da kullan\u0131m\u0131 mevcuttur.<\/strong><\/p>\n<p><strong>\u00a0<\/strong><\/p>\n<p><strong>AMBALAJ<\/strong><\/p>\n<p><strong>10-57 kg bidonlarda<\/strong><\/p>\n<p><strong>\u00a0<\/strong><\/p>\n<p><strong>DEPOLAMA<\/strong><\/p>\n<p><strong>Serin ve kuru, iyi havaland\u0131r\u0131lm\u0131\u015f ortamda muhafaza edilmelidir. \u0130yi kapat\u0131lm\u0131\u015f kaplarda, s\u0131caktan, sudan ve g\u00fcne\u015f \u0131\u015f\u0131\u011f\u0131ndan korunacak \u015fekilde saklanmal\u0131d\u0131r.<\/strong><\/p>\n","protected":false},"excerpt":{"rendered":"<p>AMONYAK Amonyak, NH3 form\u00fcl\u00fcne sahip azot ve hidrojen atomunun birle\u015fmesiyle olu\u015fan renksiz, keskin kokulu gaz bile\u015fi\u011fidir. Amonyak, kovalent ba\u011fl\u0131 yani<\/p>\n","protected":false},"featured_media":16479,"comment_status":"open","ping_status":"closed","template":"","meta":{"_joinchat":[]},"product_cat":[73,74],"product_tag":[],"class_list":{"0":"post-16478","1":"product","2":"type-product","3":"status-publish","4":"has-post-thumbnail","6":"product_cat-deri-ve-tekstil-kimyasallari","7":"product_cat-deterjan-ve-kozmetik-kimyasallari","9":"first","10":"instock","11":"shipping-taxable","12":"purchasable","13":"product-type-variable"},"yoast_head":"<!-- This site is optimized with the Yoast SEO Premium plugin v20.2.1 (Yoast SEO v20.2.1) - https:\/\/yoast.com\/wordpress\/plugins\/seo\/ -->\n<title>AMONYAK - Akerkimya<\/title>\n<meta name=\"robots\" content=\"index, follow, max-snippet:-1, max-image-preview:large, max-video-preview:-1\" \/>\n<link rel=\"canonical\" href=\"https:\/\/akerkimya.com\/eticaret\/urun\/amonyak\/\" \/>\n<meta property=\"og:locale\" content=\"tr_TR\" \/>\n<meta property=\"og:type\" content=\"article\" \/>\n<meta property=\"og:title\" content=\"AMONYAK\" \/>\n<meta property=\"og:description\" content=\"AMONYAK Amonyak, NH3 form\u00fcl\u00fcne sahip azot ve hidrojen atomunun birle\u015fmesiyle olu\u015fan renksiz, keskin kokulu gaz bile\u015fi\u011fidir. Amonyak, kovalent ba\u011fl\u0131 yani\" \/>\n<meta property=\"og:url\" content=\"https:\/\/akerkimya.com\/eticaret\/urun\/amonyak\/\" \/>\n<meta property=\"og:site_name\" content=\"Akerkimya\" \/>\n<meta property=\"article:modified_time\" content=\"2026-03-29T23:23:51+00:00\" \/>\n<meta property=\"og:image\" content=\"https:\/\/akerkimya.com\/eticaret\/wp-content\/uploads\/2025\/01\/AMONYAK-GUNCEL-.png\" \/>\n\t<meta property=\"og:image:width\" content=\"1000\" \/>\n\t<meta property=\"og:image:height\" content=\"1000\" \/>\n\t<meta property=\"og:image:type\" content=\"image\/png\" \/>\n<meta name=\"twitter:card\" content=\"summary_large_image\" \/>\n<meta name=\"twitter:label1\" content=\"Tahmini okuma s\u00fcresi\" \/>\n\t<meta name=\"twitter:data1\" content=\"3 dakika\" \/>\n<script type=\"application\/ld+json\" class=\"yoast-schema-graph\">{\"@context\":\"https:\/\/schema.org\",\"@graph\":[{\"@type\":\"WebPage\",\"@id\":\"https:\/\/akerkimya.com\/eticaret\/urun\/amonyak\/\",\"url\":\"https:\/\/akerkimya.com\/eticaret\/urun\/amonyak\/\",\"name\":\"AMONYAK - Akerkimya\",\"isPartOf\":{\"@id\":\"https:\/\/akerkimya.com\/eticaret\/#website\"},\"datePublished\":\"2024-12-31T21:52:02+00:00\",\"dateModified\":\"2026-03-29T23:23:51+00:00\",\"breadcrumb\":{\"@id\":\"https:\/\/akerkimya.com\/eticaret\/urun\/amonyak\/#breadcrumb\"},\"inLanguage\":\"tr\",\"potentialAction\":[{\"@type\":\"ReadAction\",\"target\":[\"https:\/\/akerkimya.com\/eticaret\/urun\/amonyak\/\"]}]},{\"@type\":\"BreadcrumbList\",\"@id\":\"https:\/\/akerkimya.com\/eticaret\/urun\/amonyak\/#breadcrumb\",\"itemListElement\":[{\"@type\":\"ListItem\",\"position\":1,\"name\":\"Home\",\"item\":\"https:\/\/akerkimya.com\/eticaret\/\"},{\"@type\":\"ListItem\",\"position\":2,\"name\":\"Market\",\"item\":\"https:\/\/akerkimya.com\/eticaret\/market\/\"},{\"@type\":\"ListItem\",\"position\":3,\"name\":\"AMONYAK\"}]},{\"@type\":\"WebSite\",\"@id\":\"https:\/\/akerkimya.com\/eticaret\/#website\",\"url\":\"https:\/\/akerkimya.com\/eticaret\/\",\"name\":\"Akerkimya\",\"description\":\"\",\"potentialAction\":[{\"@type\":\"SearchAction\",\"target\":{\"@type\":\"EntryPoint\",\"urlTemplate\":\"https:\/\/akerkimya.com\/eticaret\/?s={search_term_string}\"},\"query-input\":\"required name=search_term_string\"}],\"inLanguage\":\"tr\"}]}<\/script>\n<!-- \/ Yoast SEO Premium plugin. -->","yoast_head_json":{"title":"AMONYAK - Akerkimya","robots":{"index":"index","follow":"follow","max-snippet":"max-snippet:-1","max-image-preview":"max-image-preview:large","max-video-preview":"max-video-preview:-1"},"canonical":"https:\/\/akerkimya.com\/eticaret\/urun\/amonyak\/","og_locale":"tr_TR","og_type":"article","og_title":"AMONYAK","og_description":"AMONYAK Amonyak, NH3 form\u00fcl\u00fcne sahip azot ve hidrojen atomunun birle\u015fmesiyle olu\u015fan renksiz, keskin kokulu gaz bile\u015fi\u011fidir. Amonyak, kovalent ba\u011fl\u0131 yani","og_url":"https:\/\/akerkimya.com\/eticaret\/urun\/amonyak\/","og_site_name":"Akerkimya","article_modified_time":"2026-03-29T23:23:51+00:00","og_image":[{"width":1000,"height":1000,"url":"https:\/\/akerkimya.com\/eticaret\/wp-content\/uploads\/2025\/01\/AMONYAK-GUNCEL-.png","type":"image\/png"}],"twitter_card":"summary_large_image","twitter_misc":{"Tahmini okuma s\u00fcresi":"3 dakika"},"schema":{"@context":"https:\/\/schema.org","@graph":[{"@type":"WebPage","@id":"https:\/\/akerkimya.com\/eticaret\/urun\/amonyak\/","url":"https:\/\/akerkimya.com\/eticaret\/urun\/amonyak\/","name":"AMONYAK - Akerkimya","isPartOf":{"@id":"https:\/\/akerkimya.com\/eticaret\/#website"},"datePublished":"2024-12-31T21:52:02+00:00","dateModified":"2026-03-29T23:23:51+00:00","breadcrumb":{"@id":"https:\/\/akerkimya.com\/eticaret\/urun\/amonyak\/#breadcrumb"},"inLanguage":"tr","potentialAction":[{"@type":"ReadAction","target":["https:\/\/akerkimya.com\/eticaret\/urun\/amonyak\/"]}]},{"@type":"BreadcrumbList","@id":"https:\/\/akerkimya.com\/eticaret\/urun\/amonyak\/#breadcrumb","itemListElement":[{"@type":"ListItem","position":1,"name":"Home","item":"https:\/\/akerkimya.com\/eticaret\/"},{"@type":"ListItem","position":2,"name":"Market","item":"https:\/\/akerkimya.com\/eticaret\/market\/"},{"@type":"ListItem","position":3,"name":"AMONYAK"}]},{"@type":"WebSite","@id":"https:\/\/akerkimya.com\/eticaret\/#website","url":"https:\/\/akerkimya.com\/eticaret\/","name":"Akerkimya","description":"","potentialAction":[{"@type":"SearchAction","target":{"@type":"EntryPoint","urlTemplate":"https:\/\/akerkimya.com\/eticaret\/?s={search_term_string}"},"query-input":"required name=search_term_string"}],"inLanguage":"tr"}]}},"_links":{"self":[{"href":"https:\/\/akerkimya.com\/eticaret\/wp-json\/wp\/v2\/product\/16478","targetHints":{"allow":["GET"]}}],"collection":[{"href":"https:\/\/akerkimya.com\/eticaret\/wp-json\/wp\/v2\/product"}],"about":[{"href":"https:\/\/akerkimya.com\/eticaret\/wp-json\/wp\/v2\/types\/product"}],"replies":[{"embeddable":true,"href":"https:\/\/akerkimya.com\/eticaret\/wp-json\/wp\/v2\/comments?post=16478"}],"version-history":[{"count":2,"href":"https:\/\/akerkimya.com\/eticaret\/wp-json\/wp\/v2\/product\/16478\/revisions"}],"predecessor-version":[{"id":16667,"href":"https:\/\/akerkimya.com\/eticaret\/wp-json\/wp\/v2\/product\/16478\/revisions\/16667"}],"wp:featuredmedia":[{"embeddable":true,"href":"https:\/\/akerkimya.com\/eticaret\/wp-json\/wp\/v2\/media\/16479"}],"wp:attachment":[{"href":"https:\/\/akerkimya.com\/eticaret\/wp-json\/wp\/v2\/media?parent=16478"}],"wp:term":[{"taxonomy":"product_cat","embeddable":true,"href":"https:\/\/akerkimya.com\/eticaret\/wp-json\/wp\/v2\/product_cat?post=16478"},{"taxonomy":"product_tag","embeddable":true,"href":"https:\/\/akerkimya.com\/eticaret\/wp-json\/wp\/v2\/product_tag?post=16478"}],"curies":[{"name":"wp","href":"https:\/\/api.w.org\/{rel}","templated":true}]}}