{"id":16508,"date":"2025-01-01T01:15:24","date_gmt":"2024-12-31T22:15:24","guid":{"rendered":"https:\/\/akerkimya.com\/eticaret\/?post_type=product&#038;p=16508"},"modified":"2026-03-30T02:22:29","modified_gmt":"2026-03-29T23:22:29","slug":"asetik-asit","status":"publish","type":"product","link":"https:\/\/akerkimya.com\/eticaret\/urun\/asetik-asit\/","title":{"rendered":"ASET\u0130K AS\u0130T"},"content":{"rendered":"<h1>ASET\u0130K AS\u0130T<\/h1>\n<p><strong>Asetik asit, C2H4O2 form\u00fcl\u00fcne sahip renksiz ve berrak, g\u00fc\u00e7l\u00fc ve keskin bir kokulu organik bir asittir. Etanoik asitte denmektedir. En k\u00fc\u00e7\u00fck karboksilik asitlerden biridir. Asetik asit sanayide hem sentetik hem de biyolojik olarak imal edilir. Do\u011fada karbonhidratlar\u0131n y\u00fckseltgenmesiyle olu\u015fur.<\/strong><\/p>\n<p><strong>ASET\u0130K AS\u0130T \u00d6ZELL\u0130KLER\u0130<\/strong><\/p>\n<p><strong>S\u0131v\u0131, renksiz bir formdad\u0131r.<\/strong><\/p>\n<p><strong>Korozif bir asittir. Ayn\u0131 zamanda yan\u0131c\u0131d\u0131r.<\/strong><\/p>\n<p><strong>Kararl\u0131 bir yap\u0131ya sahiptir.<\/strong><\/p>\n<p><strong>Asetik asit m\u00fckemmel bir polar \u00e7\u00f6z\u00fcc\u00fcd\u00fcr.<\/strong><\/p>\n<p><strong>Sirke kokusuna sahiptir.<\/strong><\/p>\n<p><strong>Metaller ve doku i\u00e7in a\u015f\u0131nd\u0131r\u0131c\u0131 \u00f6zelli\u011fe sahiptir.<\/strong><\/p>\n<p><strong>Asetik asit\u2019in %80 lik sulu \u00e7\u00f6zeltisi -8 \u00b0C de donar.<\/strong><\/p>\n<p><strong>\u00a0<\/strong><\/p>\n<p><strong>TEKN\u0130K \u00d6ZELL\u0130KLER\u0130<\/strong><\/p>\n<p><strong>CAS NUMARASI: 64-19-7<\/strong><\/p>\n<p><strong>MOLEK\u00dcLER FORM\u00dcL: C2H4O2<\/strong><\/p>\n<p><strong>K\u0130MYASAL ADI: Asetik Asit, Etanoik Asit, Metakarboksilik Asit, Sirke, Buzlu Form<\/strong><\/p>\n<p><strong>MOLEK\u00dcL A\u011eIRLI\u011eI: 60.5<\/strong><\/p>\n<p><strong>KAYNAMA NOKTASI: 118.1 \u00b0C<\/strong><\/p>\n<p><strong>DONMA NOKTASI: 16.6 \u00b0C<\/strong><\/p>\n<p><strong>YO\u011eUNLUK: 1.0492<\/strong><\/p>\n<p><strong>BUHAR BASINCI: 15.4 (20\u00b0C \u2018 de mbar)<\/strong><\/p>\n<p><strong>ALEVLENME NOKTASI: 37\u00b0C<\/strong><\/p>\n<p><strong>TUTU\u015eMA SICAKLI\u011eI: 500\u00b0C<\/strong><\/p>\n<p><strong>YANMA L\u0130M\u0130TLER\u0130: 4-17<\/strong><\/p>\n<p><strong>%80 \u2018lik SULU \u00c7\u00d6ZELT\u0130S\u0130 DONMA NOKTASI: -8 \u00b0C<\/strong><\/p>\n<p><strong>SUDA \u00c7\u00d6Z\u00dcN\u00dcRL\u00dcK: Kar\u0131\u015ft\u0131r\u0131labilir<\/strong><\/p>\n<p><strong>AS\u0130TL\u0130K(pKa): 4.76<\/strong><\/p>\n<p><strong>BAZ\u0130S\u0130TE (PKB): 9.198<\/strong><\/p>\n<p><strong>V\u0130SKOZ\u0130TE: 1.22 mPa s<\/strong><\/p>\n<p><strong>D\u0130POL MOMENT: 1.74 D<\/strong><\/p>\n<p><strong>\u00d6ZG\u00dcL ISI KAPAS\u0130TES\u0130: 123.1 J K-1 mol-1<\/strong><\/p>\n<p><strong>\u00a0<\/strong><\/p>\n<p><strong>KULLANIM ALANLARI<\/strong><\/p>\n<p><strong>En \u00f6nemli kullan\u0131m alanlar\u0131ndan biri sanayide solvent olarak kullan\u0131lmas\u0131d\u0131r.<\/strong><\/p>\n<p><strong>Temizleme kimyasal\u0131 olarak, \u00e7aydanl\u0131klar\u0131n kire\u00e7ten kurtulmas\u0131 ve cam gibi parlak y\u00fczeylerde madeni birikimlerin engellenmesi amac\u0131 ile kullan\u0131l\u0131r.<\/strong><\/p>\n<p><strong>Kan bas\u0131nc\u0131 ve ya\u011f birikimini kontrol etmeye yard\u0131mc\u0131 olarak kullan\u0131lmaktad\u0131r.<\/strong><\/p>\n<p><strong>\u0130norganik tuzlar\u0131n (kur\u015fun, potasyum ve bak\u0131r asetatlar) imalat\u0131nda asetik asit kullan\u0131l\u0131r.<\/strong><\/p>\n<p><strong>Boya end\u00fcstrisinde, parf\u00fcm, sentetik elyaf, tekstil, m\u00fcrekkep, kau\u00e7uk ve pestisitler ve a\u011fa\u00e7 yap\u0131\u015ft\u0131r\u0131c\u0131lar\u0131n imalat\u0131nda kullan\u0131lmaktad\u0131r.<\/strong><\/p>\n<p><strong>Asetik asit, serviks kanseri taramas\u0131nda kullan\u0131l\u0131r.<\/strong><\/p>\n<p><strong>Foto\u011fraf filmi imalat\u0131nda kullan\u0131lan \u00f6nemli bir kimyasal reaktif ve end\u00fcstriyel kimyasald\u0131r.<\/strong><\/p>\n<p><strong>Is\u0131l i\u015flem g\u00f6rm\u00fc\u015f ah\u015fab\u0131n korunmak ve \u00e7\u00fcr\u00fcmeyi engellemek i\u00e7in kullan\u0131l\u0131r.<\/strong><\/p>\n<p><strong>Plastik \u015fi\u015felerin imalat\u0131nda kullan\u0131l\u0131r.<\/strong><\/p>\n<p><strong>\u00c7abuk kuruyan lak ve \u00e7imentolarda, \u00e7\u00f6z\u00fcc\u00fc madde olarak kullan\u0131lan amil, butil asetat, propil, etil asetat ve metil asetatlar\u0131n imalat\u0131nda kullan\u0131l\u0131r.<\/strong><\/p>\n<p><strong>G\u0131da sekt\u00f6r\u00fcnde, katk\u0131 maddesi olarak ve asitlik d\u00fczenleyici kimyasal madde olarak kullan\u0131l\u0131r.<\/strong><\/p>\n<p><strong>Sentetik elyaf, kuma\u015f ve ah\u015fap tutkal\u0131 i\u00e7in \u00fcretilen polivinil asetat\u2019\u0131n imalat\u0131nda kullan\u0131l\u0131r.<\/strong><\/p>\n<p><strong>Teraftalik asit \u00fcretiminde \u00e7\u00f6z\u00fcc\u00fc olarak kullan\u0131l\u0131r. Ayr\u0131ca, karbokatyonlar\u0131n yer ald\u0131\u011f\u0131 bir\u00e7ok reaksiyonda \u00e7\u00f6z\u00fcc\u00fc olarak kullan\u0131l\u0131r.<\/strong><\/p>\n<p><strong>B\u00f6cek ila\u00e7lar\u0131n\u0131n imalat\u0131nda kullan\u0131l\u0131r.<\/strong><\/p>\n<p><strong>T\u0131p sekt\u00f6r\u00fcnde, ila\u00e7larda bakteri ve mantar geli\u015fimini \u00f6nlemek i\u00e7in ila\u00e7 \u00fcretiminde ana madde olarak kullan\u0131l\u0131r.<\/strong><\/p>\n<p><strong>Suni ipek, yanmayan hareketli film, lak ve plastik yap\u0131m\u0131nda kullan\u0131lan sel\u00fcl\u00f6z asetat\u0131 olu\u015fturmak i\u00e7in kullan\u0131l\u0131r.<\/strong><\/p>\n<p><strong>Asetil gruplar\u0131n\u0131n tamam\u0131 neredeyse asetik asitten \u00fcretilir.<\/strong><\/p>\n<p><strong>Kau\u00e7uk imalat\u0131nda em\u00fclgat\u00f6r olarak ve deri sanayinde kullan\u0131l\u0131r.<\/strong><\/p>\n<p><strong>\u00a0<\/strong><\/p>\n<p><strong>AMBALAJ<\/strong><\/p>\n<p><strong>1-5-10-60 KG bidonlar ve 1050 kg \u0131bc halinde<\/strong><\/p>\n<p><strong>\u00a0<\/strong><\/p>\n<p><strong>DEPOLAMA<\/strong><\/p>\n<p><strong>Asetik asit, cilt i\u00e7in a\u015f\u0131nd\u0131r\u0131c\u0131 bir maddedir. Buhar\u0131: ciddi g\u00f6z, cilt ve solunum yolu hasarlar\u0131na sebep olabilir. 39 \u00b0C\u2019yi ge\u00e7en \u0131s\u0131larda yan\u0131c\u0131l\u0131\u011f\u0131 art\u0131\u015f g\u00f6stermektedir bundan dolay\u0131 g\u00fcne\u015f almayan serin ve kuru bir alanda muhafaza edilmeli ve dikkatli olunmal\u0131d\u0131r.<\/strong><\/p>\n","protected":false},"excerpt":{"rendered":"<p>ASET\u0130K AS\u0130T Asetik asit, C2H4O2 form\u00fcl\u00fcne sahip renksiz ve berrak, g\u00fc\u00e7l\u00fc ve keskin bir kokulu organik bir asittir. Etanoik asitte<\/p>\n","protected":false},"featured_media":16509,"comment_status":"open","ping_status":"closed","template":"","meta":{"_joinchat":[]},"product_cat":[73,76],"product_tag":[],"class_list":{"0":"post-16508","1":"product","2":"type-product","3":"status-publish","4":"has-post-thumbnail","6":"product_cat-deri-ve-tekstil-kimyasallari","7":"product_cat-gida-ve-katki-kimyasallari","9":"first","10":"instock","11":"shipping-taxable","12":"purchasable","13":"product-type-variable"},"yoast_head":"<!-- This site is optimized with the Yoast SEO Premium plugin v20.2.1 (Yoast SEO v20.2.1) - https:\/\/yoast.com\/wordpress\/plugins\/seo\/ -->\n<title>ASET\u0130K AS\u0130T - Akerkimya<\/title>\n<meta name=\"robots\" content=\"index, follow, max-snippet:-1, max-image-preview:large, max-video-preview:-1\" \/>\n<link rel=\"canonical\" href=\"https:\/\/akerkimya.com\/eticaret\/urun\/asetik-asit\/\" \/>\n<meta property=\"og:locale\" content=\"tr_TR\" \/>\n<meta property=\"og:type\" content=\"article\" \/>\n<meta property=\"og:title\" content=\"ASET\u0130K AS\u0130T\" \/>\n<meta property=\"og:description\" content=\"ASET\u0130K AS\u0130T Asetik asit, C2H4O2 form\u00fcl\u00fcne sahip renksiz ve berrak, g\u00fc\u00e7l\u00fc ve keskin bir kokulu organik bir asittir. Etanoik asitte\" \/>\n<meta property=\"og:url\" content=\"https:\/\/akerkimya.com\/eticaret\/urun\/asetik-asit\/\" \/>\n<meta property=\"og:site_name\" content=\"Akerkimya\" \/>\n<meta property=\"article:modified_time\" content=\"2026-03-29T23:22:29+00:00\" \/>\n<meta property=\"og:image\" content=\"https:\/\/akerkimya.com\/eticaret\/wp-content\/uploads\/2025\/01\/ASETIK-ASIT-GUNCEL-.png\" \/>\n\t<meta property=\"og:image:width\" content=\"1000\" \/>\n\t<meta property=\"og:image:height\" content=\"1000\" \/>\n\t<meta property=\"og:image:type\" content=\"image\/png\" \/>\n<meta name=\"twitter:card\" content=\"summary_large_image\" \/>\n<meta name=\"twitter:label1\" content=\"Tahmini okuma s\u00fcresi\" \/>\n\t<meta name=\"twitter:data1\" content=\"3 dakika\" \/>\n<script type=\"application\/ld+json\" class=\"yoast-schema-graph\">{\"@context\":\"https:\/\/schema.org\",\"@graph\":[{\"@type\":\"WebPage\",\"@id\":\"https:\/\/akerkimya.com\/eticaret\/urun\/asetik-asit\/\",\"url\":\"https:\/\/akerkimya.com\/eticaret\/urun\/asetik-asit\/\",\"name\":\"ASET\u0130K AS\u0130T - Akerkimya\",\"isPartOf\":{\"@id\":\"https:\/\/akerkimya.com\/eticaret\/#website\"},\"datePublished\":\"2024-12-31T22:15:24+00:00\",\"dateModified\":\"2026-03-29T23:22:29+00:00\",\"breadcrumb\":{\"@id\":\"https:\/\/akerkimya.com\/eticaret\/urun\/asetik-asit\/#breadcrumb\"},\"inLanguage\":\"tr\",\"potentialAction\":[{\"@type\":\"ReadAction\",\"target\":[\"https:\/\/akerkimya.com\/eticaret\/urun\/asetik-asit\/\"]}]},{\"@type\":\"BreadcrumbList\",\"@id\":\"https:\/\/akerkimya.com\/eticaret\/urun\/asetik-asit\/#breadcrumb\",\"itemListElement\":[{\"@type\":\"ListItem\",\"position\":1,\"name\":\"Home\",\"item\":\"https:\/\/akerkimya.com\/eticaret\/\"},{\"@type\":\"ListItem\",\"position\":2,\"name\":\"Market\",\"item\":\"https:\/\/akerkimya.com\/eticaret\/market\/\"},{\"@type\":\"ListItem\",\"position\":3,\"name\":\"ASET\u0130K AS\u0130T\"}]},{\"@type\":\"WebSite\",\"@id\":\"https:\/\/akerkimya.com\/eticaret\/#website\",\"url\":\"https:\/\/akerkimya.com\/eticaret\/\",\"name\":\"Akerkimya\",\"description\":\"\",\"potentialAction\":[{\"@type\":\"SearchAction\",\"target\":{\"@type\":\"EntryPoint\",\"urlTemplate\":\"https:\/\/akerkimya.com\/eticaret\/?s={search_term_string}\"},\"query-input\":\"required name=search_term_string\"}],\"inLanguage\":\"tr\"}]}<\/script>\n<!-- \/ Yoast SEO Premium plugin. -->","yoast_head_json":{"title":"ASET\u0130K AS\u0130T - Akerkimya","robots":{"index":"index","follow":"follow","max-snippet":"max-snippet:-1","max-image-preview":"max-image-preview:large","max-video-preview":"max-video-preview:-1"},"canonical":"https:\/\/akerkimya.com\/eticaret\/urun\/asetik-asit\/","og_locale":"tr_TR","og_type":"article","og_title":"ASET\u0130K AS\u0130T","og_description":"ASET\u0130K AS\u0130T Asetik asit, C2H4O2 form\u00fcl\u00fcne sahip renksiz ve berrak, g\u00fc\u00e7l\u00fc ve keskin bir kokulu organik bir asittir. Etanoik asitte","og_url":"https:\/\/akerkimya.com\/eticaret\/urun\/asetik-asit\/","og_site_name":"Akerkimya","article_modified_time":"2026-03-29T23:22:29+00:00","og_image":[{"width":1000,"height":1000,"url":"https:\/\/akerkimya.com\/eticaret\/wp-content\/uploads\/2025\/01\/ASETIK-ASIT-GUNCEL-.png","type":"image\/png"}],"twitter_card":"summary_large_image","twitter_misc":{"Tahmini okuma s\u00fcresi":"3 dakika"},"schema":{"@context":"https:\/\/schema.org","@graph":[{"@type":"WebPage","@id":"https:\/\/akerkimya.com\/eticaret\/urun\/asetik-asit\/","url":"https:\/\/akerkimya.com\/eticaret\/urun\/asetik-asit\/","name":"ASET\u0130K AS\u0130T - Akerkimya","isPartOf":{"@id":"https:\/\/akerkimya.com\/eticaret\/#website"},"datePublished":"2024-12-31T22:15:24+00:00","dateModified":"2026-03-29T23:22:29+00:00","breadcrumb":{"@id":"https:\/\/akerkimya.com\/eticaret\/urun\/asetik-asit\/#breadcrumb"},"inLanguage":"tr","potentialAction":[{"@type":"ReadAction","target":["https:\/\/akerkimya.com\/eticaret\/urun\/asetik-asit\/"]}]},{"@type":"BreadcrumbList","@id":"https:\/\/akerkimya.com\/eticaret\/urun\/asetik-asit\/#breadcrumb","itemListElement":[{"@type":"ListItem","position":1,"name":"Home","item":"https:\/\/akerkimya.com\/eticaret\/"},{"@type":"ListItem","position":2,"name":"Market","item":"https:\/\/akerkimya.com\/eticaret\/market\/"},{"@type":"ListItem","position":3,"name":"ASET\u0130K AS\u0130T"}]},{"@type":"WebSite","@id":"https:\/\/akerkimya.com\/eticaret\/#website","url":"https:\/\/akerkimya.com\/eticaret\/","name":"Akerkimya","description":"","potentialAction":[{"@type":"SearchAction","target":{"@type":"EntryPoint","urlTemplate":"https:\/\/akerkimya.com\/eticaret\/?s={search_term_string}"},"query-input":"required name=search_term_string"}],"inLanguage":"tr"}]}},"_links":{"self":[{"href":"https:\/\/akerkimya.com\/eticaret\/wp-json\/wp\/v2\/product\/16508","targetHints":{"allow":["GET"]}}],"collection":[{"href":"https:\/\/akerkimya.com\/eticaret\/wp-json\/wp\/v2\/product"}],"about":[{"href":"https:\/\/akerkimya.com\/eticaret\/wp-json\/wp\/v2\/types\/product"}],"replies":[{"embeddable":true,"href":"https:\/\/akerkimya.com\/eticaret\/wp-json\/wp\/v2\/comments?post=16508"}],"version-history":[{"count":3,"href":"https:\/\/akerkimya.com\/eticaret\/wp-json\/wp\/v2\/product\/16508\/revisions"}],"predecessor-version":[{"id":16662,"href":"https:\/\/akerkimya.com\/eticaret\/wp-json\/wp\/v2\/product\/16508\/revisions\/16662"}],"wp:featuredmedia":[{"embeddable":true,"href":"https:\/\/akerkimya.com\/eticaret\/wp-json\/wp\/v2\/media\/16509"}],"wp:attachment":[{"href":"https:\/\/akerkimya.com\/eticaret\/wp-json\/wp\/v2\/media?parent=16508"}],"wp:term":[{"taxonomy":"product_cat","embeddable":true,"href":"https:\/\/akerkimya.com\/eticaret\/wp-json\/wp\/v2\/product_cat?post=16508"},{"taxonomy":"product_tag","embeddable":true,"href":"https:\/\/akerkimya.com\/eticaret\/wp-json\/wp\/v2\/product_tag?post=16508"}],"curies":[{"name":"wp","href":"https:\/\/api.w.org\/{rel}","templated":true}]}}