{"id":16567,"date":"2025-01-01T03:11:53","date_gmt":"2025-01-01T00:11:53","guid":{"rendered":"https:\/\/akerkimya.com\/eticaret\/?post_type=product&#038;p=16567"},"modified":"2026-03-30T02:23:53","modified_gmt":"2026-03-29T23:23:53","slug":"polivinil-asetat-marangoz-tutkali","status":"publish","type":"product","link":"https:\/\/akerkimya.com\/eticaret\/urun\/polivinil-asetat-marangoz-tutkali\/","title":{"rendered":"POL\u0130V\u0130N\u0130L ASETAT (MARANGOZ TUTKALI)"},"content":{"rendered":"<h1>POL\u0130V\u0130N\u0130L ASETAT (MARANGOZ TUTKALI)<\/h1>\n<p><strong>Polivinil asetat, (C4H6O2)n form\u00fcl\u00fcne sahip sentetik bir re\u00e7ine polimeridir. Vinil asetat\u0131n serbest radikal polimerizasyonu yoluyla \u00fcretilir. Marangoz tutkal\u0131, ah\u015fap tutkal, elmer tutkal\u0131 olarak da bilinir. <\/strong><\/p>\n<p><strong>\u00a0<\/strong><\/p>\n<p><strong>POL\u0130V\u0130N\u0130L ASETAT \u00d6ZELL\u0130KLER\u0130<\/strong><\/p>\n<p><strong>Renksiz viskoz s\u0131v\u0131 formdad\u0131r.<\/strong><\/p>\n<p><strong>Ketonlar, alkol, ester ve kloroformda \u00e7\u00f6z\u00fcn\u00fcr.<\/strong><\/p>\n<p><strong>\u0130pliksi mantarlar gibi baz\u0131 mikroorganizmalar polivinil asetat\u0131 bozabilir.<\/strong><\/p>\n<p><strong>Esnek bir yap\u0131s\u0131 vard\u0131r. G\u00fc\u00e7l\u00fc ba\u011flanma kabiliyetine sahiptir.<\/strong><\/p>\n<p><strong>Yap\u0131s\u0131nda bulunan ester gruplar\u0131 polivinil asetat\u0131 alkalilerle reaktif hale getirir ve polivinil alkol ve asetik asit olu\u015fumuna yol a\u00e7ar. <\/strong><\/p>\n<p><strong>\u00a0<\/strong><\/p>\n<p><strong>TEKN\u0130K \u00d6ZELL\u0130KLER\u0130<\/strong><\/p>\n<p><strong>CAS NUMARASI: 9003-20-7<\/strong><\/p>\n<p><strong>EC NO: 618-358-7<\/strong><\/p>\n<p><strong>K\u0130MYASAL FORM\u00dcL: (C4H6O2)n<\/strong><\/p>\n<p><strong>K\u0130MYASAL \u0130SM\u0130: Polivinil Asetat, PVAc, Marangoz Tutkal\u0131, Okul Tutkal\u0131 <\/strong><\/p>\n<p><strong>MOLAR K\u00dcTLE: 86.09 g\/mol <\/strong><\/p>\n<p><strong>YO\u011eUNLUK: 1,19 g\/cm\u00b3 (25 \u00b0C)<\/strong><\/p>\n<p><strong>KAYNAMA NOKTASI: 112 \u00b0C (234 \u00b0F; 385 K)<\/strong><\/p>\n<p><strong>\u00a0<\/strong><\/p>\n<p><strong>KULLANIM ALANLARI<\/strong><\/p>\n<p><strong>Pelu\u015f oyuncak ve dokunmam\u0131\u015f kuma\u015flar\u0131n imalat\u0131nda kullan\u0131l\u0131r.<\/strong><\/p>\n<p><strong>Polivinil asetat, p\u0131ht\u0131la\u015ft\u0131r\u0131lm\u0131\u015f k\u00e2\u011f\u0131t \u00fcretimi i\u00e7in yayg\u0131n bir \u015fekilde kullan\u0131l\u0131r.<\/strong><\/p>\n<p><strong>Matbaa sekt\u00f6r\u00fcnde, kitap ciltleme alan\u0131nda di\u011fer polimerlere g\u00f6re daha d\u00fc\u015f\u00fck asitli\u011fi nedeni ile kullan\u0131l\u0131r.<\/strong><\/p>\n<p><strong>T\u00fct\u00fcn sekt\u00f6r\u00fcnde, sigaralar\u0131 ka\u011f\u0131tlar\u0131n\u0131 yap\u0131\u015ft\u0131rmak ama\u00e7l\u0131 kullan\u0131lmaktad\u0131r.<\/strong><\/p>\n<p><strong>Marangoz sekt\u00f6r\u00fcnde, ah\u015fap gibi g\u00f6zenekli malzemelerde yap\u0131\u015ft\u0131r\u0131c\u0131 olarak kullan\u0131lmaktad\u0131r.<\/strong><\/p>\n<p><strong>Re\u00e7inelerin ba\u015flang\u0131\u00e7 maddesi olarak kullan\u0131l\u0131r<\/strong><\/p>\n<p><strong>Ya\u011flar ve makine ya\u011flar\u0131na dayan\u0131kl\u0131l\u0131k vermek amac\u0131yla aharlama ajan\u0131 olarak kullan\u0131lmaktad\u0131r.<\/strong><\/p>\n<p><strong>Al\u00e7\u0131pan ve di\u011fer y\u00fczeyler i\u00e7in astar olarak kullan\u0131lmaktad\u0131r.<\/strong><\/p>\n<p><strong>Zarf yap\u0131\u015ft\u0131r\u0131c\u0131s\u0131 olarak kullan\u0131lmaktad\u0131r.<\/strong><\/p>\n<p><strong>Polimer \u00fcretiminde hammadde olarak kullan\u0131lmaktad\u0131r.<\/strong><\/p>\n<p><strong>Lateks boya imalat\u0131nda, sert bir kaplama ve destekleyici film olu\u015fturmak i\u00e7in kullan\u0131l\u0131r.<\/strong><\/p>\n<p><strong>\u00a0<\/strong><\/p>\n<p><strong>AMBALAJ<\/strong><\/p>\n<p><strong>1-5-10-30 kg bidonlar, 170 kg varil ve 1050 kg IBC halindedir.<\/strong><\/p>\n<p><strong>\u00a0<\/strong><\/p>\n<p><strong>DEPOLAMA <\/strong><\/p>\n<p><strong>Serin ve kuru bir alanda ambalaj kapal\u0131 olacak \u015fekilde muhafaza edilmelidir.<\/strong><\/p>\n<p><strong>\u00a0<\/strong><\/p>\n<p><strong>\u00a0<\/strong><\/p>\n<p><strong>\u00a0<\/strong><\/p>\n","protected":false},"excerpt":{"rendered":"<p>POL\u0130V\u0130N\u0130L ASETAT (MARANGOZ TUTKALI) Polivinil asetat, (C4H6O2)n form\u00fcl\u00fcne sahip sentetik bir re\u00e7ine polimeridir. Vinil asetat\u0131n serbest radikal polimerizasyonu yoluyla \u00fcretilir.<\/p>\n","protected":false},"featured_media":16568,"comment_status":"open","ping_status":"closed","template":"","meta":{"_joinchat":[]},"product_cat":[70,73],"product_tag":[],"class_list":{"0":"post-16567","1":"product","2":"type-product","3":"status-publish","4":"has-post-thumbnail","6":"product_cat-boya-ve-yapi-kimyasallar","7":"product_cat-deri-ve-tekstil-kimyasallari","9":"first","10":"instock","11":"shipping-taxable","12":"purchasable","13":"product-type-variable"},"yoast_head":"<!-- This site is optimized with the Yoast SEO Premium plugin v20.2.1 (Yoast SEO v20.2.1) - https:\/\/yoast.com\/wordpress\/plugins\/seo\/ -->\n<title>POL\u0130V\u0130N\u0130L ASETAT (MARANGOZ TUTKALI) - Akerkimya<\/title>\n<meta name=\"robots\" content=\"index, follow, max-snippet:-1, max-image-preview:large, max-video-preview:-1\" \/>\n<link rel=\"canonical\" href=\"https:\/\/akerkimya.com\/eticaret\/urun\/polivinil-asetat-marangoz-tutkali\/\" \/>\n<meta property=\"og:locale\" content=\"tr_TR\" \/>\n<meta property=\"og:type\" content=\"article\" \/>\n<meta property=\"og:title\" content=\"POL\u0130V\u0130N\u0130L ASETAT (MARANGOZ TUTKALI)\" \/>\n<meta property=\"og:description\" content=\"POL\u0130V\u0130N\u0130L ASETAT (MARANGOZ TUTKALI) Polivinil asetat, (C4H6O2)n form\u00fcl\u00fcne sahip sentetik bir re\u00e7ine polimeridir. Vinil asetat\u0131n serbest radikal polimerizasyonu yoluyla \u00fcretilir.\" \/>\n<meta property=\"og:url\" content=\"https:\/\/akerkimya.com\/eticaret\/urun\/polivinil-asetat-marangoz-tutkali\/\" \/>\n<meta property=\"og:site_name\" content=\"Akerkimya\" \/>\n<meta property=\"article:modified_time\" content=\"2026-03-29T23:23:53+00:00\" \/>\n<meta property=\"og:image\" content=\"https:\/\/akerkimya.com\/eticaret\/wp-content\/uploads\/2025\/01\/Polivinil-Asetat-Marangoz-Tutkali-GUNCEL.png\" \/>\n\t<meta property=\"og:image:width\" content=\"1000\" \/>\n\t<meta property=\"og:image:height\" content=\"1000\" \/>\n\t<meta property=\"og:image:type\" content=\"image\/png\" \/>\n<meta name=\"twitter:card\" content=\"summary_large_image\" \/>\n<meta name=\"twitter:label1\" content=\"Tahmini okuma s\u00fcresi\" \/>\n\t<meta name=\"twitter:data1\" content=\"2 dakika\" \/>\n<script type=\"application\/ld+json\" class=\"yoast-schema-graph\">{\"@context\":\"https:\/\/schema.org\",\"@graph\":[{\"@type\":\"WebPage\",\"@id\":\"https:\/\/akerkimya.com\/eticaret\/urun\/polivinil-asetat-marangoz-tutkali\/\",\"url\":\"https:\/\/akerkimya.com\/eticaret\/urun\/polivinil-asetat-marangoz-tutkali\/\",\"name\":\"POL\u0130V\u0130N\u0130L ASETAT (MARANGOZ TUTKALI) - Akerkimya\",\"isPartOf\":{\"@id\":\"https:\/\/akerkimya.com\/eticaret\/#website\"},\"datePublished\":\"2025-01-01T00:11:53+00:00\",\"dateModified\":\"2026-03-29T23:23:53+00:00\",\"breadcrumb\":{\"@id\":\"https:\/\/akerkimya.com\/eticaret\/urun\/polivinil-asetat-marangoz-tutkali\/#breadcrumb\"},\"inLanguage\":\"tr\",\"potentialAction\":[{\"@type\":\"ReadAction\",\"target\":[\"https:\/\/akerkimya.com\/eticaret\/urun\/polivinil-asetat-marangoz-tutkali\/\"]}]},{\"@type\":\"BreadcrumbList\",\"@id\":\"https:\/\/akerkimya.com\/eticaret\/urun\/polivinil-asetat-marangoz-tutkali\/#breadcrumb\",\"itemListElement\":[{\"@type\":\"ListItem\",\"position\":1,\"name\":\"Home\",\"item\":\"https:\/\/akerkimya.com\/eticaret\/\"},{\"@type\":\"ListItem\",\"position\":2,\"name\":\"Market\",\"item\":\"https:\/\/akerkimya.com\/eticaret\/market\/\"},{\"@type\":\"ListItem\",\"position\":3,\"name\":\"POL\u0130V\u0130N\u0130L ASETAT (MARANGOZ TUTKALI)\"}]},{\"@type\":\"WebSite\",\"@id\":\"https:\/\/akerkimya.com\/eticaret\/#website\",\"url\":\"https:\/\/akerkimya.com\/eticaret\/\",\"name\":\"Akerkimya\",\"description\":\"\",\"potentialAction\":[{\"@type\":\"SearchAction\",\"target\":{\"@type\":\"EntryPoint\",\"urlTemplate\":\"https:\/\/akerkimya.com\/eticaret\/?s={search_term_string}\"},\"query-input\":\"required name=search_term_string\"}],\"inLanguage\":\"tr\"}]}<\/script>\n<!-- \/ Yoast SEO Premium plugin. -->","yoast_head_json":{"title":"POL\u0130V\u0130N\u0130L ASETAT (MARANGOZ TUTKALI) - Akerkimya","robots":{"index":"index","follow":"follow","max-snippet":"max-snippet:-1","max-image-preview":"max-image-preview:large","max-video-preview":"max-video-preview:-1"},"canonical":"https:\/\/akerkimya.com\/eticaret\/urun\/polivinil-asetat-marangoz-tutkali\/","og_locale":"tr_TR","og_type":"article","og_title":"POL\u0130V\u0130N\u0130L ASETAT (MARANGOZ TUTKALI)","og_description":"POL\u0130V\u0130N\u0130L ASETAT (MARANGOZ TUTKALI) Polivinil asetat, (C4H6O2)n form\u00fcl\u00fcne sahip sentetik bir re\u00e7ine polimeridir. Vinil asetat\u0131n serbest radikal polimerizasyonu yoluyla \u00fcretilir.","og_url":"https:\/\/akerkimya.com\/eticaret\/urun\/polivinil-asetat-marangoz-tutkali\/","og_site_name":"Akerkimya","article_modified_time":"2026-03-29T23:23:53+00:00","og_image":[{"width":1000,"height":1000,"url":"https:\/\/akerkimya.com\/eticaret\/wp-content\/uploads\/2025\/01\/Polivinil-Asetat-Marangoz-Tutkali-GUNCEL.png","type":"image\/png"}],"twitter_card":"summary_large_image","twitter_misc":{"Tahmini okuma s\u00fcresi":"2 dakika"},"schema":{"@context":"https:\/\/schema.org","@graph":[{"@type":"WebPage","@id":"https:\/\/akerkimya.com\/eticaret\/urun\/polivinil-asetat-marangoz-tutkali\/","url":"https:\/\/akerkimya.com\/eticaret\/urun\/polivinil-asetat-marangoz-tutkali\/","name":"POL\u0130V\u0130N\u0130L ASETAT (MARANGOZ TUTKALI) - Akerkimya","isPartOf":{"@id":"https:\/\/akerkimya.com\/eticaret\/#website"},"datePublished":"2025-01-01T00:11:53+00:00","dateModified":"2026-03-29T23:23:53+00:00","breadcrumb":{"@id":"https:\/\/akerkimya.com\/eticaret\/urun\/polivinil-asetat-marangoz-tutkali\/#breadcrumb"},"inLanguage":"tr","potentialAction":[{"@type":"ReadAction","target":["https:\/\/akerkimya.com\/eticaret\/urun\/polivinil-asetat-marangoz-tutkali\/"]}]},{"@type":"BreadcrumbList","@id":"https:\/\/akerkimya.com\/eticaret\/urun\/polivinil-asetat-marangoz-tutkali\/#breadcrumb","itemListElement":[{"@type":"ListItem","position":1,"name":"Home","item":"https:\/\/akerkimya.com\/eticaret\/"},{"@type":"ListItem","position":2,"name":"Market","item":"https:\/\/akerkimya.com\/eticaret\/market\/"},{"@type":"ListItem","position":3,"name":"POL\u0130V\u0130N\u0130L ASETAT (MARANGOZ TUTKALI)"}]},{"@type":"WebSite","@id":"https:\/\/akerkimya.com\/eticaret\/#website","url":"https:\/\/akerkimya.com\/eticaret\/","name":"Akerkimya","description":"","potentialAction":[{"@type":"SearchAction","target":{"@type":"EntryPoint","urlTemplate":"https:\/\/akerkimya.com\/eticaret\/?s={search_term_string}"},"query-input":"required name=search_term_string"}],"inLanguage":"tr"}]}},"_links":{"self":[{"href":"https:\/\/akerkimya.com\/eticaret\/wp-json\/wp\/v2\/product\/16567","targetHints":{"allow":["GET"]}}],"collection":[{"href":"https:\/\/akerkimya.com\/eticaret\/wp-json\/wp\/v2\/product"}],"about":[{"href":"https:\/\/akerkimya.com\/eticaret\/wp-json\/wp\/v2\/types\/product"}],"replies":[{"embeddable":true,"href":"https:\/\/akerkimya.com\/eticaret\/wp-json\/wp\/v2\/comments?post=16567"}],"version-history":[{"count":3,"href":"https:\/\/akerkimya.com\/eticaret\/wp-json\/wp\/v2\/product\/16567\/revisions"}],"predecessor-version":[{"id":16654,"href":"https:\/\/akerkimya.com\/eticaret\/wp-json\/wp\/v2\/product\/16567\/revisions\/16654"}],"wp:featuredmedia":[{"embeddable":true,"href":"https:\/\/akerkimya.com\/eticaret\/wp-json\/wp\/v2\/media\/16568"}],"wp:attachment":[{"href":"https:\/\/akerkimya.com\/eticaret\/wp-json\/wp\/v2\/media?parent=16567"}],"wp:term":[{"taxonomy":"product_cat","embeddable":true,"href":"https:\/\/akerkimya.com\/eticaret\/wp-json\/wp\/v2\/product_cat?post=16567"},{"taxonomy":"product_tag","embeddable":true,"href":"https:\/\/akerkimya.com\/eticaret\/wp-json\/wp\/v2\/product_tag?post=16567"}],"curies":[{"name":"wp","href":"https:\/\/api.w.org\/{rel}","templated":true}]}}