{"id":16577,"date":"2025-01-01T03:16:17","date_gmt":"2025-01-01T00:16:17","guid":{"rendered":"https:\/\/akerkimya.com\/eticaret\/?post_type=product&#038;p=16577"},"modified":"2026-03-30T02:23:54","modified_gmt":"2026-03-29T23:23:54","slug":"pomza-tozu","status":"publish","type":"product","link":"https:\/\/akerkimya.com\/eticaret\/urun\/pomza-tozu\/","title":{"rendered":"POMZA TOZU"},"content":{"rendered":"<h1>POMZA TOZU<\/h1>\n<p><strong>Pomza, volkanik k\u00fcllerin tatl\u0131 su g\u00f6llerinde ve denizel ortamda yataklanmas\u0131 ile olu\u015fmu\u015ftur.\u00a0 Bu volkanik faaliyetler neticesinde iki t\u00fcr pomza g\u00f6zlemlenir. Bunlar, asidik pomza ve bazik pomzad\u0131r. Asidik pomza veyaz ve kirli beyaz renktedir. Bazik pomza ise kahverengi ve siyah renkte olup daha a\u011f\u0131rd\u0131k. <\/strong><\/p>\n<p><strong>\u00a0<\/strong><\/p>\n<p><strong>POMZA TOZU \u00d6ZELL\u0130KLER\u0130<\/strong><\/p>\n<p><strong>Beyaz veya grimsi bir renkte olup toz formundad\u0131r. Kokusuzdur.<\/strong><\/p>\n<p><strong>Suda \u00e7\u00f6z\u00fcnmez.<\/strong><\/p>\n<p><strong>T\u00fcf ve yabanc\u0131 maddelerin pomza b\u00fcnyesine girmesi kalitesini d\u00fc\u015f\u00fcrmektedir.<\/strong><\/p>\n<p><strong>\u00a0<\/strong><\/p>\n<p><strong>TEKN\u0130K \u00d6ZELL\u0130KLER\u0130<\/strong><\/p>\n<p><strong>K\u0130MYASAL \u0130SM\u0130: Pomza<\/strong><\/p>\n<p><strong>K\u0130MYASAL YAPISI: \u0130norganik mineral<\/strong><\/p>\n<p><strong>YO\u011eUNLU\u011eU: 1,5 gr\/cm\u00b3<\/strong><\/p>\n<p><strong>S\u0130O2 M\u0130KTARI (%): 60-75<\/strong><\/p>\n<p><strong>Al2O3 M\u0130KTARI (%): 13-17<\/strong><\/p>\n<p><strong>Fe2O3 M\u0130KTARI (%): 1-3<\/strong><\/p>\n<p><strong>K2O M\u0130KTARI (%): 3-5<\/strong><\/p>\n<p><strong>\u00a0<\/strong><\/p>\n<p><strong>KULLANIM ALANLARI<\/strong><\/p>\n<p><strong>\u0130n\u015faat sekt\u00f6r\u00fcnde, pomza ile yap\u0131lan betonlar\u0131n normal betondan daha hafif olmas\u0131n\u0131 sa\u011flar ve buda i\u015f\u00e7ilik ve zamandan tasarruf edilmesini sa\u011flamak amac\u0131yla kullan\u0131l\u0131r.<\/strong><\/p>\n<p><strong>Al2O3 bile\u015fimi sayesinde ate\u015fe ve \u0131s\u0131ya y\u00fcksek dayan\u0131m \u00f6zelli\u011fi katar bu da 6 kat daha fazla izolasyon sa\u011flad\u0131\u011f\u0131n\u0131 g\u00f6sterir. Bu nedenle i\u015f mek\u00e2nlar\u0131 gibi alanlar\u0131n in\u015faat\u0131nda enerji tasarrufu sa\u011flamak ad\u0131na kullan\u0131l\u0131r.<\/strong><\/p>\n<p><strong>\u00c7imento yap\u0131m\u0131nda katk\u0131 maddesi olarak kullan\u0131l\u0131r.<\/strong><\/p>\n<p><strong>Tekstil sekt\u00f6r\u00fcnde, kot kuma\u015flar\u0131nda a\u011fartma ajan\u0131 ve yumu\u015fatma maddesi olarak kullan\u0131lmaktad\u0131r.<\/strong><\/p>\n<p><strong>Tar\u0131m sekt\u00f6r\u00fcnde, y\u00fcksek nem tutma kapasitesi nedeniyle kurakl\u0131\u011f\u0131n oldu\u011fu d\u00f6nemlerde su tasarrufu sa\u011flamak amac\u0131yla kullan\u0131l\u0131r.<\/strong><\/p>\n<p><strong>Kibrit sanayinde ta\u015f\u0131y\u0131c\u0131 olarak kullan\u0131lmaktad\u0131r.<\/strong><\/p>\n<p><strong>Di\u015f macunlar\u0131nda ve di\u015f\u00e7ilikte parlatma tozu olarak kullan\u0131l\u0131r.<\/strong><\/p>\n<p><strong>G\u00fcbre sanayiinde g\u00fcbrenin topakla\u015fmas\u0131n\u0131n \u00f6nlenmesinde antikek maddesi olarak kullan\u0131l\u0131r.<\/strong><\/p>\n<p><strong>Deterjan ve boya sekt\u00f6r\u00fcnde, katk\u0131 maddesi olarak kullan\u0131l\u0131r.<\/strong><\/p>\n<p><strong>Kuyumculuk, metal, cam ve plastik sanayiinde abrasif (a\u015f\u0131nd\u0131r\u0131c\u0131) madde olarak kullan\u0131l\u0131r.<\/strong><\/p>\n<p><strong>\u00a0<\/strong><\/p>\n<p><strong>AMBALAJ<\/strong><\/p>\n<p><strong>1-5-20 kg ambalajlar halindedir.<\/strong><\/p>\n<p><strong>\u00a0<\/strong><\/p>\n<p><strong>DEPOLAMA <\/strong><\/p>\n<p><strong>Serin ve kuru bir alanda paketi kapal\u0131 olacak \u015fekilde muhafaza edilmelidir.<\/strong><\/p>\n","protected":false},"excerpt":{"rendered":"<p>POMZA TOZU Pomza, volkanik k\u00fcllerin tatl\u0131 su g\u00f6llerinde ve denizel ortamda yataklanmas\u0131 ile olu\u015fmu\u015ftur.\u00a0 Bu volkanik faaliyetler neticesinde iki t\u00fcr<\/p>\n","protected":false},"featured_media":16578,"comment_status":"open","ping_status":"closed","template":"","meta":{"_joinchat":[]},"product_cat":[70,73,74,79],"product_tag":[],"class_list":{"0":"post-16577","1":"product","2":"type-product","3":"status-publish","4":"has-post-thumbnail","6":"product_cat-boya-ve-yapi-kimyasallar","7":"product_cat-deri-ve-tekstil-kimyasallari","8":"product_cat-deterjan-ve-kozmetik-kimyasallari","9":"product_cat-tarim-kimyasallari","11":"first","12":"instock","13":"shipping-taxable","14":"purchasable","15":"product-type-variable"},"yoast_head":"<!-- This site is optimized with the Yoast SEO Premium plugin v20.2.1 (Yoast SEO v20.2.1) - https:\/\/yoast.com\/wordpress\/plugins\/seo\/ -->\n<title>POMZA TOZU - Akerkimya<\/title>\n<meta name=\"robots\" content=\"index, follow, max-snippet:-1, max-image-preview:large, max-video-preview:-1\" \/>\n<link rel=\"canonical\" href=\"https:\/\/akerkimya.com\/eticaret\/urun\/pomza-tozu\/\" \/>\n<meta property=\"og:locale\" content=\"tr_TR\" \/>\n<meta property=\"og:type\" content=\"article\" \/>\n<meta property=\"og:title\" content=\"POMZA TOZU\" \/>\n<meta property=\"og:description\" content=\"POMZA TOZU Pomza, volkanik k\u00fcllerin tatl\u0131 su g\u00f6llerinde ve denizel ortamda yataklanmas\u0131 ile olu\u015fmu\u015ftur.\u00a0 Bu volkanik faaliyetler neticesinde iki t\u00fcr\" \/>\n<meta property=\"og:url\" content=\"https:\/\/akerkimya.com\/eticaret\/urun\/pomza-tozu\/\" \/>\n<meta property=\"og:site_name\" content=\"Akerkimya\" \/>\n<meta property=\"article:modified_time\" content=\"2026-03-29T23:23:54+00:00\" \/>\n<meta property=\"og:image\" content=\"https:\/\/akerkimya.com\/eticaret\/wp-content\/uploads\/2025\/01\/POMZA-3-GUNCEL-.png\" \/>\n\t<meta property=\"og:image:width\" content=\"1000\" \/>\n\t<meta property=\"og:image:height\" content=\"1000\" \/>\n\t<meta property=\"og:image:type\" content=\"image\/png\" \/>\n<meta name=\"twitter:card\" content=\"summary_large_image\" \/>\n<meta name=\"twitter:label1\" content=\"Tahmini okuma s\u00fcresi\" \/>\n\t<meta name=\"twitter:data1\" content=\"2 dakika\" \/>\n<script type=\"application\/ld+json\" class=\"yoast-schema-graph\">{\"@context\":\"https:\/\/schema.org\",\"@graph\":[{\"@type\":\"WebPage\",\"@id\":\"https:\/\/akerkimya.com\/eticaret\/urun\/pomza-tozu\/\",\"url\":\"https:\/\/akerkimya.com\/eticaret\/urun\/pomza-tozu\/\",\"name\":\"POMZA TOZU - Akerkimya\",\"isPartOf\":{\"@id\":\"https:\/\/akerkimya.com\/eticaret\/#website\"},\"datePublished\":\"2025-01-01T00:16:17+00:00\",\"dateModified\":\"2026-03-29T23:23:54+00:00\",\"breadcrumb\":{\"@id\":\"https:\/\/akerkimya.com\/eticaret\/urun\/pomza-tozu\/#breadcrumb\"},\"inLanguage\":\"tr\",\"potentialAction\":[{\"@type\":\"ReadAction\",\"target\":[\"https:\/\/akerkimya.com\/eticaret\/urun\/pomza-tozu\/\"]}]},{\"@type\":\"BreadcrumbList\",\"@id\":\"https:\/\/akerkimya.com\/eticaret\/urun\/pomza-tozu\/#breadcrumb\",\"itemListElement\":[{\"@type\":\"ListItem\",\"position\":1,\"name\":\"Home\",\"item\":\"https:\/\/akerkimya.com\/eticaret\/\"},{\"@type\":\"ListItem\",\"position\":2,\"name\":\"Market\",\"item\":\"https:\/\/akerkimya.com\/eticaret\/market\/\"},{\"@type\":\"ListItem\",\"position\":3,\"name\":\"POMZA TOZU\"}]},{\"@type\":\"WebSite\",\"@id\":\"https:\/\/akerkimya.com\/eticaret\/#website\",\"url\":\"https:\/\/akerkimya.com\/eticaret\/\",\"name\":\"Akerkimya\",\"description\":\"\",\"potentialAction\":[{\"@type\":\"SearchAction\",\"target\":{\"@type\":\"EntryPoint\",\"urlTemplate\":\"https:\/\/akerkimya.com\/eticaret\/?s={search_term_string}\"},\"query-input\":\"required name=search_term_string\"}],\"inLanguage\":\"tr\"}]}<\/script>\n<!-- \/ Yoast SEO Premium plugin. -->","yoast_head_json":{"title":"POMZA TOZU - Akerkimya","robots":{"index":"index","follow":"follow","max-snippet":"max-snippet:-1","max-image-preview":"max-image-preview:large","max-video-preview":"max-video-preview:-1"},"canonical":"https:\/\/akerkimya.com\/eticaret\/urun\/pomza-tozu\/","og_locale":"tr_TR","og_type":"article","og_title":"POMZA TOZU","og_description":"POMZA TOZU Pomza, volkanik k\u00fcllerin tatl\u0131 su g\u00f6llerinde ve denizel ortamda yataklanmas\u0131 ile olu\u015fmu\u015ftur.\u00a0 Bu volkanik faaliyetler neticesinde iki t\u00fcr","og_url":"https:\/\/akerkimya.com\/eticaret\/urun\/pomza-tozu\/","og_site_name":"Akerkimya","article_modified_time":"2026-03-29T23:23:54+00:00","og_image":[{"width":1000,"height":1000,"url":"https:\/\/akerkimya.com\/eticaret\/wp-content\/uploads\/2025\/01\/POMZA-3-GUNCEL-.png","type":"image\/png"}],"twitter_card":"summary_large_image","twitter_misc":{"Tahmini okuma s\u00fcresi":"2 dakika"},"schema":{"@context":"https:\/\/schema.org","@graph":[{"@type":"WebPage","@id":"https:\/\/akerkimya.com\/eticaret\/urun\/pomza-tozu\/","url":"https:\/\/akerkimya.com\/eticaret\/urun\/pomza-tozu\/","name":"POMZA TOZU - Akerkimya","isPartOf":{"@id":"https:\/\/akerkimya.com\/eticaret\/#website"},"datePublished":"2025-01-01T00:16:17+00:00","dateModified":"2026-03-29T23:23:54+00:00","breadcrumb":{"@id":"https:\/\/akerkimya.com\/eticaret\/urun\/pomza-tozu\/#breadcrumb"},"inLanguage":"tr","potentialAction":[{"@type":"ReadAction","target":["https:\/\/akerkimya.com\/eticaret\/urun\/pomza-tozu\/"]}]},{"@type":"BreadcrumbList","@id":"https:\/\/akerkimya.com\/eticaret\/urun\/pomza-tozu\/#breadcrumb","itemListElement":[{"@type":"ListItem","position":1,"name":"Home","item":"https:\/\/akerkimya.com\/eticaret\/"},{"@type":"ListItem","position":2,"name":"Market","item":"https:\/\/akerkimya.com\/eticaret\/market\/"},{"@type":"ListItem","position":3,"name":"POMZA TOZU"}]},{"@type":"WebSite","@id":"https:\/\/akerkimya.com\/eticaret\/#website","url":"https:\/\/akerkimya.com\/eticaret\/","name":"Akerkimya","description":"","potentialAction":[{"@type":"SearchAction","target":{"@type":"EntryPoint","urlTemplate":"https:\/\/akerkimya.com\/eticaret\/?s={search_term_string}"},"query-input":"required name=search_term_string"}],"inLanguage":"tr"}]}},"_links":{"self":[{"href":"https:\/\/akerkimya.com\/eticaret\/wp-json\/wp\/v2\/product\/16577","targetHints":{"allow":["GET"]}}],"collection":[{"href":"https:\/\/akerkimya.com\/eticaret\/wp-json\/wp\/v2\/product"}],"about":[{"href":"https:\/\/akerkimya.com\/eticaret\/wp-json\/wp\/v2\/types\/product"}],"replies":[{"embeddable":true,"href":"https:\/\/akerkimya.com\/eticaret\/wp-json\/wp\/v2\/comments?post=16577"}],"version-history":[{"count":2,"href":"https:\/\/akerkimya.com\/eticaret\/wp-json\/wp\/v2\/product\/16577\/revisions"}],"predecessor-version":[{"id":16653,"href":"https:\/\/akerkimya.com\/eticaret\/wp-json\/wp\/v2\/product\/16577\/revisions\/16653"}],"wp:featuredmedia":[{"embeddable":true,"href":"https:\/\/akerkimya.com\/eticaret\/wp-json\/wp\/v2\/media\/16578"}],"wp:attachment":[{"href":"https:\/\/akerkimya.com\/eticaret\/wp-json\/wp\/v2\/media?parent=16577"}],"wp:term":[{"taxonomy":"product_cat","embeddable":true,"href":"https:\/\/akerkimya.com\/eticaret\/wp-json\/wp\/v2\/product_cat?post=16577"},{"taxonomy":"product_tag","embeddable":true,"href":"https:\/\/akerkimya.com\/eticaret\/wp-json\/wp\/v2\/product_tag?post=16577"}],"curies":[{"name":"wp","href":"https:\/\/api.w.org\/{rel}","templated":true}]}}