{"id":16846,"date":"2025-01-01T21:29:54","date_gmt":"2025-01-01T18:29:54","guid":{"rendered":"https:\/\/akerkimya.com\/eticaret\/?post_type=product&#038;p=16846"},"modified":"2026-03-30T02:23:55","modified_gmt":"2026-03-29T23:23:55","slug":"edta","status":"publish","type":"product","link":"https:\/\/akerkimya.com\/eticaret\/urun\/edta\/","title":{"rendered":"EDTA"},"content":{"rendered":"<h1>EDTA<\/h1>\n<p><strong>Genel form\u00fcl\u00fc [CH<sub>2<\/sub>N(CH<sub>2<\/sub>COOH)<sub>2<\/sub>]<sub>2<\/sub>\u00a0olan edta\u00a0toz halde beyaz renkte bir maddedir. \u0130\u00e7eri\u011finde azot, hidroksit ve oksijen iyonlar\u0131 vard\u0131r. Su ve polar solventlerde \u00e7\u00f6z\u00fcn\u00fcr ve 150-200\u00a0<sup>o<\/sup>C\u2019de dekompoze olur, yava\u015f\u00e7a kristalizasyon suyu verir ve rengini kaybeder. Di\u011fer isimleri; Trilon B, Etilendiamintetraasetikasit sodyum tuzudur.<\/strong><\/p>\n<p><strong>EDTA TEKN\u0130K \u00d6ZELL\u0130KLER\u0130<\/strong><\/p>\n<p><strong>CAS NO: 60-00-4<\/strong><\/p>\n<p><strong>MOLEK\u00dcL FORM\u00dcL\u00dc:\u00a0 C<sub>10<\/sub>H<sub>16<\/sub>N<sub>2<\/sub>O<sub>8<\/sub><\/strong><\/p>\n<p><strong>MOLEK\u00dcL A\u011eIRLI\u011eI: 292.24 g.mol<sup>\u22121<\/sup><\/strong><\/p>\n<p><strong>YO\u011eUNLU\u011eU: 0,86 g\/cm<sup>3<\/sup><\/strong><\/p>\n<p><strong>KAYNAMA NOKTASI:100<sup>\u00a0<\/sup>\u00b0C<\/strong><\/p>\n<p><strong>ER\u0130ME NOKTASI:\u00a0 240 \u00b0C\u00a0<\/strong><\/p>\n<p><strong>\u00a0<\/strong><\/p>\n<p><strong>EDTA KULLANIM ALANLARI<\/strong><\/p>\n<p><strong>Edta laboratuvar ortam\u0131nda metal iyonlar\u0131n\u0131 tutmak i\u00e7in kullan\u0131l\u0131r.<\/strong><\/p>\n<p><strong>Edta t\u0131p alan\u0131nda g\u00f6z i\u00e7i lenslerin implant\u0131 s\u0131ras\u0131nda bakteri b\u00fcy\u00fcmesinin azalt\u0131lmas\u0131nda kullan\u0131l\u0131r.<\/strong><\/p>\n<p><strong>Tekstil alan\u0131nda, metal iyonundaki safs\u0131zl\u0131klar\u0131n\u0131n boyal\u0131 \u00fcr\u00fcnlerin renklerini de\u011fi\u015ftirmesini engeller.<\/strong><\/p>\n<p><strong>K\u00e2\u011f\u0131t end\u00fcstrisinde metal iyonlar\u0131n\u0131n, klor i\u00e7ermeyen ve a\u011fartmada kullan\u0131lan hidrojen peroksitin belli olmayan oranlar\u0131n\u0131n katalizlenmesini engeller.Ka\u011f\u0131tta \u015felatl\u0131 bir yap\u0131 olu\u015fturulur.<\/strong><\/p>\n<p><strong>Edta, sodyum benzoat ve askorbik asit bulunan alkols\u00fcz i\u00e7eceklerde benzen gibi kanserojen maddelerin olu\u015fumunu azalt\u0131r. Konserve bal\u0131k, mayonez, margarin, salata soslar\u0131, i\u015flenmi\u015f meyve- sebze suyu, s\u00fct ve di\u011fer i\u00e7ecekler gibi \u00e7e\u015fitli g\u0131dalar\u0131n \u00fcretiminde kullan\u0131l\u0131r.\u00a0<\/strong><\/p>\n<p><strong>Edta kal\u0131p sabuna, tuvalet sabunlar\u0131na ve t\u0131ra\u015f sabunlar\u0131na renk kayb\u0131 ve k\u00fcf (ek\u015fime, kokma) olu\u015fumunu \u00f6nlemek amac\u0131yla eklenebilir. Temizleme etkisini art\u0131r\u0131r. Bulan\u0131kl\u0131klar\u0131 \u00f6nler. Edta kal\u0131p sabuna sabunla\u015fmadan sonra, \u015fekil verilmeden \u00f6nce kat\u0131labilir.<\/strong><\/p>\n<p><strong>Edta, k\u00f6m\u00fcr santralleri ve at\u0131k yakma tesislerinde k\u00fck\u00fcrt duman\u0131n\u0131 gidermede kullan\u0131l\u0131r.<\/strong><\/p>\n<p><strong>\u00a0<\/strong><\/p>\n<p><strong>AMBALAJ <\/strong><\/p>\n<p><strong>1-5-25 kg ambalajlar halinde <\/strong><\/p>\n<p><strong>\u00a0<\/strong><\/p>\n<p><strong>DEPOLAMA <\/strong><\/p>\n<p><strong>Serin ve nem olmayan yerde kapal\u0131 ambalajlarda muhafaza edilmelidir. <\/strong><\/p>\n","protected":false},"excerpt":{"rendered":"<p>EDTA Genel form\u00fcl\u00fc [CH2N(CH2COOH)2]2\u00a0olan edta\u00a0toz halde beyaz renkte bir maddedir. \u0130\u00e7eri\u011finde azot, hidroksit ve oksijen iyonlar\u0131 vard\u0131r. Su ve polar<\/p>\n","protected":false},"featured_media":16848,"comment_status":"open","ping_status":"closed","template":"","meta":{"_joinchat":[]},"product_cat":[73,74,76,80],"product_tag":[],"class_list":{"0":"post-16846","1":"product","2":"type-product","3":"status-publish","4":"has-post-thumbnail","6":"product_cat-deri-ve-tekstil-kimyasallari","7":"product_cat-deterjan-ve-kozmetik-kimyasallari","8":"product_cat-gida-ve-katki-kimyasallari","9":"product_cat-veteriner-ve-ilac-kimyasallari","11":"first","12":"instock","13":"shipping-taxable","14":"purchasable","15":"product-type-variable"},"yoast_head":"<!-- This site is optimized with the Yoast SEO Premium plugin v20.2.1 (Yoast SEO v20.2.1) - https:\/\/yoast.com\/wordpress\/plugins\/seo\/ -->\n<title>EDTA - Akerkimya<\/title>\n<meta name=\"robots\" content=\"index, follow, max-snippet:-1, max-image-preview:large, max-video-preview:-1\" \/>\n<link rel=\"canonical\" href=\"https:\/\/akerkimya.com\/eticaret\/urun\/edta\/\" \/>\n<meta property=\"og:locale\" content=\"tr_TR\" \/>\n<meta property=\"og:type\" content=\"article\" \/>\n<meta property=\"og:title\" content=\"EDTA\" \/>\n<meta property=\"og:description\" content=\"EDTA Genel form\u00fcl\u00fc [CH2N(CH2COOH)2]2\u00a0olan edta\u00a0toz halde beyaz renkte bir maddedir. \u0130\u00e7eri\u011finde azot, hidroksit ve oksijen iyonlar\u0131 vard\u0131r. Su ve polar\" \/>\n<meta property=\"og:url\" content=\"https:\/\/akerkimya.com\/eticaret\/urun\/edta\/\" \/>\n<meta property=\"og:site_name\" content=\"Akerkimya\" \/>\n<meta property=\"article:modified_time\" content=\"2026-03-29T23:23:55+00:00\" \/>\n<meta property=\"og:image\" content=\"https:\/\/akerkimya.com\/eticaret\/wp-content\/uploads\/2025\/01\/EDTA-GUNCEL-.png\" \/>\n\t<meta property=\"og:image:width\" content=\"1000\" \/>\n\t<meta property=\"og:image:height\" content=\"1000\" \/>\n\t<meta property=\"og:image:type\" content=\"image\/png\" \/>\n<meta name=\"twitter:card\" content=\"summary_large_image\" \/>\n<meta name=\"twitter:label1\" content=\"Tahmini okuma s\u00fcresi\" \/>\n\t<meta name=\"twitter:data1\" content=\"2 dakika\" \/>\n<script type=\"application\/ld+json\" class=\"yoast-schema-graph\">{\"@context\":\"https:\/\/schema.org\",\"@graph\":[{\"@type\":\"WebPage\",\"@id\":\"https:\/\/akerkimya.com\/eticaret\/urun\/edta\/\",\"url\":\"https:\/\/akerkimya.com\/eticaret\/urun\/edta\/\",\"name\":\"EDTA - Akerkimya\",\"isPartOf\":{\"@id\":\"https:\/\/akerkimya.com\/eticaret\/#website\"},\"datePublished\":\"2025-01-01T18:29:54+00:00\",\"dateModified\":\"2026-03-29T23:23:55+00:00\",\"breadcrumb\":{\"@id\":\"https:\/\/akerkimya.com\/eticaret\/urun\/edta\/#breadcrumb\"},\"inLanguage\":\"tr\",\"potentialAction\":[{\"@type\":\"ReadAction\",\"target\":[\"https:\/\/akerkimya.com\/eticaret\/urun\/edta\/\"]}]},{\"@type\":\"BreadcrumbList\",\"@id\":\"https:\/\/akerkimya.com\/eticaret\/urun\/edta\/#breadcrumb\",\"itemListElement\":[{\"@type\":\"ListItem\",\"position\":1,\"name\":\"Home\",\"item\":\"https:\/\/akerkimya.com\/eticaret\/\"},{\"@type\":\"ListItem\",\"position\":2,\"name\":\"Market\",\"item\":\"https:\/\/akerkimya.com\/eticaret\/market\/\"},{\"@type\":\"ListItem\",\"position\":3,\"name\":\"EDTA\"}]},{\"@type\":\"WebSite\",\"@id\":\"https:\/\/akerkimya.com\/eticaret\/#website\",\"url\":\"https:\/\/akerkimya.com\/eticaret\/\",\"name\":\"Akerkimya\",\"description\":\"\",\"potentialAction\":[{\"@type\":\"SearchAction\",\"target\":{\"@type\":\"EntryPoint\",\"urlTemplate\":\"https:\/\/akerkimya.com\/eticaret\/?s={search_term_string}\"},\"query-input\":\"required name=search_term_string\"}],\"inLanguage\":\"tr\"}]}<\/script>\n<!-- \/ Yoast SEO Premium plugin. -->","yoast_head_json":{"title":"EDTA - Akerkimya","robots":{"index":"index","follow":"follow","max-snippet":"max-snippet:-1","max-image-preview":"max-image-preview:large","max-video-preview":"max-video-preview:-1"},"canonical":"https:\/\/akerkimya.com\/eticaret\/urun\/edta\/","og_locale":"tr_TR","og_type":"article","og_title":"EDTA","og_description":"EDTA Genel form\u00fcl\u00fc [CH2N(CH2COOH)2]2\u00a0olan edta\u00a0toz halde beyaz renkte bir maddedir. \u0130\u00e7eri\u011finde azot, hidroksit ve oksijen iyonlar\u0131 vard\u0131r. Su ve polar","og_url":"https:\/\/akerkimya.com\/eticaret\/urun\/edta\/","og_site_name":"Akerkimya","article_modified_time":"2026-03-29T23:23:55+00:00","og_image":[{"width":1000,"height":1000,"url":"https:\/\/akerkimya.com\/eticaret\/wp-content\/uploads\/2025\/01\/EDTA-GUNCEL-.png","type":"image\/png"}],"twitter_card":"summary_large_image","twitter_misc":{"Tahmini okuma s\u00fcresi":"2 dakika"},"schema":{"@context":"https:\/\/schema.org","@graph":[{"@type":"WebPage","@id":"https:\/\/akerkimya.com\/eticaret\/urun\/edta\/","url":"https:\/\/akerkimya.com\/eticaret\/urun\/edta\/","name":"EDTA - Akerkimya","isPartOf":{"@id":"https:\/\/akerkimya.com\/eticaret\/#website"},"datePublished":"2025-01-01T18:29:54+00:00","dateModified":"2026-03-29T23:23:55+00:00","breadcrumb":{"@id":"https:\/\/akerkimya.com\/eticaret\/urun\/edta\/#breadcrumb"},"inLanguage":"tr","potentialAction":[{"@type":"ReadAction","target":["https:\/\/akerkimya.com\/eticaret\/urun\/edta\/"]}]},{"@type":"BreadcrumbList","@id":"https:\/\/akerkimya.com\/eticaret\/urun\/edta\/#breadcrumb","itemListElement":[{"@type":"ListItem","position":1,"name":"Home","item":"https:\/\/akerkimya.com\/eticaret\/"},{"@type":"ListItem","position":2,"name":"Market","item":"https:\/\/akerkimya.com\/eticaret\/market\/"},{"@type":"ListItem","position":3,"name":"EDTA"}]},{"@type":"WebSite","@id":"https:\/\/akerkimya.com\/eticaret\/#website","url":"https:\/\/akerkimya.com\/eticaret\/","name":"Akerkimya","description":"","potentialAction":[{"@type":"SearchAction","target":{"@type":"EntryPoint","urlTemplate":"https:\/\/akerkimya.com\/eticaret\/?s={search_term_string}"},"query-input":"required name=search_term_string"}],"inLanguage":"tr"}]}},"_links":{"self":[{"href":"https:\/\/akerkimya.com\/eticaret\/wp-json\/wp\/v2\/product\/16846","targetHints":{"allow":["GET"]}}],"collection":[{"href":"https:\/\/akerkimya.com\/eticaret\/wp-json\/wp\/v2\/product"}],"about":[{"href":"https:\/\/akerkimya.com\/eticaret\/wp-json\/wp\/v2\/types\/product"}],"replies":[{"embeddable":true,"href":"https:\/\/akerkimya.com\/eticaret\/wp-json\/wp\/v2\/comments?post=16846"}],"version-history":[{"count":2,"href":"https:\/\/akerkimya.com\/eticaret\/wp-json\/wp\/v2\/product\/16846\/revisions"}],"predecessor-version":[{"id":18182,"href":"https:\/\/akerkimya.com\/eticaret\/wp-json\/wp\/v2\/product\/16846\/revisions\/18182"}],"wp:featuredmedia":[{"embeddable":true,"href":"https:\/\/akerkimya.com\/eticaret\/wp-json\/wp\/v2\/media\/16848"}],"wp:attachment":[{"href":"https:\/\/akerkimya.com\/eticaret\/wp-json\/wp\/v2\/media?parent=16846"}],"wp:term":[{"taxonomy":"product_cat","embeddable":true,"href":"https:\/\/akerkimya.com\/eticaret\/wp-json\/wp\/v2\/product_cat?post=16846"},{"taxonomy":"product_tag","embeddable":true,"href":"https:\/\/akerkimya.com\/eticaret\/wp-json\/wp\/v2\/product_tag?post=16846"}],"curies":[{"name":"wp","href":"https:\/\/api.w.org\/{rel}","templated":true}]}}