{"id":16866,"date":"2025-01-01T21:34:29","date_gmt":"2025-01-01T18:34:29","guid":{"rendered":"https:\/\/akerkimya.com\/eticaret\/?post_type=product&#038;p=16866"},"modified":"2026-03-30T02:23:56","modified_gmt":"2026-03-29T23:23:56","slug":"gliserin-monostearat","status":"publish","type":"product","link":"https:\/\/akerkimya.com\/eticaret\/urun\/gliserin-monostearat\/","title":{"rendered":"GL\u0130SER\u0130N MONOSTEARAT"},"content":{"rendered":"<h1>GL\u0130SER\u0130N MONOSTEARAT<\/h1>\n<p><strong>Gliserin Monostearat, C21H42O4 form\u00fcl\u00fcne sahip organik bir molek\u00fclerdir. C16-C18 uzun zincirli ya\u011f asitlerinin gliserin ile esterle\u015fmesiyle haz\u0131rlan\u0131r. \u0130yonik olmayan bir y\u00fczey aktif maddedir. Egzersiz form\u00fcllerinde hidrasyon tozu olarak da kullan\u0131l\u0131r.<\/strong><\/p>\n<p><strong>\u00a0<\/strong><\/p>\n<p><strong>GL\u0130SER\u0130N MONOSTEARAT \u00d6ZELL\u0130KLER\u0130<\/strong><\/p>\n<p><strong>S\u00fct beyaz\u0131 renginde kat\u0131 formdad\u0131r.<\/strong><\/p>\n<p><strong>S\u0131cak etil alkol, mineral ya\u011f, benzen, aseton ve eter gibi s\u0131cak organiklerde \u00e7\u00f6z\u00fcn\u00fcr. \u0130yi bir em\u00fclsifikasyona sahiptir.<\/strong><\/p>\n<p><strong>Hidroskopik bir kimyasald\u0131r ve toksik de\u011fildir.<\/strong><\/p>\n<p><strong>Su i\u00e7erisinde da\u011f\u0131labilmesi i\u00e7in sabun veya y\u00fczey aktif madde eklenmesi gerekir.<\/strong><\/p>\n<p><strong>\u00a0<\/strong><\/p>\n<p><strong>TEKN\u0130K \u00d6ZELL\u0130KLER\u0130<\/strong><\/p>\n<p><strong>CAS NUMARASI: 123-94-4<\/strong><\/p>\n<p><strong>MOLEK\u00dcLER FORM\u00dcL: C21H42O4<\/strong><\/p>\n<p><strong>K\u0130MYASAL \u0130SM\u0130: Gliserin Monostearat, Gliseril Monostearat, 1- Monostarin<\/strong><\/p>\n<p><strong>MOLEK\u00dcL A\u011eIRLI\u011eI: 358,60 g\/mol <\/strong><\/p>\n<p><strong>YO\u011eUNLU\u011eU: 1,03 g\/cm\u00b3<\/strong><\/p>\n<p><strong>PH: 6.0- 7.0 <\/strong><\/p>\n<p><strong>ER\u0130ME NOKTASI: 74 \u00b0C<\/strong><\/p>\n<p><strong>\u00c7\u00d6Z\u00dcN\u00dcRL\u00dcK: Suda \u00e7\u00f6z\u00fcnmez<\/strong><\/p>\n<p><strong>ALEVLENME NOKTASI: 230 \u00b0C<\/strong><\/p>\n<p><strong>\u00a0<\/strong><\/p>\n<p><strong>KULLANIM ALANLARI<\/strong><\/p>\n<p><strong>G\u0131da sekt\u00f6r\u00fcnde, ekmek yumu\u015fat\u0131c\u0131s\u0131, soya \u00fcr\u00fcnlerinin k\u00f6p\u00fcrt\u00fclmesi, s\u00fct \u00fcr\u00fcnleri, margarin ve keklerde em\u00fclgat\u00f6r ve stabilizat\u00f6r olarak kullan\u0131lmaktad\u0131r. <\/strong><\/p>\n<p><strong>Bisk\u00fcvi yap\u0131m\u0131nda, ya\u011f\u0131n em\u00fclsifiye bir durumda e\u015fit olarak da\u011f\u0131lmas\u0131n\u0131 sa\u011flar.<\/strong><\/p>\n<p><strong>\u015eekerlemelerde ya\u011flay\u0131c\u0131 madde ve ay\u0131r\u0131c\u0131 ajan olarak kullan\u0131l\u0131r.<\/strong><\/p>\n<p><strong>Plastik film yap\u0131m\u0131nda damlama maddesi ve bu\u011fu \u00f6nleyici madde olarak kullan\u0131l\u0131r.<\/strong><\/p>\n<p><strong>Plastik i\u015flemede ya\u011flay\u0131c\u0131 ve antistatik madde olarak kullan\u0131l\u0131r.<\/strong><\/p>\n<p><strong>Kozmetik sekt\u00f6r\u00fcnde ve dermatolojik \u00fcr\u00fcnlerinde E vitamini ile birlikte kullan\u0131larak kaplama malzemesi elde edilir.<\/strong><\/p>\n<p><strong>\u0130la\u00e7 \u00fcretiminde su ve ya\u011f kar\u0131\u015f\u0131mlar\u0131n\u0131 em\u00fclsifiye etmek i\u00e7in em\u00fclgat\u00f6r g\u00f6revinde kullan\u0131l\u0131r.<\/strong><\/p>\n<p><strong>\u0130\u00e7eceklerde stabiliteyi artt\u0131rmak, ya\u011f\u0131n y\u00fczmesini ve proteinin batmas\u0131n\u0131 engellemek i\u00e7in proteinli i\u00e7eceklerde stabilizat\u00f6r olarak kullan\u0131l\u0131r.<\/strong><\/p>\n<p><strong>End\u00fcstriyel ipek ya\u011f\u0131 i\u00e7in em\u00fclgat\u00f6r ve tekstil sekt\u00f6r\u00fc i\u00e7inse ya\u011flay\u0131c\u0131 olarak kullan\u0131l\u0131r.<\/strong><\/p>\n<p><strong>Ekmek yap\u0131m\u0131nda, ekme\u011fin i\u00e7 hamur yap\u0131n\u0131 iyile\u015ftirmede, hacmini artt\u0131rmada ve raf \u00f6mr\u00fcn\u00fc uzatmada kullan\u0131l\u0131r.<\/strong><\/p>\n<p><strong>Margarin gibi \u00fcr\u00fcnlerde ya\u011f-su ayr\u0131lmas\u0131n\u0131, tabakala\u015fmay\u0131 ve di\u011fer olaylar\u0131 sa\u011flamak i\u00e7in ve \u00fcr\u00fcn kalitesini iyile\u015ftirmek i\u00e7in kullan\u0131l\u0131r.<\/strong><\/p>\n<p><strong>\u00a0<\/strong><\/p>\n<p><strong>AMBALAJ<\/strong><\/p>\n<p><strong>1-5-10-25 kg torbalar halinde<\/strong><\/p>\n<p><strong>\u00a0<\/strong><\/p>\n<p><strong>DEPOLAMA<\/strong><\/p>\n<p><strong>Serin ve kuru bir alanda muhafaza ediniz.<\/strong><\/p>\n","protected":false},"excerpt":{"rendered":"<p>GL\u0130SER\u0130N MONOSTEARAT Gliserin Monostearat, C21H42O4 form\u00fcl\u00fcne sahip organik bir molek\u00fclerdir. C16-C18 uzun zincirli ya\u011f asitlerinin gliserin ile esterle\u015fmesiyle haz\u0131rlan\u0131r. \u0130yonik<\/p>\n","protected":false},"featured_media":16867,"comment_status":"open","ping_status":"closed","template":"","meta":{"_joinchat":[]},"product_cat":[73,74,76,80],"product_tag":[],"class_list":{"0":"post-16866","1":"product","2":"type-product","3":"status-publish","4":"has-post-thumbnail","6":"product_cat-deri-ve-tekstil-kimyasallari","7":"product_cat-deterjan-ve-kozmetik-kimyasallari","8":"product_cat-gida-ve-katki-kimyasallari","9":"product_cat-veteriner-ve-ilac-kimyasallari","11":"first","12":"instock","13":"shipping-taxable","14":"purchasable","15":"product-type-variable"},"yoast_head":"<!-- This site is optimized with the Yoast SEO Premium plugin v20.2.1 (Yoast SEO v20.2.1) - https:\/\/yoast.com\/wordpress\/plugins\/seo\/ -->\n<title>GL\u0130SER\u0130N MONOSTEARAT - Akerkimya<\/title>\n<meta name=\"robots\" content=\"index, follow, max-snippet:-1, max-image-preview:large, max-video-preview:-1\" \/>\n<link rel=\"canonical\" href=\"https:\/\/akerkimya.com\/eticaret\/urun\/gliserin-monostearat\/\" \/>\n<meta property=\"og:locale\" content=\"tr_TR\" \/>\n<meta property=\"og:type\" content=\"article\" \/>\n<meta property=\"og:title\" content=\"GL\u0130SER\u0130N MONOSTEARAT\" \/>\n<meta property=\"og:description\" content=\"GL\u0130SER\u0130N MONOSTEARAT Gliserin Monostearat, C21H42O4 form\u00fcl\u00fcne sahip organik bir molek\u00fclerdir. C16-C18 uzun zincirli ya\u011f asitlerinin gliserin ile esterle\u015fmesiyle haz\u0131rlan\u0131r. \u0130yonik\" \/>\n<meta property=\"og:url\" content=\"https:\/\/akerkimya.com\/eticaret\/urun\/gliserin-monostearat\/\" \/>\n<meta property=\"og:site_name\" content=\"Akerkimya\" \/>\n<meta property=\"article:modified_time\" content=\"2026-03-29T23:23:56+00:00\" \/>\n<meta property=\"og:image\" content=\"https:\/\/akerkimya.com\/eticaret\/wp-content\/uploads\/2025\/01\/GLISERIN-MONOSTEARAT-GUNCEL-.png\" \/>\n\t<meta property=\"og:image:width\" content=\"1000\" \/>\n\t<meta property=\"og:image:height\" content=\"1000\" \/>\n\t<meta property=\"og:image:type\" content=\"image\/png\" \/>\n<meta name=\"twitter:card\" content=\"summary_large_image\" \/>\n<meta name=\"twitter:label1\" content=\"Tahmini okuma s\u00fcresi\" \/>\n\t<meta name=\"twitter:data1\" content=\"2 dakika\" \/>\n<script type=\"application\/ld+json\" class=\"yoast-schema-graph\">{\"@context\":\"https:\/\/schema.org\",\"@graph\":[{\"@type\":\"WebPage\",\"@id\":\"https:\/\/akerkimya.com\/eticaret\/urun\/gliserin-monostearat\/\",\"url\":\"https:\/\/akerkimya.com\/eticaret\/urun\/gliserin-monostearat\/\",\"name\":\"GL\u0130SER\u0130N MONOSTEARAT - Akerkimya\",\"isPartOf\":{\"@id\":\"https:\/\/akerkimya.com\/eticaret\/#website\"},\"datePublished\":\"2025-01-01T18:34:29+00:00\",\"dateModified\":\"2026-03-29T23:23:56+00:00\",\"breadcrumb\":{\"@id\":\"https:\/\/akerkimya.com\/eticaret\/urun\/gliserin-monostearat\/#breadcrumb\"},\"inLanguage\":\"tr\",\"potentialAction\":[{\"@type\":\"ReadAction\",\"target\":[\"https:\/\/akerkimya.com\/eticaret\/urun\/gliserin-monostearat\/\"]}]},{\"@type\":\"BreadcrumbList\",\"@id\":\"https:\/\/akerkimya.com\/eticaret\/urun\/gliserin-monostearat\/#breadcrumb\",\"itemListElement\":[{\"@type\":\"ListItem\",\"position\":1,\"name\":\"Home\",\"item\":\"https:\/\/akerkimya.com\/eticaret\/\"},{\"@type\":\"ListItem\",\"position\":2,\"name\":\"Market\",\"item\":\"https:\/\/akerkimya.com\/eticaret\/market\/\"},{\"@type\":\"ListItem\",\"position\":3,\"name\":\"GL\u0130SER\u0130N MONOSTEARAT\"}]},{\"@type\":\"WebSite\",\"@id\":\"https:\/\/akerkimya.com\/eticaret\/#website\",\"url\":\"https:\/\/akerkimya.com\/eticaret\/\",\"name\":\"Akerkimya\",\"description\":\"\",\"potentialAction\":[{\"@type\":\"SearchAction\",\"target\":{\"@type\":\"EntryPoint\",\"urlTemplate\":\"https:\/\/akerkimya.com\/eticaret\/?s={search_term_string}\"},\"query-input\":\"required name=search_term_string\"}],\"inLanguage\":\"tr\"}]}<\/script>\n<!-- \/ Yoast SEO Premium plugin. -->","yoast_head_json":{"title":"GL\u0130SER\u0130N MONOSTEARAT - Akerkimya","robots":{"index":"index","follow":"follow","max-snippet":"max-snippet:-1","max-image-preview":"max-image-preview:large","max-video-preview":"max-video-preview:-1"},"canonical":"https:\/\/akerkimya.com\/eticaret\/urun\/gliserin-monostearat\/","og_locale":"tr_TR","og_type":"article","og_title":"GL\u0130SER\u0130N MONOSTEARAT","og_description":"GL\u0130SER\u0130N MONOSTEARAT Gliserin Monostearat, C21H42O4 form\u00fcl\u00fcne sahip organik bir molek\u00fclerdir. C16-C18 uzun zincirli ya\u011f asitlerinin gliserin ile esterle\u015fmesiyle haz\u0131rlan\u0131r. \u0130yonik","og_url":"https:\/\/akerkimya.com\/eticaret\/urun\/gliserin-monostearat\/","og_site_name":"Akerkimya","article_modified_time":"2026-03-29T23:23:56+00:00","og_image":[{"width":1000,"height":1000,"url":"https:\/\/akerkimya.com\/eticaret\/wp-content\/uploads\/2025\/01\/GLISERIN-MONOSTEARAT-GUNCEL-.png","type":"image\/png"}],"twitter_card":"summary_large_image","twitter_misc":{"Tahmini okuma s\u00fcresi":"2 dakika"},"schema":{"@context":"https:\/\/schema.org","@graph":[{"@type":"WebPage","@id":"https:\/\/akerkimya.com\/eticaret\/urun\/gliserin-monostearat\/","url":"https:\/\/akerkimya.com\/eticaret\/urun\/gliserin-monostearat\/","name":"GL\u0130SER\u0130N MONOSTEARAT - Akerkimya","isPartOf":{"@id":"https:\/\/akerkimya.com\/eticaret\/#website"},"datePublished":"2025-01-01T18:34:29+00:00","dateModified":"2026-03-29T23:23:56+00:00","breadcrumb":{"@id":"https:\/\/akerkimya.com\/eticaret\/urun\/gliserin-monostearat\/#breadcrumb"},"inLanguage":"tr","potentialAction":[{"@type":"ReadAction","target":["https:\/\/akerkimya.com\/eticaret\/urun\/gliserin-monostearat\/"]}]},{"@type":"BreadcrumbList","@id":"https:\/\/akerkimya.com\/eticaret\/urun\/gliserin-monostearat\/#breadcrumb","itemListElement":[{"@type":"ListItem","position":1,"name":"Home","item":"https:\/\/akerkimya.com\/eticaret\/"},{"@type":"ListItem","position":2,"name":"Market","item":"https:\/\/akerkimya.com\/eticaret\/market\/"},{"@type":"ListItem","position":3,"name":"GL\u0130SER\u0130N MONOSTEARAT"}]},{"@type":"WebSite","@id":"https:\/\/akerkimya.com\/eticaret\/#website","url":"https:\/\/akerkimya.com\/eticaret\/","name":"Akerkimya","description":"","potentialAction":[{"@type":"SearchAction","target":{"@type":"EntryPoint","urlTemplate":"https:\/\/akerkimya.com\/eticaret\/?s={search_term_string}"},"query-input":"required name=search_term_string"}],"inLanguage":"tr"}]}},"_links":{"self":[{"href":"https:\/\/akerkimya.com\/eticaret\/wp-json\/wp\/v2\/product\/16866","targetHints":{"allow":["GET"]}}],"collection":[{"href":"https:\/\/akerkimya.com\/eticaret\/wp-json\/wp\/v2\/product"}],"about":[{"href":"https:\/\/akerkimya.com\/eticaret\/wp-json\/wp\/v2\/types\/product"}],"replies":[{"embeddable":true,"href":"https:\/\/akerkimya.com\/eticaret\/wp-json\/wp\/v2\/comments?post=16866"}],"version-history":[{"count":2,"href":"https:\/\/akerkimya.com\/eticaret\/wp-json\/wp\/v2\/product\/16866\/revisions"}],"predecessor-version":[{"id":19514,"href":"https:\/\/akerkimya.com\/eticaret\/wp-json\/wp\/v2\/product\/16866\/revisions\/19514"}],"wp:featuredmedia":[{"embeddable":true,"href":"https:\/\/akerkimya.com\/eticaret\/wp-json\/wp\/v2\/media\/16867"}],"wp:attachment":[{"href":"https:\/\/akerkimya.com\/eticaret\/wp-json\/wp\/v2\/media?parent=16866"}],"wp:term":[{"taxonomy":"product_cat","embeddable":true,"href":"https:\/\/akerkimya.com\/eticaret\/wp-json\/wp\/v2\/product_cat?post=16866"},{"taxonomy":"product_tag","embeddable":true,"href":"https:\/\/akerkimya.com\/eticaret\/wp-json\/wp\/v2\/product_tag?post=16866"}],"curies":[{"name":"wp","href":"https:\/\/api.w.org\/{rel}","templated":true}]}}