{"id":16900,"date":"2025-01-01T22:26:07","date_gmt":"2025-01-01T19:26:07","guid":{"rendered":"https:\/\/akerkimya.com\/eticaret\/?post_type=product&#038;p=16900"},"modified":"2026-03-30T02:23:57","modified_gmt":"2026-03-29T23:23:57","slug":"labsa","status":"publish","type":"product","link":"https:\/\/akerkimya.com\/eticaret\/urun\/labsa\/","title":{"rendered":"LABSA"},"content":{"rendered":"<h1>LABSA<\/h1>\n<p><strong>Kimyasal form\u00fcl\u00fc CH<sub>3<\/sub>\u00a0(CH<sub>2<\/sub>) 11C<sub>6<\/sub>H<sub>4<\/sub>SO<sub>3<\/sub>H olan genelde kolloid jel baz\u0131nda renksiz, ak\u0131\u015fkan olmayan \u00f6zelliklere sahip bir kimyasald\u0131r. \u00c7evreye zarar vermeden biyolojik olarak par\u00e7alanabilir, \u00e7evre dostudur.(LAB) Lineer alkil benzen; genel olarak rafineri yak\u0131nlar\u0131nda bulunur ve rafinerideki kerosenin parafine dondurulmu\u015f halini ana hammadde olarak kullan\u0131r. Parafin C9-C13 aras\u0131nda ayr\u0131larak LAB fabrikas\u0131na g\u00f6nderilir. Parafinden sonra ikinci hammadde benzendir. Benzen ile parafin reaksiyona sokularak LAB elde edilir. LABSA;SO3 gaz\u0131n\u0131n filtre edilmesinden sonra lineer alkil benzen(lab) ile reakt\u00f6rde reaksiyona sokulmas\u0131yla elde edilebilir. Di\u011fer isimleri: Lineer alkil benzen s\u00fclfirik asit, Yumu\u015fak asit bulamac\u0131, Lauril benzen sulfonik asittir.<\/strong><\/p>\n<p><strong>TEKN\u0130K \u00d6ZELL\u0130KLER<\/strong><\/p>\n<p><strong>CAS NUMARASI:\u00a0 27176-87-0<\/strong><strong><br \/>\n<\/strong><strong>EINECS NUMARASI: 248-289-4<\/strong><strong><br \/>\n<\/strong><strong>FORM\u00dcL: CH3 (CH<sub>2<\/sub>) 11C<sub>6<\/sub>H<sub>4<\/sub>SO<sub>3<\/sub>H<\/strong><\/p>\n<p><strong>G\u00d6R\u00dcN\u00dcM: Kahverengi s\u0131v\u0131<\/strong><strong><br \/>\n<\/strong><strong>MOLAR A\u011eIRLIK:\u00a0 326,49<\/strong><strong><br \/>\n<\/strong><strong>H.S. KODU: 3.402,11<\/strong><strong><br \/>\n<\/strong><strong>SERBEST S\u00dcLF\u00dcR\u0130K AS\u0130T: % 1,5 max<\/strong><strong><br \/>\n<\/strong><strong>TEHL\u0130KE SINIFI:\u00a0 8 (Paketleme Grubu: III)<\/strong><strong><br \/>\n<\/strong><strong>SU: %1,0 max<\/strong><strong><br \/>\n<\/strong><strong>ER\u0130ME NOKTASI:\u00a0 10\u00a0<sup>0<\/sup>C<\/strong><strong><br \/>\n<\/strong><strong>KAYNAMA NOKTASI:\u00a0 315\u00a0<sup>0<\/sup>C<\/strong><strong><br \/>\n<\/strong><strong>\u00d6ZG\u00dcL A\u011eIRLIK:\u00a0 1,2<\/strong><strong><br \/>\n<\/strong><strong>FLASH NOKTASI:\u00a0 149\u00a0<sup>0<\/sup>C<\/strong><strong><br \/>\n<\/strong><strong>AKT\u0130F MADDE: % 96.0 min<\/strong><strong><br \/>\n<\/strong><strong>AS\u0130T DE\u011eER\u0130: 180 \u2013 190<\/strong><strong><br \/>\n<\/strong><strong>\u00a0<\/strong><\/p>\n<p><strong>KULLANIM ALANLARI<\/strong><\/p>\n<p><strong>Deterjan ve em\u00fclgat\u00f6r \u00e7e\u015fitleri \u00fcretiminde yayg\u0131n olarak kullan\u0131lan bir anyonik s\u00fcrfaktand\u0131r. Labsa, d\u00fc\u015f\u00fck maliyeti, \u00fcr\u00fcnlerdeki performans\u0131, stabil bir toz ve biyolojik olarak par\u00e7alanabilir \u00e7evre dostu olmas\u0131 nedeniyle, kurutulabilmesi nedeniyle en b\u00fcy\u00fck hacimli sentetik y\u00fczey aktif maddedir.<\/strong><\/p>\n<p><strong>Sentetik deterjan end\u00fcstrisinin ana hammaddelerindendir. S\u0131v\u0131, jel, , ya\u011fl\u0131 sabunlar veya toz deterjan \u00fcretim re\u00e7etelerinde LABSA ana y\u00fczey aktif madde olarak kullan\u0131lmaktad\u0131r. Deterjan\u0131n elde edilebilmesi; \u00a0Labsan\u0131n kostik soda ile n\u00f6tralize edilmesi ve katk\u0131 maddelerinden gerekli olanlar\u0131n prosese eklenmesi ile olur.<\/strong><\/p>\n<p><strong>Tekstil sekt\u00f6r\u00fcnde merserize ve y\u0131kama ajan\u0131, boya yard\u0131mc\u0131s\u0131, kaplama ve deri yap\u0131m end\u00fcstrisi ve k\u00e2\u011f\u0131t yapma sanayisi gibi \u00e7e\u015fitli deterjan ve em\u00fclsiyon \u00fcretiminde yayg\u0131n olarak kullan\u0131l\u0131r.<\/strong><\/p>\n<p><strong>Deterjan\u0131n hammaddesi olarak dekontaminasyon\u00a0(Bir cismi kontamine eden infeksiyon etkeni mikroorganizmalardan ar\u0131nd\u0131r\u0131lmas\u0131 ve temas eden ki\u015filerde infeksiyon olu\u015fturma riskinin azalt\u0131lmas\u0131 i\u015flemidi., \u00a0em\u00fclsiyon, dispersiyon performans\u0131nda, \u0131slatma ve k\u00f6p\u00fck \u00f6zelli\u011fi olan, alkinbenzensolfanik asit sodyum \u00fcretiminde kullan\u0131lmaktad\u0131r.<\/strong><\/p>\n<p><strong>AMBALAJ <\/strong><\/p>\n<p><strong>1-5-30 kg bidonlar ve 220 variller halinde <\/strong><\/p>\n<p><strong>\u00a0<\/strong><\/p>\n<p><strong>DEPOLAMA <\/strong><\/p>\n<p><strong>Serin ve nem olmayan yerde kapal\u0131 ambalajlarda muhafaza edilmelidir. <\/strong><\/p>\n","protected":false},"excerpt":{"rendered":"<p>LABSA Kimyasal form\u00fcl\u00fc CH3\u00a0(CH2) 11C6H4SO3H olan genelde kolloid jel baz\u0131nda renksiz, ak\u0131\u015fkan olmayan \u00f6zelliklere sahip bir kimyasald\u0131r. \u00c7evreye zarar vermeden<\/p>\n","protected":false},"featured_media":16901,"comment_status":"open","ping_status":"closed","template":"","meta":{"_joinchat":[]},"product_cat":[73,74],"product_tag":[],"class_list":{"0":"post-16900","1":"product","2":"type-product","3":"status-publish","4":"has-post-thumbnail","6":"product_cat-deri-ve-tekstil-kimyasallari","7":"product_cat-deterjan-ve-kozmetik-kimyasallari","9":"first","10":"instock","11":"shipping-taxable","12":"purchasable","13":"product-type-variable"},"yoast_head":"<!-- This site is optimized with the Yoast SEO Premium plugin v20.2.1 (Yoast SEO v20.2.1) - https:\/\/yoast.com\/wordpress\/plugins\/seo\/ -->\n<title>LABSA - Akerkimya<\/title>\n<meta name=\"robots\" content=\"index, follow, max-snippet:-1, max-image-preview:large, max-video-preview:-1\" \/>\n<link rel=\"canonical\" href=\"https:\/\/akerkimya.com\/eticaret\/urun\/labsa\/\" \/>\n<meta property=\"og:locale\" content=\"tr_TR\" \/>\n<meta property=\"og:type\" content=\"article\" \/>\n<meta property=\"og:title\" content=\"LABSA\" \/>\n<meta property=\"og:description\" content=\"LABSA Kimyasal form\u00fcl\u00fc CH3\u00a0(CH2) 11C6H4SO3H olan genelde kolloid jel baz\u0131nda renksiz, ak\u0131\u015fkan olmayan \u00f6zelliklere sahip bir kimyasald\u0131r. \u00c7evreye zarar vermeden\" \/>\n<meta property=\"og:url\" content=\"https:\/\/akerkimya.com\/eticaret\/urun\/labsa\/\" \/>\n<meta property=\"og:site_name\" content=\"Akerkimya\" \/>\n<meta property=\"article:modified_time\" content=\"2026-03-29T23:23:57+00:00\" \/>\n<meta property=\"og:image\" content=\"https:\/\/akerkimya.com\/eticaret\/wp-content\/uploads\/2025\/01\/LABSA-GUNCEL-.png\" \/>\n\t<meta property=\"og:image:width\" content=\"1000\" \/>\n\t<meta property=\"og:image:height\" content=\"1000\" \/>\n\t<meta property=\"og:image:type\" content=\"image\/png\" \/>\n<meta name=\"twitter:card\" content=\"summary_large_image\" \/>\n<meta name=\"twitter:label1\" content=\"Tahmini okuma s\u00fcresi\" \/>\n\t<meta name=\"twitter:data1\" content=\"2 dakika\" \/>\n<script type=\"application\/ld+json\" class=\"yoast-schema-graph\">{\"@context\":\"https:\/\/schema.org\",\"@graph\":[{\"@type\":\"WebPage\",\"@id\":\"https:\/\/akerkimya.com\/eticaret\/urun\/labsa\/\",\"url\":\"https:\/\/akerkimya.com\/eticaret\/urun\/labsa\/\",\"name\":\"LABSA - Akerkimya\",\"isPartOf\":{\"@id\":\"https:\/\/akerkimya.com\/eticaret\/#website\"},\"datePublished\":\"2025-01-01T19:26:07+00:00\",\"dateModified\":\"2026-03-29T23:23:57+00:00\",\"breadcrumb\":{\"@id\":\"https:\/\/akerkimya.com\/eticaret\/urun\/labsa\/#breadcrumb\"},\"inLanguage\":\"tr\",\"potentialAction\":[{\"@type\":\"ReadAction\",\"target\":[\"https:\/\/akerkimya.com\/eticaret\/urun\/labsa\/\"]}]},{\"@type\":\"BreadcrumbList\",\"@id\":\"https:\/\/akerkimya.com\/eticaret\/urun\/labsa\/#breadcrumb\",\"itemListElement\":[{\"@type\":\"ListItem\",\"position\":1,\"name\":\"Home\",\"item\":\"https:\/\/akerkimya.com\/eticaret\/\"},{\"@type\":\"ListItem\",\"position\":2,\"name\":\"Market\",\"item\":\"https:\/\/akerkimya.com\/eticaret\/market\/\"},{\"@type\":\"ListItem\",\"position\":3,\"name\":\"LABSA\"}]},{\"@type\":\"WebSite\",\"@id\":\"https:\/\/akerkimya.com\/eticaret\/#website\",\"url\":\"https:\/\/akerkimya.com\/eticaret\/\",\"name\":\"Akerkimya\",\"description\":\"\",\"potentialAction\":[{\"@type\":\"SearchAction\",\"target\":{\"@type\":\"EntryPoint\",\"urlTemplate\":\"https:\/\/akerkimya.com\/eticaret\/?s={search_term_string}\"},\"query-input\":\"required name=search_term_string\"}],\"inLanguage\":\"tr\"}]}<\/script>\n<!-- \/ Yoast SEO Premium plugin. -->","yoast_head_json":{"title":"LABSA - Akerkimya","robots":{"index":"index","follow":"follow","max-snippet":"max-snippet:-1","max-image-preview":"max-image-preview:large","max-video-preview":"max-video-preview:-1"},"canonical":"https:\/\/akerkimya.com\/eticaret\/urun\/labsa\/","og_locale":"tr_TR","og_type":"article","og_title":"LABSA","og_description":"LABSA Kimyasal form\u00fcl\u00fc CH3\u00a0(CH2) 11C6H4SO3H olan genelde kolloid jel baz\u0131nda renksiz, ak\u0131\u015fkan olmayan \u00f6zelliklere sahip bir kimyasald\u0131r. \u00c7evreye zarar vermeden","og_url":"https:\/\/akerkimya.com\/eticaret\/urun\/labsa\/","og_site_name":"Akerkimya","article_modified_time":"2026-03-29T23:23:57+00:00","og_image":[{"width":1000,"height":1000,"url":"https:\/\/akerkimya.com\/eticaret\/wp-content\/uploads\/2025\/01\/LABSA-GUNCEL-.png","type":"image\/png"}],"twitter_card":"summary_large_image","twitter_misc":{"Tahmini okuma s\u00fcresi":"2 dakika"},"schema":{"@context":"https:\/\/schema.org","@graph":[{"@type":"WebPage","@id":"https:\/\/akerkimya.com\/eticaret\/urun\/labsa\/","url":"https:\/\/akerkimya.com\/eticaret\/urun\/labsa\/","name":"LABSA - Akerkimya","isPartOf":{"@id":"https:\/\/akerkimya.com\/eticaret\/#website"},"datePublished":"2025-01-01T19:26:07+00:00","dateModified":"2026-03-29T23:23:57+00:00","breadcrumb":{"@id":"https:\/\/akerkimya.com\/eticaret\/urun\/labsa\/#breadcrumb"},"inLanguage":"tr","potentialAction":[{"@type":"ReadAction","target":["https:\/\/akerkimya.com\/eticaret\/urun\/labsa\/"]}]},{"@type":"BreadcrumbList","@id":"https:\/\/akerkimya.com\/eticaret\/urun\/labsa\/#breadcrumb","itemListElement":[{"@type":"ListItem","position":1,"name":"Home","item":"https:\/\/akerkimya.com\/eticaret\/"},{"@type":"ListItem","position":2,"name":"Market","item":"https:\/\/akerkimya.com\/eticaret\/market\/"},{"@type":"ListItem","position":3,"name":"LABSA"}]},{"@type":"WebSite","@id":"https:\/\/akerkimya.com\/eticaret\/#website","url":"https:\/\/akerkimya.com\/eticaret\/","name":"Akerkimya","description":"","potentialAction":[{"@type":"SearchAction","target":{"@type":"EntryPoint","urlTemplate":"https:\/\/akerkimya.com\/eticaret\/?s={search_term_string}"},"query-input":"required name=search_term_string"}],"inLanguage":"tr"}]}},"_links":{"self":[{"href":"https:\/\/akerkimya.com\/eticaret\/wp-json\/wp\/v2\/product\/16900","targetHints":{"allow":["GET"]}}],"collection":[{"href":"https:\/\/akerkimya.com\/eticaret\/wp-json\/wp\/v2\/product"}],"about":[{"href":"https:\/\/akerkimya.com\/eticaret\/wp-json\/wp\/v2\/types\/product"}],"replies":[{"embeddable":true,"href":"https:\/\/akerkimya.com\/eticaret\/wp-json\/wp\/v2\/comments?post=16900"}],"version-history":[{"count":1,"href":"https:\/\/akerkimya.com\/eticaret\/wp-json\/wp\/v2\/product\/16900\/revisions"}],"predecessor-version":[{"id":16906,"href":"https:\/\/akerkimya.com\/eticaret\/wp-json\/wp\/v2\/product\/16900\/revisions\/16906"}],"wp:featuredmedia":[{"embeddable":true,"href":"https:\/\/akerkimya.com\/eticaret\/wp-json\/wp\/v2\/media\/16901"}],"wp:attachment":[{"href":"https:\/\/akerkimya.com\/eticaret\/wp-json\/wp\/v2\/media?parent=16900"}],"wp:term":[{"taxonomy":"product_cat","embeddable":true,"href":"https:\/\/akerkimya.com\/eticaret\/wp-json\/wp\/v2\/product_cat?post=16900"},{"taxonomy":"product_tag","embeddable":true,"href":"https:\/\/akerkimya.com\/eticaret\/wp-json\/wp\/v2\/product_tag?post=16900"}],"curies":[{"name":"wp","href":"https:\/\/api.w.org\/{rel}","templated":true}]}}