{"id":16953,"date":"2025-01-01T23:13:27","date_gmt":"2025-01-01T20:13:27","guid":{"rendered":"https:\/\/akerkimya.com\/eticaret\/?post_type=product&#038;p=16953"},"modified":"2026-03-30T02:22:40","modified_gmt":"2026-03-29T23:22:40","slug":"peg-6000","status":"publish","type":"product","link":"https:\/\/akerkimya.com\/eticaret\/urun\/peg-6000\/","title":{"rendered":"PEG 6000 FLAKE"},"content":{"rendered":"<h1>PEG 6000 FLAKE<\/h1>\n<p><strong>PEG 600, HO(C2H4O)Nh kimyasal form\u00fcl\u00fcne sahip etilen oksit ve suyun yo\u011funla\u015fmas\u0131 ile olu\u015fan y\u00fcksek molek\u00fcler bir polimerdir. 6000, ortalama molek\u00fcler a\u011f\u0131rl\u0131\u011f\u0131n\u0131n 6000 oldu\u011fu anlam\u0131na gelir. Polimerizasyon derecesi artt\u0131k\u00e7a, polietilen glikol\u00fcn fiziksel g\u00f6r\u00fcn\u00fcm\u00fc ve \u00f6zellikleri yava\u015f yava\u015f de\u011fi\u015fir.<\/strong><\/p>\n<p><strong>\u00a0<\/strong><\/p>\n<p><strong>PEG 6000 \u00d6ZELL\u0130KLER\u0130<\/strong><\/p>\n<p><strong>Pul gibi mumdu bir formda ve beyaz renktir.<\/strong><\/p>\n<p><strong>Suda ve metilen klor\u00fcrde \u00e7ok iyi \u00e7\u00f6z\u00fcn\u00fcr.<\/strong><\/p>\n<p><strong>Pratikte alkol, eter, kat\u0131 ya\u011f i\u00e7eren s\u0131v\u0131 ya\u011flar ve mineral ya\u011flarda \u00e7\u00f6z\u00fcnmez.<\/strong><\/p>\n<p><strong>Hafif toksik bir kimyasald\u0131r.<\/strong><\/p>\n<p><strong>Bir\u00e7ok organik bile\u015fenle iyi bir uyumlulu\u011fa sahiptir. <\/strong><\/p>\n<p><strong>\u00a0<\/strong><\/p>\n<p><strong>TEKN\u0130K \u00d6ZELL\u0130KLER<\/strong><\/p>\n<p><strong>CAS NUMARASI: 25322-68-3<\/strong><\/p>\n<p><strong>EC NUMARASI: 500-038-2<\/strong><\/p>\n<p><strong>MOLEK\u00dcLER FORM\u00dcL: HO(C2H4O)nH<\/strong><\/p>\n<p><strong>K\u0130MYASAL \u0130SM\u0130: PEG 6000, Polietilen glikol, Polyethylene Oxide, Polyglycol<\/strong><\/p>\n<p><strong>MOLEK\u00dcLER YO\u011eUNLUK: 1.2 g\/cm\u00b3 (20 \u00b0C)<\/strong><\/p>\n<p><strong>KAYNAMA NOKTASI: &gt;200 \u00b0C <\/strong><\/p>\n<p><strong>ER\u0130ME NOKTASI: 58-63 \u00b0C<\/strong><\/p>\n<p><strong>PARLAMA NOKTASI: 138,6 \u00b0C<\/strong><\/p>\n<p><strong>PH DE\u011eER\u0130: 5-7 (100 g\/l, h.0, 20 \u00b0C)<\/strong><\/p>\n<p><strong>\u00a0<\/strong><\/p>\n<p><strong>PEG 6000 PARAMETRELER <\/strong><\/p>\n<p><strong>ORT. MOLEK\u00dcL A\u011eIRLI\u011eI: 5600- 6600 gr\/mol <\/strong><\/p>\n<p><strong>H\u0130DROKS\u0130L DE\u011eER\u0130:17-20 mg KOH\/gr<\/strong><\/p>\n<p><strong>S\u00dcLFATLANMI\u015e K\u00dcL: &lt;= 0,1 %<\/strong><\/p>\n<p><strong>1,4-D\u0130OKSAN: &lt;= 0, 0001 %<\/strong><\/p>\n<p><strong>TOPLAM GL\u0130KOLLER: &lt;= 0,2 %<\/strong><\/p>\n<p><strong>FORMALDEH\u0130T: &lt;= 0, 002 %<\/strong><\/p>\n<p><strong>A\u011eIR METALLER (Pb): &lt;= 0, 0005 %<\/strong><\/p>\n<p><strong>ET\u0130LEN OKS\u0130T: &lt;= 0, 0001 %<\/strong><\/p>\n<p><strong>V\u0130SKOZ\u0130TE (%5, H2O,20 C):210 -262 mPa.s<\/strong><\/p>\n<p><strong>K\u0130NET\u0130K V\u0130SKOZ\u0130TE: 250- 390 mm2\/S <\/strong><\/p>\n<p><strong>\u00a0<\/strong><\/p>\n<p><strong>KULLANIM ALANLARI<\/strong><\/p>\n<p><strong>\u0130la\u00e7 sanayi \u00fcretiminde viskozite ve erime noktas\u0131n\u0131 d\u00fczenlemek i\u00e7in matriks olarak, ila\u00e7 molek\u00fcllerini korumak ve yar\u0131 \u00f6m\u00fcrlerini uzatmak i\u00e7in proteinlerini modifiye etmek i\u00e7in kullan\u0131l\u0131r.<\/strong><\/p>\n<p><strong>K\u00e2\u011f\u0131d\u0131n parlakl\u0131\u011f\u0131n\u0131 ve p\u00fcr\u00fczs\u00fczl\u00fc\u011f\u00fcn\u00fc artt\u0131rmak i\u00e7in apre maddesi olarak kullan\u0131l\u0131r.<\/strong><\/p>\n<p><strong>Tekstil end\u00fcstrisinde antistatik ajan, ya\u011flay\u0131c\u0131 olarak kullan\u0131l\u0131r.<\/strong><\/p>\n<p><strong>Ozmotik bir m\u00fcshil olarak kullan\u0131l\u0131r.<\/strong><\/p>\n<p><strong>Metal i\u015fleme end\u00fcstrisinde ya\u011flay\u0131c\u0131, so\u011futucu olarak pestisit ve pigment \u00fcretiminde da\u011f\u0131t\u0131c\u0131 ve em\u00fclgat\u00f6r olarak kullan\u0131l\u0131r.<\/strong><\/p>\n<p><strong>\u015eeker ve \u00e7ikolata \u00fcr\u00fcnlerinin kaplamas\u0131nda g\u0131da katk\u0131 maddesi olarak kullan\u0131l\u0131r.<\/strong><\/p>\n<p><strong>Kau\u00e7uk end\u00fcstrisinde bir katk\u0131 maddesi olarak kau\u00e7uk \u00fcr\u00fcnlerin kayganl\u0131\u011f\u0131n\u0131 ve plastisitesini artt\u0131r\u0131r, i\u015fleme s\u0131ras\u0131nda g\u00fc\u00e7 t\u00fcketimi azalt\u0131r ve kau\u00e7uk \u00fcr\u00fcnlerin kullan\u0131m \u00f6mr\u00fcn\u00fc uzat\u0131r.<\/strong><\/p>\n<p><strong>PEG 6000, ester y\u00fczey aktif maddeler i\u00e7in hammadde olarak kullan\u0131l\u0131r.<\/strong><\/p>\n<p><strong>Kat\u0131 deterjan konsantreleri, mum boyalar ve sulu boyalarda kullan\u0131l\u0131r.<\/strong><\/p>\n<p><strong>\u00a0<\/strong><\/p>\n<p><strong>AMBALAJ<\/strong><\/p>\n<p><strong>1-2-5-25 kg torbalar halinde <\/strong><\/p>\n<p><strong>DEPOLAMA<\/strong><\/p>\n<p><strong>Kuru ve havaland\u0131r\u0131lm\u0131\u015f bir alanda muhafaza edilmelidir.<\/strong><\/p>\n","protected":false},"excerpt":{"rendered":"<p>PEG 6000 FLAKE PEG 600, HO(C2H4O)Nh kimyasal form\u00fcl\u00fcne sahip etilen oksit ve suyun yo\u011funla\u015fmas\u0131 ile olu\u015fan y\u00fcksek molek\u00fcler bir polimerdir.<\/p>\n","protected":false},"featured_media":16954,"comment_status":"open","ping_status":"closed","template":"","meta":{"_joinchat":[]},"product_cat":[73,74,76,78,80],"product_tag":[],"class_list":{"0":"post-16953","1":"product","2":"type-product","3":"status-publish","4":"has-post-thumbnail","6":"product_cat-deri-ve-tekstil-kimyasallari","7":"product_cat-deterjan-ve-kozmetik-kimyasallari","8":"product_cat-gida-ve-katki-kimyasallari","9":"product_cat-metal-dokum-kaplama","10":"product_cat-veteriner-ve-ilac-kimyasallari","12":"first","13":"instock","14":"shipping-taxable","15":"purchasable","16":"product-type-variable"},"yoast_head":"<!-- This site is optimized with the Yoast SEO Premium plugin v20.2.1 (Yoast SEO v20.2.1) - https:\/\/yoast.com\/wordpress\/plugins\/seo\/ -->\n<title>PEG 6000 FLAKE - Akerkimya<\/title>\n<meta name=\"robots\" content=\"index, follow, max-snippet:-1, max-image-preview:large, max-video-preview:-1\" \/>\n<link rel=\"canonical\" href=\"https:\/\/akerkimya.com\/eticaret\/urun\/peg-6000\/\" \/>\n<meta property=\"og:locale\" content=\"tr_TR\" \/>\n<meta property=\"og:type\" content=\"article\" \/>\n<meta property=\"og:title\" content=\"PEG 6000 FLAKE\" \/>\n<meta property=\"og:description\" content=\"PEG 6000 FLAKE PEG 600, HO(C2H4O)Nh kimyasal form\u00fcl\u00fcne sahip etilen oksit ve suyun yo\u011funla\u015fmas\u0131 ile olu\u015fan y\u00fcksek molek\u00fcler bir polimerdir.\" \/>\n<meta property=\"og:url\" content=\"https:\/\/akerkimya.com\/eticaret\/urun\/peg-6000\/\" \/>\n<meta property=\"og:site_name\" content=\"Akerkimya\" \/>\n<meta property=\"article:modified_time\" content=\"2026-03-29T23:22:40+00:00\" \/>\n<meta property=\"og:image\" content=\"https:\/\/akerkimya.com\/eticaret\/wp-content\/uploads\/2025\/01\/PEG-6000-FLAKE-GUNCEL-.png\" \/>\n\t<meta property=\"og:image:width\" content=\"1000\" \/>\n\t<meta property=\"og:image:height\" content=\"1000\" \/>\n\t<meta property=\"og:image:type\" content=\"image\/png\" \/>\n<meta name=\"twitter:card\" content=\"summary_large_image\" \/>\n<meta name=\"twitter:label1\" content=\"Tahmini okuma s\u00fcresi\" \/>\n\t<meta name=\"twitter:data1\" content=\"2 dakika\" \/>\n<script type=\"application\/ld+json\" class=\"yoast-schema-graph\">{\"@context\":\"https:\/\/schema.org\",\"@graph\":[{\"@type\":\"WebPage\",\"@id\":\"https:\/\/akerkimya.com\/eticaret\/urun\/peg-6000\/\",\"url\":\"https:\/\/akerkimya.com\/eticaret\/urun\/peg-6000\/\",\"name\":\"PEG 6000 FLAKE - Akerkimya\",\"isPartOf\":{\"@id\":\"https:\/\/akerkimya.com\/eticaret\/#website\"},\"datePublished\":\"2025-01-01T20:13:27+00:00\",\"dateModified\":\"2026-03-29T23:22:40+00:00\",\"breadcrumb\":{\"@id\":\"https:\/\/akerkimya.com\/eticaret\/urun\/peg-6000\/#breadcrumb\"},\"inLanguage\":\"tr\",\"potentialAction\":[{\"@type\":\"ReadAction\",\"target\":[\"https:\/\/akerkimya.com\/eticaret\/urun\/peg-6000\/\"]}]},{\"@type\":\"BreadcrumbList\",\"@id\":\"https:\/\/akerkimya.com\/eticaret\/urun\/peg-6000\/#breadcrumb\",\"itemListElement\":[{\"@type\":\"ListItem\",\"position\":1,\"name\":\"Home\",\"item\":\"https:\/\/akerkimya.com\/eticaret\/\"},{\"@type\":\"ListItem\",\"position\":2,\"name\":\"Market\",\"item\":\"https:\/\/akerkimya.com\/eticaret\/market\/\"},{\"@type\":\"ListItem\",\"position\":3,\"name\":\"PEG 6000 FLAKE\"}]},{\"@type\":\"WebSite\",\"@id\":\"https:\/\/akerkimya.com\/eticaret\/#website\",\"url\":\"https:\/\/akerkimya.com\/eticaret\/\",\"name\":\"Akerkimya\",\"description\":\"\",\"potentialAction\":[{\"@type\":\"SearchAction\",\"target\":{\"@type\":\"EntryPoint\",\"urlTemplate\":\"https:\/\/akerkimya.com\/eticaret\/?s={search_term_string}\"},\"query-input\":\"required name=search_term_string\"}],\"inLanguage\":\"tr\"}]}<\/script>\n<!-- \/ Yoast SEO Premium plugin. -->","yoast_head_json":{"title":"PEG 6000 FLAKE - Akerkimya","robots":{"index":"index","follow":"follow","max-snippet":"max-snippet:-1","max-image-preview":"max-image-preview:large","max-video-preview":"max-video-preview:-1"},"canonical":"https:\/\/akerkimya.com\/eticaret\/urun\/peg-6000\/","og_locale":"tr_TR","og_type":"article","og_title":"PEG 6000 FLAKE","og_description":"PEG 6000 FLAKE PEG 600, HO(C2H4O)Nh kimyasal form\u00fcl\u00fcne sahip etilen oksit ve suyun yo\u011funla\u015fmas\u0131 ile olu\u015fan y\u00fcksek molek\u00fcler bir polimerdir.","og_url":"https:\/\/akerkimya.com\/eticaret\/urun\/peg-6000\/","og_site_name":"Akerkimya","article_modified_time":"2026-03-29T23:22:40+00:00","og_image":[{"width":1000,"height":1000,"url":"https:\/\/akerkimya.com\/eticaret\/wp-content\/uploads\/2025\/01\/PEG-6000-FLAKE-GUNCEL-.png","type":"image\/png"}],"twitter_card":"summary_large_image","twitter_misc":{"Tahmini okuma s\u00fcresi":"2 dakika"},"schema":{"@context":"https:\/\/schema.org","@graph":[{"@type":"WebPage","@id":"https:\/\/akerkimya.com\/eticaret\/urun\/peg-6000\/","url":"https:\/\/akerkimya.com\/eticaret\/urun\/peg-6000\/","name":"PEG 6000 FLAKE - Akerkimya","isPartOf":{"@id":"https:\/\/akerkimya.com\/eticaret\/#website"},"datePublished":"2025-01-01T20:13:27+00:00","dateModified":"2026-03-29T23:22:40+00:00","breadcrumb":{"@id":"https:\/\/akerkimya.com\/eticaret\/urun\/peg-6000\/#breadcrumb"},"inLanguage":"tr","potentialAction":[{"@type":"ReadAction","target":["https:\/\/akerkimya.com\/eticaret\/urun\/peg-6000\/"]}]},{"@type":"BreadcrumbList","@id":"https:\/\/akerkimya.com\/eticaret\/urun\/peg-6000\/#breadcrumb","itemListElement":[{"@type":"ListItem","position":1,"name":"Home","item":"https:\/\/akerkimya.com\/eticaret\/"},{"@type":"ListItem","position":2,"name":"Market","item":"https:\/\/akerkimya.com\/eticaret\/market\/"},{"@type":"ListItem","position":3,"name":"PEG 6000 FLAKE"}]},{"@type":"WebSite","@id":"https:\/\/akerkimya.com\/eticaret\/#website","url":"https:\/\/akerkimya.com\/eticaret\/","name":"Akerkimya","description":"","potentialAction":[{"@type":"SearchAction","target":{"@type":"EntryPoint","urlTemplate":"https:\/\/akerkimya.com\/eticaret\/?s={search_term_string}"},"query-input":"required name=search_term_string"}],"inLanguage":"tr"}]}},"_links":{"self":[{"href":"https:\/\/akerkimya.com\/eticaret\/wp-json\/wp\/v2\/product\/16953","targetHints":{"allow":["GET"]}}],"collection":[{"href":"https:\/\/akerkimya.com\/eticaret\/wp-json\/wp\/v2\/product"}],"about":[{"href":"https:\/\/akerkimya.com\/eticaret\/wp-json\/wp\/v2\/types\/product"}],"replies":[{"embeddable":true,"href":"https:\/\/akerkimya.com\/eticaret\/wp-json\/wp\/v2\/comments?post=16953"}],"version-history":[{"count":2,"href":"https:\/\/akerkimya.com\/eticaret\/wp-json\/wp\/v2\/product\/16953\/revisions"}],"predecessor-version":[{"id":19478,"href":"https:\/\/akerkimya.com\/eticaret\/wp-json\/wp\/v2\/product\/16953\/revisions\/19478"}],"wp:featuredmedia":[{"embeddable":true,"href":"https:\/\/akerkimya.com\/eticaret\/wp-json\/wp\/v2\/media\/16954"}],"wp:attachment":[{"href":"https:\/\/akerkimya.com\/eticaret\/wp-json\/wp\/v2\/media?parent=16953"}],"wp:term":[{"taxonomy":"product_cat","embeddable":true,"href":"https:\/\/akerkimya.com\/eticaret\/wp-json\/wp\/v2\/product_cat?post=16953"},{"taxonomy":"product_tag","embeddable":true,"href":"https:\/\/akerkimya.com\/eticaret\/wp-json\/wp\/v2\/product_tag?post=16953"}],"curies":[{"name":"wp","href":"https:\/\/api.w.org\/{rel}","templated":true}]}}