{"id":16960,"date":"2025-01-01T23:19:44","date_gmt":"2025-01-01T20:19:44","guid":{"rendered":"https:\/\/akerkimya.com\/eticaret\/?post_type=product&#038;p=16960"},"modified":"2026-03-30T02:23:58","modified_gmt":"2026-03-29T23:23:58","slug":"pektin","status":"publish","type":"product","link":"https:\/\/akerkimya.com\/eticaret\/urun\/pektin\/","title":{"rendered":"PEKT\u0130N"},"content":{"rendered":"<h1>PEKT\u0130N <\/h1>\n<p><strong>Pektin (E440), monosakkaritler ve \u015feker asidi birimlerinden olu\u015fan karma\u015f\u0131k bir polisakkarittir. Genellikle meyve kabuklar\u0131ndan (elma, narenciye vs.) elde edilir. Sert meyvelerde, yumu\u015fak meyvelere oranla daha fazla bulunur. <\/strong><\/p>\n<p><strong>\u00a0<\/strong><\/p>\n<p><strong>PEKT\u0130N \u00d6ZELL\u0130KLER\u0130<\/strong><\/p>\n<p><strong>Toz formda, kokusuz ve neredeyse yap\u0131\u015fkan bir dokuya sahiptir. <\/strong><\/p>\n<p><strong>20 kat suda \u00e7\u00f6z\u00fcnd\u00fc\u011f\u00fcnde zay\u0131f asidik olan s\u00fct beyaz\u0131 viskoz koloidal bir \u00e7\u00f6zelti olu\u015fturur. <\/strong><\/p>\n<p><strong>G\u00fc\u00e7l\u00fc \u0131s\u0131 direncine sahiptir. <\/strong><\/p>\n<p><strong>Asidik \u00e7\u00f6zeltilerde alkali \u00e7\u00f6zeltilere g\u00f6re daha kararl\u0131d\u0131r. <\/strong><\/p>\n<p><strong>\u00a0<\/strong><\/p>\n<p><strong>TEKN\u0130K \u00d6ZELL\u0130KLER\u0130<\/strong><\/p>\n<p><strong>Cas Numaras\u0131: 9000-69-5<\/strong><\/p>\n<p><strong>Molek\u00fcler Form\u00fcl: C5h10o5 <\/strong><\/p>\n<p><strong>Kimysal \u0130smi: Pektin <\/strong><\/p>\n<p><strong>Molek\u00fcler yap\u0131s\u0131: Monomerlerden olu\u015fan bir yap\u0131ya sahiptir.<\/strong><\/p>\n<p><strong>Molek\u00fcl a\u011f\u0131rl\u0131\u011f\u0131: 20000-40000 gr\/mol <\/strong><\/p>\n<p><strong>Erime noktas\u0131: 42 \u00b0C <\/strong><\/p>\n<p><strong>\u00c7\u00f6z\u00fcn\u00fcrl\u00fck: Suda \u00e7\u00f6z\u00fcn\u00fcr. <\/strong><\/p>\n<p><strong>\u00a0<\/strong><\/p>\n<p><strong>KULLANIM ALANLARI <\/strong><\/p>\n<p><strong>G\u0131da sekt\u00f6r\u00fcnde, em\u00fclgat\u00f6r, stabilizat\u00f6r ve k\u0131vam artt\u0131r\u0131c\u0131 olarak kullan\u0131l\u0131r. <\/strong><\/p>\n<p><strong>Hamur imalat\u0131nda sertle\u015fmeyi \u00f6nlemek i\u00e7in kullan\u0131l\u0131r.<\/strong><\/p>\n<p><strong>Peynir \u00fcretiminde kaliteyi artt\u0131rmak i\u00e7in kullan\u0131l\u0131r.<\/strong><\/p>\n<p><strong>Meyve suyu tozu yap\u0131m\u0131nda kullan\u0131l\u0131r. <\/strong><\/p>\n<p><strong>Re\u00e7el ve yo\u011furt \u00fcretiminde k\u0131vam artt\u0131r\u0131c\u0131 olarak kullan\u0131l\u0131r.<\/strong><\/p>\n<p><strong>Sa\u011fl\u0131k dekt\u00f6r\u00fcnde, kab\u0131zl\u0131\u011f\u0131 hafifletme, kolestrol ve trigliserit seviyelerini d\u00fc\u015f\u00fcrme gibi \u00f6zelliklerinden dolay\u0131 kaps\u00fcl formunda siyet takviyesi olarak kullan\u0131l\u0131r. <\/strong><\/p>\n<p><strong>\u0130la\u00e7 kaps\u00fclleri yap\u0131m\u0131nda ba\u011flay\u0131c\u0131 ve dolgu maddesi olarak kullan\u0131l\u0131r. <\/strong><\/p>\n<p><strong>Mide kramplar\u0131 gibi \u00e7e\u015fitli sindirim sistemi rahats\u0131zl\u0131klar\u0131n\u0131n tedavisinde kullan\u0131l\u0131r.<\/strong><\/p>\n<p><strong>Kozmetik sekt\u00f6r\u00fcnde, krem ve losyonlarda jelle\u015ftirici ajan olarak kullan\u0131l\u0131r.<\/strong><\/p>\n<p><strong>Tekstil sekt\u00f6r\u00fcnde yard\u0131mc\u0131 madde olarak kullan\u0131l\u0131r.<\/strong><\/p>\n<p><strong>Protez \u00fcretiminde yap\u0131\u015ft\u0131r\u0131c\u0131 olarak kullan\u0131l\u0131r.<\/strong><\/p>\n<p><strong>\u00a0<\/strong><\/p>\n<p><strong>AMBALAJ <\/strong><\/p>\n<p><strong>1-5-25 kg ambalajlar halinde <\/strong><\/p>\n<p><strong>\u00a0<\/strong><\/p>\n<p><strong>DEPOLAMA <\/strong><\/p>\n<p><strong>Serin ve nem olmayan yerde kapal\u0131 ambalajlarda muhafaza edilmelidir. <\/strong><\/p>\n","protected":false},"excerpt":{"rendered":"<p>PEKT\u0130N Pektin (E440), monosakkaritler ve \u015feker asidi birimlerinden olu\u015fan karma\u015f\u0131k bir polisakkarittir. Genellikle meyve kabuklar\u0131ndan (elma, narenciye vs.) elde edilir.<\/p>\n","protected":false},"featured_media":16961,"comment_status":"open","ping_status":"closed","template":"","meta":{"_joinchat":[]},"product_cat":[73,76,80,81],"product_tag":[],"class_list":{"0":"post-16960","1":"product","2":"type-product","3":"status-publish","4":"has-post-thumbnail","6":"product_cat-deri-ve-tekstil-kimyasallari","7":"product_cat-gida-ve-katki-kimyasallari","8":"product_cat-veteriner-ve-ilac-kimyasallari","9":"product_cat-yem-katki-kimyasallari","11":"first","12":"instock","13":"shipping-taxable","14":"purchasable","15":"product-type-variable"},"yoast_head":"<!-- This site is optimized with the Yoast SEO Premium plugin v20.2.1 (Yoast SEO v20.2.1) - https:\/\/yoast.com\/wordpress\/plugins\/seo\/ -->\n<title>PEKT\u0130N - Akerkimya<\/title>\n<meta name=\"robots\" content=\"index, follow, max-snippet:-1, max-image-preview:large, max-video-preview:-1\" \/>\n<link rel=\"canonical\" href=\"https:\/\/akerkimya.com\/eticaret\/urun\/pektin\/\" \/>\n<meta property=\"og:locale\" content=\"tr_TR\" \/>\n<meta property=\"og:type\" content=\"article\" \/>\n<meta property=\"og:title\" content=\"PEKT\u0130N\" \/>\n<meta property=\"og:description\" content=\"PEKT\u0130N Pektin (E440), monosakkaritler ve \u015feker asidi birimlerinden olu\u015fan karma\u015f\u0131k bir polisakkarittir. Genellikle meyve kabuklar\u0131ndan (elma, narenciye vs.) elde edilir.\" \/>\n<meta property=\"og:url\" content=\"https:\/\/akerkimya.com\/eticaret\/urun\/pektin\/\" \/>\n<meta property=\"og:site_name\" content=\"Akerkimya\" \/>\n<meta property=\"article:modified_time\" content=\"2026-03-29T23:23:58+00:00\" \/>\n<meta property=\"og:image\" content=\"https:\/\/akerkimya.com\/eticaret\/wp-content\/uploads\/2025\/01\/PEKTIN-GUNCEL-.png\" \/>\n\t<meta property=\"og:image:width\" content=\"1000\" \/>\n\t<meta property=\"og:image:height\" content=\"1000\" \/>\n\t<meta property=\"og:image:type\" content=\"image\/png\" \/>\n<meta name=\"twitter:card\" content=\"summary_large_image\" \/>\n<meta name=\"twitter:label1\" content=\"Tahmini okuma s\u00fcresi\" \/>\n\t<meta name=\"twitter:data1\" content=\"2 dakika\" \/>\n<script type=\"application\/ld+json\" class=\"yoast-schema-graph\">{\"@context\":\"https:\/\/schema.org\",\"@graph\":[{\"@type\":\"WebPage\",\"@id\":\"https:\/\/akerkimya.com\/eticaret\/urun\/pektin\/\",\"url\":\"https:\/\/akerkimya.com\/eticaret\/urun\/pektin\/\",\"name\":\"PEKT\u0130N - Akerkimya\",\"isPartOf\":{\"@id\":\"https:\/\/akerkimya.com\/eticaret\/#website\"},\"datePublished\":\"2025-01-01T20:19:44+00:00\",\"dateModified\":\"2026-03-29T23:23:58+00:00\",\"breadcrumb\":{\"@id\":\"https:\/\/akerkimya.com\/eticaret\/urun\/pektin\/#breadcrumb\"},\"inLanguage\":\"tr\",\"potentialAction\":[{\"@type\":\"ReadAction\",\"target\":[\"https:\/\/akerkimya.com\/eticaret\/urun\/pektin\/\"]}]},{\"@type\":\"BreadcrumbList\",\"@id\":\"https:\/\/akerkimya.com\/eticaret\/urun\/pektin\/#breadcrumb\",\"itemListElement\":[{\"@type\":\"ListItem\",\"position\":1,\"name\":\"Home\",\"item\":\"https:\/\/akerkimya.com\/eticaret\/\"},{\"@type\":\"ListItem\",\"position\":2,\"name\":\"Market\",\"item\":\"https:\/\/akerkimya.com\/eticaret\/market\/\"},{\"@type\":\"ListItem\",\"position\":3,\"name\":\"PEKT\u0130N\"}]},{\"@type\":\"WebSite\",\"@id\":\"https:\/\/akerkimya.com\/eticaret\/#website\",\"url\":\"https:\/\/akerkimya.com\/eticaret\/\",\"name\":\"Akerkimya\",\"description\":\"\",\"potentialAction\":[{\"@type\":\"SearchAction\",\"target\":{\"@type\":\"EntryPoint\",\"urlTemplate\":\"https:\/\/akerkimya.com\/eticaret\/?s={search_term_string}\"},\"query-input\":\"required name=search_term_string\"}],\"inLanguage\":\"tr\"}]}<\/script>\n<!-- \/ Yoast SEO Premium plugin. -->","yoast_head_json":{"title":"PEKT\u0130N - Akerkimya","robots":{"index":"index","follow":"follow","max-snippet":"max-snippet:-1","max-image-preview":"max-image-preview:large","max-video-preview":"max-video-preview:-1"},"canonical":"https:\/\/akerkimya.com\/eticaret\/urun\/pektin\/","og_locale":"tr_TR","og_type":"article","og_title":"PEKT\u0130N","og_description":"PEKT\u0130N Pektin (E440), monosakkaritler ve \u015feker asidi birimlerinden olu\u015fan karma\u015f\u0131k bir polisakkarittir. Genellikle meyve kabuklar\u0131ndan (elma, narenciye vs.) elde edilir.","og_url":"https:\/\/akerkimya.com\/eticaret\/urun\/pektin\/","og_site_name":"Akerkimya","article_modified_time":"2026-03-29T23:23:58+00:00","og_image":[{"width":1000,"height":1000,"url":"https:\/\/akerkimya.com\/eticaret\/wp-content\/uploads\/2025\/01\/PEKTIN-GUNCEL-.png","type":"image\/png"}],"twitter_card":"summary_large_image","twitter_misc":{"Tahmini okuma s\u00fcresi":"2 dakika"},"schema":{"@context":"https:\/\/schema.org","@graph":[{"@type":"WebPage","@id":"https:\/\/akerkimya.com\/eticaret\/urun\/pektin\/","url":"https:\/\/akerkimya.com\/eticaret\/urun\/pektin\/","name":"PEKT\u0130N - Akerkimya","isPartOf":{"@id":"https:\/\/akerkimya.com\/eticaret\/#website"},"datePublished":"2025-01-01T20:19:44+00:00","dateModified":"2026-03-29T23:23:58+00:00","breadcrumb":{"@id":"https:\/\/akerkimya.com\/eticaret\/urun\/pektin\/#breadcrumb"},"inLanguage":"tr","potentialAction":[{"@type":"ReadAction","target":["https:\/\/akerkimya.com\/eticaret\/urun\/pektin\/"]}]},{"@type":"BreadcrumbList","@id":"https:\/\/akerkimya.com\/eticaret\/urun\/pektin\/#breadcrumb","itemListElement":[{"@type":"ListItem","position":1,"name":"Home","item":"https:\/\/akerkimya.com\/eticaret\/"},{"@type":"ListItem","position":2,"name":"Market","item":"https:\/\/akerkimya.com\/eticaret\/market\/"},{"@type":"ListItem","position":3,"name":"PEKT\u0130N"}]},{"@type":"WebSite","@id":"https:\/\/akerkimya.com\/eticaret\/#website","url":"https:\/\/akerkimya.com\/eticaret\/","name":"Akerkimya","description":"","potentialAction":[{"@type":"SearchAction","target":{"@type":"EntryPoint","urlTemplate":"https:\/\/akerkimya.com\/eticaret\/?s={search_term_string}"},"query-input":"required name=search_term_string"}],"inLanguage":"tr"}]}},"_links":{"self":[{"href":"https:\/\/akerkimya.com\/eticaret\/wp-json\/wp\/v2\/product\/16960","targetHints":{"allow":["GET"]}}],"collection":[{"href":"https:\/\/akerkimya.com\/eticaret\/wp-json\/wp\/v2\/product"}],"about":[{"href":"https:\/\/akerkimya.com\/eticaret\/wp-json\/wp\/v2\/types\/product"}],"replies":[{"embeddable":true,"href":"https:\/\/akerkimya.com\/eticaret\/wp-json\/wp\/v2\/comments?post=16960"}],"version-history":[{"count":1,"href":"https:\/\/akerkimya.com\/eticaret\/wp-json\/wp\/v2\/product\/16960\/revisions"}],"predecessor-version":[{"id":16965,"href":"https:\/\/akerkimya.com\/eticaret\/wp-json\/wp\/v2\/product\/16960\/revisions\/16965"}],"wp:featuredmedia":[{"embeddable":true,"href":"https:\/\/akerkimya.com\/eticaret\/wp-json\/wp\/v2\/media\/16961"}],"wp:attachment":[{"href":"https:\/\/akerkimya.com\/eticaret\/wp-json\/wp\/v2\/media?parent=16960"}],"wp:term":[{"taxonomy":"product_cat","embeddable":true,"href":"https:\/\/akerkimya.com\/eticaret\/wp-json\/wp\/v2\/product_cat?post=16960"},{"taxonomy":"product_tag","embeddable":true,"href":"https:\/\/akerkimya.com\/eticaret\/wp-json\/wp\/v2\/product_tag?post=16960"}],"curies":[{"name":"wp","href":"https:\/\/api.w.org\/{rel}","templated":true}]}}