{"id":16996,"date":"2025-01-01T23:47:19","date_gmt":"2025-01-01T20:47:19","guid":{"rendered":"https:\/\/akerkimya.com\/eticaret\/?post_type=product&#038;p=16996"},"modified":"2026-03-30T02:23:59","modified_gmt":"2026-03-29T23:23:59","slug":"sodyum-metabisulfit","status":"publish","type":"product","link":"https:\/\/akerkimya.com\/eticaret\/urun\/sodyum-metabisulfit\/","title":{"rendered":"SODYUM METAB\u0130S\u00dcLF\u0130T"},"content":{"rendered":"<h1>SODYUM METAB\u0130S\u00dcLF\u0130T<\/h1>\n<p><strong>\u0130norganik bir tuz maddesidir. Disodyum ya da Sodyum Piros\u00fclfit olarak da bilinir. Normal ko\u015fullarda kat\u0131 halde bulunur ancak 150 santigrat derecede eriyebilen bir hammaddedir. Uzun y\u0131llard\u0131r yiyeceklerin korunmas\u0131 i\u00e7in kullan\u0131lmaktad\u0131r.<\/strong><\/p>\n<p><strong>\u00a0<\/strong><\/p>\n<p><strong>SODYUM METAB\u0130S\u00dcLF\u0130T TEKN\u0130K \u00d6ZELL\u0130KLER\u0130<\/strong><\/p>\n<p><strong>D\u0130\u011eER ADLARI: Sodyum Piros\u00fclfit, Piros\u00fclfirik Asit, Disodyum Tuzu<\/strong><\/p>\n<p><strong>G\u00d6R\u00dcN\u00dcM: Beyaz toz<\/strong><\/p>\n<p><strong>K\u0130MYASAL FORM\u00dcL\u00dc:\u00a0 Na2S2O5<\/strong><\/p>\n<p><strong>CAS NUMARASI: 7681-57-4<\/strong><\/p>\n<p><strong>MOLEK\u00dcL A\u011eIRLI\u011eI: 190.05 gr\/mol<\/strong><\/p>\n<p><strong>ER\u0130ME NOKTASI: 150 C<\/strong><\/p>\n<p><strong>YO\u011eUNLU\u011eU: 1.48 gr\/cm3<\/strong><\/p>\n<p><strong>\u00c7\u00d6Z\u00dcN\u00dcRL\u00dcK: 20 C de 540 gr\/L<\/strong><\/p>\n<p><strong>\u00a0<\/strong><\/p>\n<p><strong>KULLANIM ALANLARI<\/strong><\/p>\n<p><strong>Yiyecek ve i\u00e7eceklerin korunmas\u0131nda yayg\u0131n olarak kullan\u0131lmaktad\u0131r. Maliyeti di\u011fer g\u0131da koruyucu fiyatlar\u0131na g\u00f6re daha uygundur.<\/strong><\/p>\n<p><strong>G\u0131da katk\u0131 maddesi ve antioksidan olarak kullan\u0131l\u0131r.<\/strong><\/p>\n<p><strong>Dondurulmu\u015f patateslerin kararmas\u0131n\u0131 \u00f6nlemek i\u00e7in kullan\u0131l\u0131r.<\/strong><\/p>\n<p><strong>Foto\u011fraf\u00e7\u0131l\u0131kta kullan\u0131l\u0131r.<\/strong><\/p>\n<p><strong>A\u011fa\u00e7 k\u00fct\u00fcklerini \u00e7\u0131karmak i\u00e7in konsantre olarak Sodyum Metabis\u00fclfit kullan\u0131l\u0131r.<\/strong><\/p>\n<p><strong>Hindistan cevizi kremas\u0131nda a\u011fartma maddesi olarak kullan\u0131l\u0131r.<\/strong><\/p>\n<p><strong>Do\u011fal liflerden yap\u0131lan giysilerde s\u00fclf\u00fcr ba\u011flar\u0131n\u0131 k\u0131rmak i\u00e7in indirgeyici ajan olarak kullan\u0131larak giysinin y\u0131kanma i\u015fleminden sonra orijinal \u015fekline d\u00f6nmesini sa\u011flar.<\/strong><\/p>\n<p><strong>Su ar\u0131tma end\u00fcstrisinde klor kal\u0131nt\u0131lar\u0131n\u0131 s\u00f6nd\u00fcrmek i\u00e7in kullan\u0131l\u0131r.<\/strong><\/p>\n<p><strong>K\u0131yafet ve ayakkab\u0131 gibi t\u00fcketim mallar\u0131n\u0131n nakliyesinde mikrop ve k\u00fcf \u00f6nleyici fungisit olarak kullan\u0131l\u0131r.<\/strong><\/p>\n<p><strong>Tekstil sanayisinde elyaf\u0131 a\u011fartmak i\u00e7in ve boya sabitle\u015ftirmede kullan\u0131l\u0131r.<\/strong><\/p>\n<p><strong>Kozmetik sanayiinde dezenfektan olarak tercih edilir.<\/strong><\/p>\n<p><strong>Sel\u00fcloz esterlerde antiseptik olarak kullan\u0131l\u0131r.<\/strong><\/p>\n<p><strong>Deri sanayiinde depilat\u00f6r olarak kullan\u0131lmaktad\u0131r.<\/strong><\/p>\n<p><strong>Renk a\u00e7\u0131c\u0131 \u00f6zelli\u011finden \u00f6t\u00fcr\u00fc \u015fekerlerde ve unda kullan\u0131l\u0131r.<\/strong><\/p>\n<p><strong>Ticari alt\u0131n\u0131n siyan\u00fcrleme i\u015fleminde, siyan\u00fcr\u00fcn tahrip edilmesinde korozyon \u00f6nleyici madde olarak kullan\u0131l\u0131r.<\/strong><\/p>\n<p><strong>Meyve sular\u0131nda, \u015faraplarda, konservelerde, tur\u015fularda ve alkols\u00fcz i\u00e7eceklerde antioksidan ve a\u011fartma maddesi olarak kullan\u0131l\u0131r.<\/strong><\/p>\n<p><strong>\u0130yi bir nem ve oksijen gidericidir.<\/strong><\/p>\n<p><strong>K\u00e2\u011f\u0131t end\u00fcstrisinde hamurun a\u011fart\u0131lmas\u0131nda kullan\u0131l\u0131r.<\/strong><\/p>\n<p><strong>Kaplama sekt\u00f6r\u00fcnde ise y\u00fczey i\u015flem maddesi olarak kullan\u0131l\u0131r.<\/strong><\/p>\n<p><strong>\u00a0<\/strong><\/p>\n<p><strong>AMBALAJ <\/strong><\/p>\n<p><strong>1-5-25 kg torbalar halinde<\/strong><\/p>\n<p><strong>\u00a0<\/strong><\/p>\n<p><strong>DEPOLAMA<\/strong><\/p>\n<p><strong>Kuru ve serin bir yerde muhafaza edilmelidir. Havayla temas\u0131 \u00f6nlenmelidir. Asit veya zehirli maddelerden uzakta tutulmal\u0131d\u0131r. Alerjik rahats\u0131zl\u0131\u011f\u0131 olanlarda tahri\u015fe neden olabilir. Suyla kar\u0131\u015ft\u0131r\u0131ld\u0131\u011f\u0131nda a\u011f\u0131r bir kokuya neden olur.<\/strong><\/p>\n","protected":false},"excerpt":{"rendered":"<p>SODYUM METAB\u0130S\u00dcLF\u0130T \u0130norganik bir tuz maddesidir. Disodyum ya da Sodyum Piros\u00fclfit olarak da bilinir. Normal ko\u015fullarda kat\u0131 halde bulunur ancak<\/p>\n","protected":false},"featured_media":16997,"comment_status":"open","ping_status":"closed","template":"","meta":{"_joinchat":[]},"product_cat":[73,74,76],"product_tag":[],"class_list":{"0":"post-16996","1":"product","2":"type-product","3":"status-publish","4":"has-post-thumbnail","6":"product_cat-deri-ve-tekstil-kimyasallari","7":"product_cat-deterjan-ve-kozmetik-kimyasallari","8":"product_cat-gida-ve-katki-kimyasallari","10":"first","11":"instock","12":"shipping-taxable","13":"purchasable","14":"product-type-variable"},"yoast_head":"<!-- This site is optimized with the Yoast SEO Premium plugin v20.2.1 (Yoast SEO v20.2.1) - https:\/\/yoast.com\/wordpress\/plugins\/seo\/ -->\n<title>SODYUM METAB\u0130S\u00dcLF\u0130T - Akerkimya<\/title>\n<meta name=\"robots\" content=\"index, follow, max-snippet:-1, max-image-preview:large, max-video-preview:-1\" \/>\n<link rel=\"canonical\" href=\"https:\/\/akerkimya.com\/eticaret\/urun\/sodyum-metabisulfit\/\" \/>\n<meta property=\"og:locale\" content=\"tr_TR\" \/>\n<meta property=\"og:type\" content=\"article\" \/>\n<meta property=\"og:title\" content=\"SODYUM METAB\u0130S\u00dcLF\u0130T\" \/>\n<meta property=\"og:description\" content=\"SODYUM METAB\u0130S\u00dcLF\u0130T \u0130norganik bir tuz maddesidir. Disodyum ya da Sodyum Piros\u00fclfit olarak da bilinir. Normal ko\u015fullarda kat\u0131 halde bulunur ancak\" \/>\n<meta property=\"og:url\" content=\"https:\/\/akerkimya.com\/eticaret\/urun\/sodyum-metabisulfit\/\" \/>\n<meta property=\"og:site_name\" content=\"Akerkimya\" \/>\n<meta property=\"article:modified_time\" content=\"2026-03-29T23:23:59+00:00\" \/>\n<meta property=\"og:image\" content=\"https:\/\/akerkimya.com\/eticaret\/wp-content\/uploads\/2025\/01\/SODYUM-METABISULFIT-GUNCEL-.png\" \/>\n\t<meta property=\"og:image:width\" content=\"1000\" \/>\n\t<meta property=\"og:image:height\" content=\"1000\" \/>\n\t<meta property=\"og:image:type\" content=\"image\/png\" \/>\n<meta name=\"twitter:card\" content=\"summary_large_image\" \/>\n<meta name=\"twitter:label1\" content=\"Tahmini okuma s\u00fcresi\" \/>\n\t<meta name=\"twitter:data1\" content=\"2 dakika\" \/>\n<script type=\"application\/ld+json\" class=\"yoast-schema-graph\">{\"@context\":\"https:\/\/schema.org\",\"@graph\":[{\"@type\":\"WebPage\",\"@id\":\"https:\/\/akerkimya.com\/eticaret\/urun\/sodyum-metabisulfit\/\",\"url\":\"https:\/\/akerkimya.com\/eticaret\/urun\/sodyum-metabisulfit\/\",\"name\":\"SODYUM METAB\u0130S\u00dcLF\u0130T - Akerkimya\",\"isPartOf\":{\"@id\":\"https:\/\/akerkimya.com\/eticaret\/#website\"},\"datePublished\":\"2025-01-01T20:47:19+00:00\",\"dateModified\":\"2026-03-29T23:23:59+00:00\",\"breadcrumb\":{\"@id\":\"https:\/\/akerkimya.com\/eticaret\/urun\/sodyum-metabisulfit\/#breadcrumb\"},\"inLanguage\":\"tr\",\"potentialAction\":[{\"@type\":\"ReadAction\",\"target\":[\"https:\/\/akerkimya.com\/eticaret\/urun\/sodyum-metabisulfit\/\"]}]},{\"@type\":\"BreadcrumbList\",\"@id\":\"https:\/\/akerkimya.com\/eticaret\/urun\/sodyum-metabisulfit\/#breadcrumb\",\"itemListElement\":[{\"@type\":\"ListItem\",\"position\":1,\"name\":\"Home\",\"item\":\"https:\/\/akerkimya.com\/eticaret\/\"},{\"@type\":\"ListItem\",\"position\":2,\"name\":\"Market\",\"item\":\"https:\/\/akerkimya.com\/eticaret\/market\/\"},{\"@type\":\"ListItem\",\"position\":3,\"name\":\"SODYUM METAB\u0130S\u00dcLF\u0130T\"}]},{\"@type\":\"WebSite\",\"@id\":\"https:\/\/akerkimya.com\/eticaret\/#website\",\"url\":\"https:\/\/akerkimya.com\/eticaret\/\",\"name\":\"Akerkimya\",\"description\":\"\",\"potentialAction\":[{\"@type\":\"SearchAction\",\"target\":{\"@type\":\"EntryPoint\",\"urlTemplate\":\"https:\/\/akerkimya.com\/eticaret\/?s={search_term_string}\"},\"query-input\":\"required name=search_term_string\"}],\"inLanguage\":\"tr\"}]}<\/script>\n<!-- \/ Yoast SEO Premium plugin. -->","yoast_head_json":{"title":"SODYUM METAB\u0130S\u00dcLF\u0130T - Akerkimya","robots":{"index":"index","follow":"follow","max-snippet":"max-snippet:-1","max-image-preview":"max-image-preview:large","max-video-preview":"max-video-preview:-1"},"canonical":"https:\/\/akerkimya.com\/eticaret\/urun\/sodyum-metabisulfit\/","og_locale":"tr_TR","og_type":"article","og_title":"SODYUM METAB\u0130S\u00dcLF\u0130T","og_description":"SODYUM METAB\u0130S\u00dcLF\u0130T \u0130norganik bir tuz maddesidir. Disodyum ya da Sodyum Piros\u00fclfit olarak da bilinir. Normal ko\u015fullarda kat\u0131 halde bulunur ancak","og_url":"https:\/\/akerkimya.com\/eticaret\/urun\/sodyum-metabisulfit\/","og_site_name":"Akerkimya","article_modified_time":"2026-03-29T23:23:59+00:00","og_image":[{"width":1000,"height":1000,"url":"https:\/\/akerkimya.com\/eticaret\/wp-content\/uploads\/2025\/01\/SODYUM-METABISULFIT-GUNCEL-.png","type":"image\/png"}],"twitter_card":"summary_large_image","twitter_misc":{"Tahmini okuma s\u00fcresi":"2 dakika"},"schema":{"@context":"https:\/\/schema.org","@graph":[{"@type":"WebPage","@id":"https:\/\/akerkimya.com\/eticaret\/urun\/sodyum-metabisulfit\/","url":"https:\/\/akerkimya.com\/eticaret\/urun\/sodyum-metabisulfit\/","name":"SODYUM METAB\u0130S\u00dcLF\u0130T - Akerkimya","isPartOf":{"@id":"https:\/\/akerkimya.com\/eticaret\/#website"},"datePublished":"2025-01-01T20:47:19+00:00","dateModified":"2026-03-29T23:23:59+00:00","breadcrumb":{"@id":"https:\/\/akerkimya.com\/eticaret\/urun\/sodyum-metabisulfit\/#breadcrumb"},"inLanguage":"tr","potentialAction":[{"@type":"ReadAction","target":["https:\/\/akerkimya.com\/eticaret\/urun\/sodyum-metabisulfit\/"]}]},{"@type":"BreadcrumbList","@id":"https:\/\/akerkimya.com\/eticaret\/urun\/sodyum-metabisulfit\/#breadcrumb","itemListElement":[{"@type":"ListItem","position":1,"name":"Home","item":"https:\/\/akerkimya.com\/eticaret\/"},{"@type":"ListItem","position":2,"name":"Market","item":"https:\/\/akerkimya.com\/eticaret\/market\/"},{"@type":"ListItem","position":3,"name":"SODYUM METAB\u0130S\u00dcLF\u0130T"}]},{"@type":"WebSite","@id":"https:\/\/akerkimya.com\/eticaret\/#website","url":"https:\/\/akerkimya.com\/eticaret\/","name":"Akerkimya","description":"","potentialAction":[{"@type":"SearchAction","target":{"@type":"EntryPoint","urlTemplate":"https:\/\/akerkimya.com\/eticaret\/?s={search_term_string}"},"query-input":"required name=search_term_string"}],"inLanguage":"tr"}]}},"_links":{"self":[{"href":"https:\/\/akerkimya.com\/eticaret\/wp-json\/wp\/v2\/product\/16996","targetHints":{"allow":["GET"]}}],"collection":[{"href":"https:\/\/akerkimya.com\/eticaret\/wp-json\/wp\/v2\/product"}],"about":[{"href":"https:\/\/akerkimya.com\/eticaret\/wp-json\/wp\/v2\/types\/product"}],"replies":[{"embeddable":true,"href":"https:\/\/akerkimya.com\/eticaret\/wp-json\/wp\/v2\/comments?post=16996"}],"version-history":[{"count":2,"href":"https:\/\/akerkimya.com\/eticaret\/wp-json\/wp\/v2\/product\/16996\/revisions"}],"predecessor-version":[{"id":19166,"href":"https:\/\/akerkimya.com\/eticaret\/wp-json\/wp\/v2\/product\/16996\/revisions\/19166"}],"wp:featuredmedia":[{"embeddable":true,"href":"https:\/\/akerkimya.com\/eticaret\/wp-json\/wp\/v2\/media\/16997"}],"wp:attachment":[{"href":"https:\/\/akerkimya.com\/eticaret\/wp-json\/wp\/v2\/media?parent=16996"}],"wp:term":[{"taxonomy":"product_cat","embeddable":true,"href":"https:\/\/akerkimya.com\/eticaret\/wp-json\/wp\/v2\/product_cat?post=16996"},{"taxonomy":"product_tag","embeddable":true,"href":"https:\/\/akerkimya.com\/eticaret\/wp-json\/wp\/v2\/product_tag?post=16996"}],"curies":[{"name":"wp","href":"https:\/\/api.w.org\/{rel}","templated":true}]}}