{"id":17095,"date":"2025-01-02T01:12:22","date_gmt":"2025-01-01T22:12:22","guid":{"rendered":"https:\/\/akerkimya.com\/eticaret\/?post_type=product&#038;p=17095"},"modified":"2026-03-30T02:24:04","modified_gmt":"2026-03-29T23:24:04","slug":"butil-hidroksi-toluen","status":"publish","type":"product","link":"https:\/\/akerkimya.com\/eticaret\/urun\/butil-hidroksi-toluen\/","title":{"rendered":"BUT\u0130L H\u0130DROKS\u0130 TOLUEN"},"content":{"rendered":"<h1>BUT\u0130L H\u0130DROKS\u0130 TOLUEN<\/h1>\n<p><strong>Butil Hidroksi Toluen lipofilik organik bile\u015fi\u011fin kimyasal bir t\u00fcrevi fenol i\u00e7in yararl\u0131 olup antioksidan \u00f6zelli\u011fine sahiptir. BHT, s\u0131v\u0131larda ve di\u011fer malzemelerde oksidasyonu \u00f6nleme amac\u0131yla kullan\u0131lan bir maddedir.<\/strong><\/p>\n<p><strong>\u00d6ZELL\u0130KLER\u0130<\/strong><\/p>\n<p><strong>Ya\u011flarda \u00e7ok iyi \u00e7\u00f6z\u00fcn\u00fcp suda \u00e7\u00f6z\u00fcnmeyen bir maddedir.<\/strong><\/p>\n<p><strong>Maskeleme ve koruyucu \u00f6zelliklere sahip bir antioksidand\u0131r.<\/strong><\/p>\n<p><strong>Tazeli\u011fi korur ve bozulmay\u0131 \u00f6nler.<\/strong><\/p>\n<p><strong>Y\u00fcksek derecede oksidasyonu engelleme \u00f6zelli\u011fine sahiptir.<\/strong><\/p>\n<p><strong>\u00a0<\/strong><\/p>\n<p><strong>TEKN\u0130K \u00d6ZELL\u0130KLER\u0130<\/strong><\/p>\n<p><strong>D\u0130\u011eER \u0130S\u0130MLER\u0130: Butil Hidroksi Toluen, BHT, Antioksidan, Dibutillenmi\u015f Hidroksitoluen<\/strong><\/p>\n<p><strong>MOLEK\u00dcL FORM\u00dcL\u00dc: C15 H24 O<\/strong><\/p>\n<p><strong>G\u00d6R\u00dcN\u00dcM: Beyaz yada a\u00e7\u0131k sar\u0131, kristal<\/strong><\/p>\n<p><strong>MOLEK\u00dcL A\u011eIRLI\u011eI: 220.35 gr\/mol<\/strong><\/p>\n<p><strong>CAS NUMARASI: 127-38-0<\/strong><\/p>\n<p><strong>ER\u0130ME NOKTASI: 71 C<\/strong><\/p>\n<p><strong>KAYNAMA NOKTASI: 265 C<\/strong><\/p>\n<p><strong>YO\u011eUNLUK: 1.048 gr\/cm3<\/strong><\/p>\n<p><strong>\u00a0<\/strong><\/p>\n<p><strong>KULLANIM ALANLARI<\/strong><\/p>\n<p><strong>Antioksidan g\u0131da katk\u0131 maddesi olarak kullan\u0131lmaktad\u0131r.<\/strong><\/p>\n<p><strong>Kat\u0131, s\u0131v\u0131 ve s\u0131v\u0131 ya\u011f i\u00e7eren g\u0131dalarda ransiditeyi yava\u015flatmakta kullan\u0131l\u0131r.<\/strong><\/p>\n<p><strong>Transfarmat\u00f6r ya\u011flar\u0131 ve mumyalama s\u0131v\u0131s\u0131 gibi malzemelerde antioksidan olarak kullan\u0131l\u0131r.<\/strong><\/p>\n<p><strong>\u00c7e\u015fitli tah\u0131l \u00fcr\u00fcnleri, sak\u0131z ve cips gibi bitkisel kaynakl\u0131 ya\u011flar\u0131n kullan\u0131ld\u0131\u011f\u0131 g\u0131dalarda \u00fcr\u00fcnlerin havaya maruz kalmalar\u0131ndan kaynaklanabilecek renk, aroma ve tekst\u00fcr de\u011fi\u015fimlerini \u00f6nlemede kullan\u0131l\u0131r.<\/strong><\/p>\n<p><strong>Vitamin ve mineral katk\u0131 prepatlar\u0131nda dolgu maddesi olarak kullan\u0131l\u0131r.<\/strong><\/p>\n<p><strong>Metal i\u015fleme s\u0131v\u0131lar\u0131nda kullan\u0131l\u0131r.<\/strong><\/p>\n<p><strong>Fare ila\u00e7lar\u0131n\u0131n \u00fcretiminde kullan\u0131l\u0131r.<\/strong><\/p>\n<p><strong>Yem katk\u0131 maddesi ve yem depolama alanlar\u0131n\u0131n korunmas\u0131nda kullan\u0131l\u0131r.<\/strong><\/p>\n<p><strong>Kozmetik sekt\u00f6r\u00fcnde kullan\u0131l\u0131r.<\/strong><\/p>\n<p><strong>R\u00fczg\u00e2r trib\u00fcnlerinin bak\u0131m\u0131nda kullan\u0131lan di\u015fli ya\u011flar\u0131n \u00f6mr\u00fcn\u00fc uzat\u0131r.<\/strong><\/p>\n<p><strong>Petrol end\u00fcstrisinde hidrolik s\u0131v\u0131larda ve jel yak\u0131tlarda kullan\u0131l\u0131r.<\/strong><\/p>\n<p><strong>\u00a0<\/strong><\/p>\n<p><strong>AMBALAJ<\/strong><\/p>\n<p><strong>1-5-25 kg torbalar halinde <\/strong><\/p>\n<p><strong>\u00a0<\/strong><\/p>\n<p><strong>DEPOLAMA <\/strong><\/p>\n<p><strong>Serin ve kuru bir alanda muhafaza ediniz.<\/strong><\/p>\n","protected":false},"excerpt":{"rendered":"<p>BUT\u0130L H\u0130DROKS\u0130 TOLUEN Butil Hidroksi Toluen lipofilik organik bile\u015fi\u011fin kimyasal bir t\u00fcrevi fenol i\u00e7in yararl\u0131 olup antioksidan \u00f6zelli\u011fine sahiptir. BHT,<\/p>\n","protected":false},"featured_media":17096,"comment_status":"open","ping_status":"closed","template":"","meta":{"_joinchat":[]},"product_cat":[74,76,81],"product_tag":[],"class_list":{"0":"post-17095","1":"product","2":"type-product","3":"status-publish","4":"has-post-thumbnail","6":"product_cat-deterjan-ve-kozmetik-kimyasallari","7":"product_cat-gida-ve-katki-kimyasallari","8":"product_cat-yem-katki-kimyasallari","10":"first","11":"instock","12":"shipping-taxable","13":"purchasable","14":"product-type-variable"},"yoast_head":"<!-- This site is optimized with the Yoast SEO Premium plugin v20.2.1 (Yoast SEO v20.2.1) - https:\/\/yoast.com\/wordpress\/plugins\/seo\/ -->\n<title>BUT\u0130L H\u0130DROKS\u0130 TOLUEN - Akerkimya<\/title>\n<meta name=\"robots\" content=\"index, follow, max-snippet:-1, max-image-preview:large, max-video-preview:-1\" \/>\n<link rel=\"canonical\" href=\"https:\/\/akerkimya.com\/eticaret\/urun\/butil-hidroksi-toluen\/\" \/>\n<meta property=\"og:locale\" content=\"tr_TR\" \/>\n<meta property=\"og:type\" content=\"article\" \/>\n<meta property=\"og:title\" content=\"BUT\u0130L H\u0130DROKS\u0130 TOLUEN\" \/>\n<meta property=\"og:description\" content=\"BUT\u0130L H\u0130DROKS\u0130 TOLUEN Butil Hidroksi Toluen lipofilik organik bile\u015fi\u011fin kimyasal bir t\u00fcrevi fenol i\u00e7in yararl\u0131 olup antioksidan \u00f6zelli\u011fine sahiptir. BHT,\" \/>\n<meta property=\"og:url\" content=\"https:\/\/akerkimya.com\/eticaret\/urun\/butil-hidroksi-toluen\/\" \/>\n<meta property=\"og:site_name\" content=\"Akerkimya\" \/>\n<meta property=\"article:modified_time\" content=\"2026-03-29T23:24:04+00:00\" \/>\n<meta property=\"og:image\" content=\"https:\/\/akerkimya.com\/eticaret\/wp-content\/uploads\/2025\/01\/BUTIL-HIDROKSI-TOLUEN-GUNCEL.jpeg\" \/>\n\t<meta property=\"og:image:width\" content=\"1000\" \/>\n\t<meta property=\"og:image:height\" content=\"1000\" \/>\n\t<meta property=\"og:image:type\" content=\"image\/jpeg\" \/>\n<meta name=\"twitter:card\" content=\"summary_large_image\" \/>\n<meta name=\"twitter:label1\" content=\"Tahmini okuma s\u00fcresi\" \/>\n\t<meta name=\"twitter:data1\" content=\"2 dakika\" \/>\n<script type=\"application\/ld+json\" class=\"yoast-schema-graph\">{\"@context\":\"https:\/\/schema.org\",\"@graph\":[{\"@type\":\"WebPage\",\"@id\":\"https:\/\/akerkimya.com\/eticaret\/urun\/butil-hidroksi-toluen\/\",\"url\":\"https:\/\/akerkimya.com\/eticaret\/urun\/butil-hidroksi-toluen\/\",\"name\":\"BUT\u0130L H\u0130DROKS\u0130 TOLUEN - Akerkimya\",\"isPartOf\":{\"@id\":\"https:\/\/akerkimya.com\/eticaret\/#website\"},\"datePublished\":\"2025-01-01T22:12:22+00:00\",\"dateModified\":\"2026-03-29T23:24:04+00:00\",\"breadcrumb\":{\"@id\":\"https:\/\/akerkimya.com\/eticaret\/urun\/butil-hidroksi-toluen\/#breadcrumb\"},\"inLanguage\":\"tr\",\"potentialAction\":[{\"@type\":\"ReadAction\",\"target\":[\"https:\/\/akerkimya.com\/eticaret\/urun\/butil-hidroksi-toluen\/\"]}]},{\"@type\":\"BreadcrumbList\",\"@id\":\"https:\/\/akerkimya.com\/eticaret\/urun\/butil-hidroksi-toluen\/#breadcrumb\",\"itemListElement\":[{\"@type\":\"ListItem\",\"position\":1,\"name\":\"Home\",\"item\":\"https:\/\/akerkimya.com\/eticaret\/\"},{\"@type\":\"ListItem\",\"position\":2,\"name\":\"Market\",\"item\":\"https:\/\/akerkimya.com\/eticaret\/market\/\"},{\"@type\":\"ListItem\",\"position\":3,\"name\":\"BUT\u0130L H\u0130DROKS\u0130 TOLUEN\"}]},{\"@type\":\"WebSite\",\"@id\":\"https:\/\/akerkimya.com\/eticaret\/#website\",\"url\":\"https:\/\/akerkimya.com\/eticaret\/\",\"name\":\"Akerkimya\",\"description\":\"\",\"potentialAction\":[{\"@type\":\"SearchAction\",\"target\":{\"@type\":\"EntryPoint\",\"urlTemplate\":\"https:\/\/akerkimya.com\/eticaret\/?s={search_term_string}\"},\"query-input\":\"required name=search_term_string\"}],\"inLanguage\":\"tr\"}]}<\/script>\n<!-- \/ Yoast SEO Premium plugin. -->","yoast_head_json":{"title":"BUT\u0130L H\u0130DROKS\u0130 TOLUEN - Akerkimya","robots":{"index":"index","follow":"follow","max-snippet":"max-snippet:-1","max-image-preview":"max-image-preview:large","max-video-preview":"max-video-preview:-1"},"canonical":"https:\/\/akerkimya.com\/eticaret\/urun\/butil-hidroksi-toluen\/","og_locale":"tr_TR","og_type":"article","og_title":"BUT\u0130L H\u0130DROKS\u0130 TOLUEN","og_description":"BUT\u0130L H\u0130DROKS\u0130 TOLUEN Butil Hidroksi Toluen lipofilik organik bile\u015fi\u011fin kimyasal bir t\u00fcrevi fenol i\u00e7in yararl\u0131 olup antioksidan \u00f6zelli\u011fine sahiptir. BHT,","og_url":"https:\/\/akerkimya.com\/eticaret\/urun\/butil-hidroksi-toluen\/","og_site_name":"Akerkimya","article_modified_time":"2026-03-29T23:24:04+00:00","og_image":[{"width":1000,"height":1000,"url":"https:\/\/akerkimya.com\/eticaret\/wp-content\/uploads\/2025\/01\/BUTIL-HIDROKSI-TOLUEN-GUNCEL.jpeg","type":"image\/jpeg"}],"twitter_card":"summary_large_image","twitter_misc":{"Tahmini okuma s\u00fcresi":"2 dakika"},"schema":{"@context":"https:\/\/schema.org","@graph":[{"@type":"WebPage","@id":"https:\/\/akerkimya.com\/eticaret\/urun\/butil-hidroksi-toluen\/","url":"https:\/\/akerkimya.com\/eticaret\/urun\/butil-hidroksi-toluen\/","name":"BUT\u0130L H\u0130DROKS\u0130 TOLUEN - Akerkimya","isPartOf":{"@id":"https:\/\/akerkimya.com\/eticaret\/#website"},"datePublished":"2025-01-01T22:12:22+00:00","dateModified":"2026-03-29T23:24:04+00:00","breadcrumb":{"@id":"https:\/\/akerkimya.com\/eticaret\/urun\/butil-hidroksi-toluen\/#breadcrumb"},"inLanguage":"tr","potentialAction":[{"@type":"ReadAction","target":["https:\/\/akerkimya.com\/eticaret\/urun\/butil-hidroksi-toluen\/"]}]},{"@type":"BreadcrumbList","@id":"https:\/\/akerkimya.com\/eticaret\/urun\/butil-hidroksi-toluen\/#breadcrumb","itemListElement":[{"@type":"ListItem","position":1,"name":"Home","item":"https:\/\/akerkimya.com\/eticaret\/"},{"@type":"ListItem","position":2,"name":"Market","item":"https:\/\/akerkimya.com\/eticaret\/market\/"},{"@type":"ListItem","position":3,"name":"BUT\u0130L H\u0130DROKS\u0130 TOLUEN"}]},{"@type":"WebSite","@id":"https:\/\/akerkimya.com\/eticaret\/#website","url":"https:\/\/akerkimya.com\/eticaret\/","name":"Akerkimya","description":"","potentialAction":[{"@type":"SearchAction","target":{"@type":"EntryPoint","urlTemplate":"https:\/\/akerkimya.com\/eticaret\/?s={search_term_string}"},"query-input":"required name=search_term_string"}],"inLanguage":"tr"}]}},"_links":{"self":[{"href":"https:\/\/akerkimya.com\/eticaret\/wp-json\/wp\/v2\/product\/17095","targetHints":{"allow":["GET"]}}],"collection":[{"href":"https:\/\/akerkimya.com\/eticaret\/wp-json\/wp\/v2\/product"}],"about":[{"href":"https:\/\/akerkimya.com\/eticaret\/wp-json\/wp\/v2\/types\/product"}],"replies":[{"embeddable":true,"href":"https:\/\/akerkimya.com\/eticaret\/wp-json\/wp\/v2\/comments?post=17095"}],"version-history":[{"count":1,"href":"https:\/\/akerkimya.com\/eticaret\/wp-json\/wp\/v2\/product\/17095\/revisions"}],"predecessor-version":[{"id":17100,"href":"https:\/\/akerkimya.com\/eticaret\/wp-json\/wp\/v2\/product\/17095\/revisions\/17100"}],"wp:featuredmedia":[{"embeddable":true,"href":"https:\/\/akerkimya.com\/eticaret\/wp-json\/wp\/v2\/media\/17096"}],"wp:attachment":[{"href":"https:\/\/akerkimya.com\/eticaret\/wp-json\/wp\/v2\/media?parent=17095"}],"wp:term":[{"taxonomy":"product_cat","embeddable":true,"href":"https:\/\/akerkimya.com\/eticaret\/wp-json\/wp\/v2\/product_cat?post=17095"},{"taxonomy":"product_tag","embeddable":true,"href":"https:\/\/akerkimya.com\/eticaret\/wp-json\/wp\/v2\/product_tag?post=17095"}],"curies":[{"name":"wp","href":"https:\/\/api.w.org\/{rel}","templated":true}]}}