{"id":17129,"date":"2025-01-02T02:57:15","date_gmt":"2025-01-01T23:57:15","guid":{"rendered":"https:\/\/akerkimya.com\/eticaret\/?post_type=product&#038;p=17129"},"modified":"2026-03-30T02:24:04","modified_gmt":"2026-03-29T23:24:04","slug":"sodyum-hidrosulfit","status":"publish","type":"product","link":"https:\/\/akerkimya.com\/eticaret\/urun\/sodyum-hidrosulfit\/","title":{"rendered":"SODYUM H\u0130DROS\u00dcLF\u0130T"},"content":{"rendered":"<p><strong>SODYUM H\u0130DROS\u00dcLF\u0130T<\/strong><\/p>\n<p><strong>NaHS form\u00fcl\u00fcne sahip kimyasal bir bile\u015fik olan Sodyum Hidros\u00fclfit disodyum tuzu olan inorganik bir sodyum tuzudur. Hidrojen s\u00fclf\u00fcr\u00fcn sodyum hidroksit ile yar\u0131 n\u00f6tralizasyonunun \u00fcr\u00fcn\u00fcd\u00fcr. Bu hammaddeye sodyum s\u00fclfoksilat ve s\u00fclfoksilat da denilmektedir. \u0130ndirgeyici ajan ve a\u011fart\u0131c\u0131 ajan olarak rol oynar.<\/strong><\/p>\n<p><strong>\u00a0<\/strong><\/p>\n<p><strong>SODYUM H\u0130DROS\u00dcLF\u0130T \u00d6ZELL\u0130KLER\u0130<\/strong><\/p>\n<p><strong>Sodyum hidros\u00fclfit fizyolojik ko\u015fullar alt\u0131nda stabil de\u011fildir, bozunma oran\u0131 asitlik artt\u0131k\u00e7a artmaktad\u0131r.<\/strong><\/p>\n<p><strong>Zay\u0131f yap\u0131da, kokulu ve beyaz kristal tozdur.<\/strong><\/p>\n<p><strong>Atmosferdeki hava sayesinde H2Se benzer bir kokuya sahip olur.<\/strong><\/p>\n<p><strong>Hava ile temas etti\u011finde kendili\u011finden \u0131s\u0131n\u0131r ve bu \u0131s\u0131 \u00e7evredeki yan\u0131c\u0131 maddeleri tutu\u015fturmak i\u00e7in yeterli olabilir.<\/strong><\/p>\n<p><strong>\u00a0<\/strong><\/p>\n<p><strong>TEKN\u0130K \u00d6ZELL\u0130KLER\u0130<\/strong><\/p>\n<p><strong>FORM\u00dcL: Na2S2O4<\/strong><\/p>\n<p><strong>CAS NUMARASI: 7775-14-6<\/strong><\/p>\n<p><strong>EC NUMARASI: 231-890-0 <\/strong><\/p>\n<p><strong>G\u00d6R\u00dcN\u00dcM: Beyaz kristal tozdur.<\/strong><\/p>\n<p><strong>KOKU: Soluk k\u00fck\u00fcrt kokusu<\/strong><\/p>\n<p><strong>MOLAR K\u00dcTLE: 174,107 g\/mol (susuz) 210,146 g\/mol (dihidrat)<\/strong><\/p>\n<p><strong>YO\u011eUNLUK: 2,38 g\/cm\u00b3 (susuz) 1,58 g\/cm\u00b3 (dihidrat)<\/strong><\/p>\n<p><strong>ER\u0130ME NOKTASI: 52 \u00b0C, 325 K, 126 \u00b0F<\/strong><\/p>\n<p><strong>KAYNAMA NOKTASI: Ayr\u0131\u015fabilir.<\/strong><\/p>\n<p><strong>SUDA \u00c7\u00d6Z\u00dcN\u00dcRL\u00dcK: 18.2 g\/100 ml (susuz, 20 \u00b0C) 21.9 g\/100 ml (dihidrat, 20 \u00b0C)<\/strong><\/p>\n<p><strong>\u00c7\u00d6Z\u00dcN\u00dcRL\u00dcK: Alkolde az \u00e7\u00f6\u00fcn\u00fcr.<\/strong><\/p>\n<p><strong>D\u0130\u011eER \u0130S\u0130MLER\u0130: Sodyum ditionit<\/strong><\/p>\n<p><strong>\u00a0<\/strong><\/p>\n<p><strong>KULLANIM ALANLARI<\/strong><\/p>\n<p><strong>Boyama uygulamalar\u0131nda indirgeyici ajan olarak kullan\u0131l\u0131r. Bu boyan\u0131n renginin sabitli\u011fini iyile\u015ftirir.<\/strong><\/p>\n<p><strong>Oksit at\u0131klar\u0131n\u0131 uygunsuz pigmentlerden uzakla\u015ft\u0131r\u0131r.<\/strong><\/p>\n<p><strong>Maddelerin renklendirici olarak tan\u0131nan karbonil ve alkol gruplar\u0131n\u0131 indirger.<\/strong><\/p>\n<p><strong>Mekanik k\u00e2\u011f\u0131t hamuru, koton, y\u00fcn ve kaolin k\u00fcl\u00fcn\u00fcn a\u011fart\u0131lmas\u0131nda kullan\u0131l\u0131r.<\/strong><\/p>\n<p><strong>Sodyum hidros\u00fclfit boyama sonras\u0131 elyaf \u00fczerinde kalan boyayla red\u00fcktif reaksiyon vererek fazla boyan\u0131n elyaf \u00fczerinden uzakla\u015fmas\u0131n\u0131 sa\u011flar ve hasl\u0131\u011f\u0131 artt\u0131r\u0131r. Elyaf\u0131n tekrar boyanabilmesi i\u00e7in \u00fczerindeki boyan\u0131n s\u00f6k\u00fclebilmesini sa\u011flar.<\/strong><\/p>\n<p><strong>Boyama esnas\u0131nda kullan\u0131lan t\u00fcm ekipmanlar\u0131n temizli\u011finde kullan\u0131l\u0131r.<\/strong><\/p>\n<p><strong>Suda \u00e7\u00f6z\u00fcnmeyen vat boyalar ve s\u00fclf\u00fcr boyalar\u0131yla red\u00fcktif reaksiyon vererek boyalar\u0131n suda \u00e7\u00f6z\u00fcnebilen leuco formuna d\u00f6n\u00fc\u015fmesini sa\u011flar.<\/strong><\/p>\n<p><strong>G\u0131da sekt\u00f6r\u00fcnde \u015ferbet ve maltozu a\u011fartmak i\u00e7in kullan\u0131l\u0131r.<\/strong><\/p>\n<p><strong>Kazanlarda oksijen s\u00fcp\u00fcr\u00fcc\u00fcs\u00fc olarak kullan\u0131l\u0131r.<\/strong><\/p>\n<p><strong>K\u00fclt\u00fcrel eserler \u00fczerindeki demir lekelerini gidermeye y\u00f6nelik koruma ve su ar\u0131t\u0131m\u0131nda kullan\u0131l\u0131r.<\/strong><\/p>\n<p><strong>A\u011fartma ortamlar\u0131nda beyaz kuma\u015flarda demir fla\u015f kontrol\u00fc sa\u011flar.<\/strong><\/p>\n<p><strong>Kil, deri e\u015fyalar sekt\u00f6r\u00fcnde kullan\u0131m alanlar\u0131 mevcuttur.<\/strong><\/p>\n<p><strong>Polimerler, temizleyiciler, gaz temizleme, \u00e7evresel iyile\u015ftirme, metal geri kazan\u0131m ve kimyasal i\u015fleme alanlar\u0131nda da kullan\u0131l\u0131r.<\/strong><\/p>\n<p><strong>Bask\u0131 ve kesme (s\u00f6k\u00fcp par\u00e7alama ay\u0131rma i\u015flemlerinde kullan\u0131l\u0131r.<\/strong><\/p>\n<p><strong>Foto\u011fraf\u00e7\u0131l\u0131kta g\u00fcm\u00fc\u015f tuzlar\u0131n\u0131 \u00e7\u00f6z\u00fcnd\u00fcrmede kullan\u0131l\u0131r.<\/strong><\/p>\n<p><strong>\u00a0<\/strong><\/p>\n<p><strong>D\u0130KKAT<\/strong><\/p>\n<p><strong>Kapal\u0131 yerde uzun s\u00fcre solumay\u0131n\u0131z.<\/strong><\/p>\n<p><strong>G\u00f6z ve deri i\u00e7in tahri\u015f edicidir. Bol suyla y\u0131kay\u0131n.<\/strong><\/p>\n<p><strong>Yan\u0131c\u0131 ve parlay\u0131c\u0131d\u0131r.<\/strong><\/p>\n<p><strong>\u00a0<\/strong><\/p>\n<p><strong>AMBALAJ<\/strong><\/p>\n<p><strong>50 kg variller halinde <\/strong><\/p>\n<p><strong>\u00a0<\/strong><\/p>\n<p><strong>DEPOLAMA<\/strong><\/p>\n<p><strong>Kapal\u0131 bir \u015fekilde oda s\u0131cakl\u0131\u011f\u0131nda muhafaza ediniz.<\/strong><\/p>\n","protected":false},"excerpt":{"rendered":"<p>SODYUM H\u0130DROS\u00dcLF\u0130T NaHS form\u00fcl\u00fcne sahip kimyasal bir bile\u015fik olan Sodyum Hidros\u00fclfit disodyum tuzu olan inorganik bir sodyum tuzudur. Hidrojen s\u00fclf\u00fcr\u00fcn<\/p>\n","protected":false},"featured_media":17130,"comment_status":"open","ping_status":"closed","template":"","meta":{"_joinchat":[]},"product_cat":[70,73,76],"product_tag":[],"class_list":{"0":"post-17129","1":"product","2":"type-product","3":"status-publish","4":"has-post-thumbnail","6":"product_cat-boya-ve-yapi-kimyasallar","7":"product_cat-deri-ve-tekstil-kimyasallari","8":"product_cat-gida-ve-katki-kimyasallari","10":"first","11":"instock","12":"shipping-taxable","13":"purchasable","14":"product-type-variable"},"yoast_head":"<!-- This site is optimized with the Yoast SEO Premium plugin v20.2.1 (Yoast SEO v20.2.1) - https:\/\/yoast.com\/wordpress\/plugins\/seo\/ -->\n<title>SODYUM H\u0130DROS\u00dcLF\u0130T - Akerkimya<\/title>\n<meta name=\"robots\" content=\"index, follow, max-snippet:-1, max-image-preview:large, max-video-preview:-1\" \/>\n<link rel=\"canonical\" href=\"https:\/\/akerkimya.com\/eticaret\/urun\/sodyum-hidrosulfit\/\" \/>\n<meta property=\"og:locale\" content=\"tr_TR\" \/>\n<meta property=\"og:type\" content=\"article\" \/>\n<meta property=\"og:title\" content=\"SODYUM H\u0130DROS\u00dcLF\u0130T\" \/>\n<meta property=\"og:description\" content=\"SODYUM H\u0130DROS\u00dcLF\u0130T NaHS form\u00fcl\u00fcne sahip kimyasal bir bile\u015fik olan Sodyum Hidros\u00fclfit disodyum tuzu olan inorganik bir sodyum tuzudur. Hidrojen s\u00fclf\u00fcr\u00fcn\" \/>\n<meta property=\"og:url\" content=\"https:\/\/akerkimya.com\/eticaret\/urun\/sodyum-hidrosulfit\/\" \/>\n<meta property=\"og:site_name\" content=\"Akerkimya\" \/>\n<meta property=\"article:modified_time\" content=\"2026-03-29T23:24:04+00:00\" \/>\n<meta property=\"og:image\" content=\"https:\/\/akerkimya.com\/eticaret\/wp-content\/uploads\/2025\/01\/SODYUM-HIDROSULFIT-GUNCEL-.png\" \/>\n\t<meta property=\"og:image:width\" content=\"1000\" \/>\n\t<meta property=\"og:image:height\" content=\"1000\" \/>\n\t<meta property=\"og:image:type\" content=\"image\/png\" \/>\n<meta name=\"twitter:card\" content=\"summary_large_image\" \/>\n<meta name=\"twitter:label1\" content=\"Tahmini okuma s\u00fcresi\" \/>\n\t<meta name=\"twitter:data1\" content=\"3 dakika\" \/>\n<script type=\"application\/ld+json\" class=\"yoast-schema-graph\">{\"@context\":\"https:\/\/schema.org\",\"@graph\":[{\"@type\":\"WebPage\",\"@id\":\"https:\/\/akerkimya.com\/eticaret\/urun\/sodyum-hidrosulfit\/\",\"url\":\"https:\/\/akerkimya.com\/eticaret\/urun\/sodyum-hidrosulfit\/\",\"name\":\"SODYUM H\u0130DROS\u00dcLF\u0130T - Akerkimya\",\"isPartOf\":{\"@id\":\"https:\/\/akerkimya.com\/eticaret\/#website\"},\"datePublished\":\"2025-01-01T23:57:15+00:00\",\"dateModified\":\"2026-03-29T23:24:04+00:00\",\"breadcrumb\":{\"@id\":\"https:\/\/akerkimya.com\/eticaret\/urun\/sodyum-hidrosulfit\/#breadcrumb\"},\"inLanguage\":\"tr\",\"potentialAction\":[{\"@type\":\"ReadAction\",\"target\":[\"https:\/\/akerkimya.com\/eticaret\/urun\/sodyum-hidrosulfit\/\"]}]},{\"@type\":\"BreadcrumbList\",\"@id\":\"https:\/\/akerkimya.com\/eticaret\/urun\/sodyum-hidrosulfit\/#breadcrumb\",\"itemListElement\":[{\"@type\":\"ListItem\",\"position\":1,\"name\":\"Home\",\"item\":\"https:\/\/akerkimya.com\/eticaret\/\"},{\"@type\":\"ListItem\",\"position\":2,\"name\":\"Market\",\"item\":\"https:\/\/akerkimya.com\/eticaret\/market\/\"},{\"@type\":\"ListItem\",\"position\":3,\"name\":\"SODYUM H\u0130DROS\u00dcLF\u0130T\"}]},{\"@type\":\"WebSite\",\"@id\":\"https:\/\/akerkimya.com\/eticaret\/#website\",\"url\":\"https:\/\/akerkimya.com\/eticaret\/\",\"name\":\"Akerkimya\",\"description\":\"\",\"potentialAction\":[{\"@type\":\"SearchAction\",\"target\":{\"@type\":\"EntryPoint\",\"urlTemplate\":\"https:\/\/akerkimya.com\/eticaret\/?s={search_term_string}\"},\"query-input\":\"required name=search_term_string\"}],\"inLanguage\":\"tr\"}]}<\/script>\n<!-- \/ Yoast SEO Premium plugin. -->","yoast_head_json":{"title":"SODYUM H\u0130DROS\u00dcLF\u0130T - Akerkimya","robots":{"index":"index","follow":"follow","max-snippet":"max-snippet:-1","max-image-preview":"max-image-preview:large","max-video-preview":"max-video-preview:-1"},"canonical":"https:\/\/akerkimya.com\/eticaret\/urun\/sodyum-hidrosulfit\/","og_locale":"tr_TR","og_type":"article","og_title":"SODYUM H\u0130DROS\u00dcLF\u0130T","og_description":"SODYUM H\u0130DROS\u00dcLF\u0130T NaHS form\u00fcl\u00fcne sahip kimyasal bir bile\u015fik olan Sodyum Hidros\u00fclfit disodyum tuzu olan inorganik bir sodyum tuzudur. Hidrojen s\u00fclf\u00fcr\u00fcn","og_url":"https:\/\/akerkimya.com\/eticaret\/urun\/sodyum-hidrosulfit\/","og_site_name":"Akerkimya","article_modified_time":"2026-03-29T23:24:04+00:00","og_image":[{"width":1000,"height":1000,"url":"https:\/\/akerkimya.com\/eticaret\/wp-content\/uploads\/2025\/01\/SODYUM-HIDROSULFIT-GUNCEL-.png","type":"image\/png"}],"twitter_card":"summary_large_image","twitter_misc":{"Tahmini okuma s\u00fcresi":"3 dakika"},"schema":{"@context":"https:\/\/schema.org","@graph":[{"@type":"WebPage","@id":"https:\/\/akerkimya.com\/eticaret\/urun\/sodyum-hidrosulfit\/","url":"https:\/\/akerkimya.com\/eticaret\/urun\/sodyum-hidrosulfit\/","name":"SODYUM H\u0130DROS\u00dcLF\u0130T - Akerkimya","isPartOf":{"@id":"https:\/\/akerkimya.com\/eticaret\/#website"},"datePublished":"2025-01-01T23:57:15+00:00","dateModified":"2026-03-29T23:24:04+00:00","breadcrumb":{"@id":"https:\/\/akerkimya.com\/eticaret\/urun\/sodyum-hidrosulfit\/#breadcrumb"},"inLanguage":"tr","potentialAction":[{"@type":"ReadAction","target":["https:\/\/akerkimya.com\/eticaret\/urun\/sodyum-hidrosulfit\/"]}]},{"@type":"BreadcrumbList","@id":"https:\/\/akerkimya.com\/eticaret\/urun\/sodyum-hidrosulfit\/#breadcrumb","itemListElement":[{"@type":"ListItem","position":1,"name":"Home","item":"https:\/\/akerkimya.com\/eticaret\/"},{"@type":"ListItem","position":2,"name":"Market","item":"https:\/\/akerkimya.com\/eticaret\/market\/"},{"@type":"ListItem","position":3,"name":"SODYUM H\u0130DROS\u00dcLF\u0130T"}]},{"@type":"WebSite","@id":"https:\/\/akerkimya.com\/eticaret\/#website","url":"https:\/\/akerkimya.com\/eticaret\/","name":"Akerkimya","description":"","potentialAction":[{"@type":"SearchAction","target":{"@type":"EntryPoint","urlTemplate":"https:\/\/akerkimya.com\/eticaret\/?s={search_term_string}"},"query-input":"required name=search_term_string"}],"inLanguage":"tr"}]}},"_links":{"self":[{"href":"https:\/\/akerkimya.com\/eticaret\/wp-json\/wp\/v2\/product\/17129","targetHints":{"allow":["GET"]}}],"collection":[{"href":"https:\/\/akerkimya.com\/eticaret\/wp-json\/wp\/v2\/product"}],"about":[{"href":"https:\/\/akerkimya.com\/eticaret\/wp-json\/wp\/v2\/types\/product"}],"replies":[{"embeddable":true,"href":"https:\/\/akerkimya.com\/eticaret\/wp-json\/wp\/v2\/comments?post=17129"}],"version-history":[{"count":1,"href":"https:\/\/akerkimya.com\/eticaret\/wp-json\/wp\/v2\/product\/17129\/revisions"}],"predecessor-version":[{"id":17132,"href":"https:\/\/akerkimya.com\/eticaret\/wp-json\/wp\/v2\/product\/17129\/revisions\/17132"}],"wp:featuredmedia":[{"embeddable":true,"href":"https:\/\/akerkimya.com\/eticaret\/wp-json\/wp\/v2\/media\/17130"}],"wp:attachment":[{"href":"https:\/\/akerkimya.com\/eticaret\/wp-json\/wp\/v2\/media?parent=17129"}],"wp:term":[{"taxonomy":"product_cat","embeddable":true,"href":"https:\/\/akerkimya.com\/eticaret\/wp-json\/wp\/v2\/product_cat?post=17129"},{"taxonomy":"product_tag","embeddable":true,"href":"https:\/\/akerkimya.com\/eticaret\/wp-json\/wp\/v2\/product_tag?post=17129"}],"curies":[{"name":"wp","href":"https:\/\/api.w.org\/{rel}","templated":true}]}}