{"id":17212,"date":"2025-01-02T15:49:03","date_gmt":"2025-01-02T12:49:03","guid":{"rendered":"https:\/\/akerkimya.com\/eticaret\/?post_type=product&#038;p=17212"},"modified":"2026-03-30T02:24:08","modified_gmt":"2026-03-29T23:24:08","slug":"sodyum-sulfur","status":"publish","type":"product","link":"https:\/\/akerkimya.com\/eticaret\/urun\/sodyum-sulfur\/","title":{"rendered":"SODYUM S\u00dcLF\u00dcR"},"content":{"rendered":"<h1>SODYUM S\u00dcLF\u00dcR<\/h1>\n<p><strong>Sodyum S\u00fclf\u00fcr, Na2S form\u00fcl\u00fcne sahip z\u0131rn\u0131k olarak da bilinen indirgen yap\u0131da bir kimyasald\u0131r. K\u00f6m\u00fcr azaltma y\u00f6ntemi ile elde edilebilen sodyum s\u00fclf\u00fcr yabanc\u0131 maddeler neden ile renginde, erime-kaynama noktas\u0131nda de\u011fi\u015fmeler meydana gelir. Nem tutucu \u00f6zelli\u011fe sahiptir. Sodyum s\u00fclf\u00fcr \u0131s\u0131t\u0131ld\u0131\u011f\u0131nda zaman suni k\u00fck\u00fcrt banyolar\u0131n\u0131n haz\u0131rlanmas\u0131nda kullan\u0131lmakta olan poli-s\u00fclf\u00fcrleri verir. <\/strong><\/p>\n<p><strong>\u00a0<\/strong><\/p>\n<p><strong>SODYUM S\u00dcLF\u00dcR \u00d6ZELL\u0130KLER\u0130<\/strong><\/p>\n<p><strong>Renksiz higroskopik kat\u0131 yap\u0131dad\u0131r.<\/strong><\/p>\n<p><strong>Nemli havaya maruz kald\u0131\u011f\u0131nda, Na2S ve hidratlar\u0131, \u00e7\u00fcr\u00fck yumurta benzeri kokan hidrojen s\u00fclfit yayar.<\/strong><\/p>\n<p><strong>Teknik s\u0131n\u0131flarda bulunan sodyum s\u00fclf\u00fcr, poli-s\u00fclf\u00fcr varl\u0131\u011f\u0131 nedeniyle sar\u0131 g\u00f6r\u00fcn\u00fcme sahiptir.<\/strong><\/p>\n<p><strong>Sodyum s\u00fclf\u00fcr ve hidroklorik asit birebir oranda kar\u0131\u015ft\u0131r\u0131ld\u0131\u011f\u0131nda hidrojen s\u00fclf\u00fcr gaz\u0131 elde edilir. <\/strong><\/p>\n<p><strong>\u00a0<\/strong><\/p>\n<p><strong>TEKN\u0130K \u00d6ZELL\u0130KLER\u0130<\/strong><\/p>\n<p><strong>CAS NUMARASI: 1313-82-2, 1313-84-4 (pentahidrat) 1313-84-4(nonohydrate)<\/strong><\/p>\n<p><strong>EC NUMARASI: 215-211-5<\/strong><\/p>\n<p><strong>MOLEK\u00dcLER FORM\u00dcL: Na2S<\/strong><\/p>\n<p><strong>MOLAR K\u00dcTLE: 78,0452 g\/mol(susuz) 240,18 g\/mol (nonohydrate)<\/strong><\/p>\n<p><strong>YO\u011eUNLUK: 1.856 g\/cm\u00b3 (susuz), 1.58 g\/cm\u00b3 (pentahidrat), 1.43 g\/cm\u00b3(nonohydrate)<\/strong><\/p>\n<p><strong>ER\u0130ME NOKTASI: 1176 \u00b0C (susuz), 100 \u00b0C (pentahidrat), 50 \u00b0C (nonohydrate)<\/strong><\/p>\n<p><strong>SUDA \u00c7\u00d6Z\u00dcN\u00dcRL\u00dcK: 12.4 g\/100ml (0\u00b0C), 18,6 g\/100ml (20 \u00b0C), 39 g\/100ml (50\u00b0C)<\/strong><\/p>\n<p><strong>\u00c7\u00d6Z\u00dcN\u00dcRL\u00dcK: Eter i\u00e7inde \u00e7\u00f6z\u00fcnmez alkol i\u00e7inde \u00e7ok az \u00e7\u00f6z\u00fcn\u00fcr.<\/strong><\/p>\n<p><strong>\u00a0<\/strong><\/p>\n<p><strong>KULLANIM ALANLARI<\/strong><\/p>\n<p><strong>Sodyum s\u00fclf\u00fcr metal sanayinde metalik bak\u0131r, \u00e7inko ve kur\u015fun gibi s\u00fclfit minerallerin ve metal olmayan minerallerin flotasyon a\u015famas\u0131nda s\u00fclf\u00fcrleme i\u015flemi i\u00e7in kullan\u0131l\u0131r.<\/strong><\/p>\n<p><strong>Deri i\u015fleme ve tabakalama sekt\u00f6r\u00fcnde k\u0131llar\u0131n d\u00f6k\u00fclmesi amac\u0131yla kullan\u0131l\u0131r.<\/strong><\/p>\n<p><strong>Tekstil end\u00fcstrisinde a\u011fart\u0131c\u0131 madde olarak kullan\u0131l\u0131r.<\/strong><\/p>\n<p><strong>Kau\u00e7uk kimyasallar\u0131, k\u00fck\u00fcrt boyalar\u0131 ve di\u011fer kimyasal bile\u015fiklerin \u00fcretiminde kullan\u0131l\u0131r.<\/strong><\/p>\n<p><strong>Seramik alan\u0131nda kuvarslar i\u00e7in bast\u0131r\u0131c\u0131 amac\u0131yla kullan\u0131l\u0131r.<\/strong><\/p>\n<p><strong>K\u00e2\u011f\u0131t hamuru ve k\u00e2\u011f\u0131t end\u00fcstrisinde Kraft i\u015flemede kullan\u0131l\u0131r.<\/strong><\/p>\n<p><strong>Cevher y\u00fczd\u00fcrmede, ya\u011f geri kazan\u0131m\u0131, boya ve deterjan yap\u0131m\u0131 gibi proseslerde kullan\u0131l\u0131r.<\/strong><\/p>\n<p><strong>Yar\u0131 soy metal cevherlerinin selektif flotasyonunda bast\u0131r\u0131c\u0131 olarak sodyum s\u00fclf\u00fcr kullan\u0131l\u0131r.<\/strong><\/p>\n<p><strong>Su ar\u0131tmada oksijen tutucu ve metal \u00e7\u00f6keltici madde olarak kullan\u0131l\u0131r.<\/strong><\/p>\n<p><strong>Kimyasal imalatta s\u00fclfonasyon ve s\u00fclfometilasyon ajan\u0131 olarak kullan\u0131l\u0131r.<\/strong><\/p>\n<p><strong>Siyah-beyaz foto\u011fraflar\u0131n tonlanmas\u0131 i\u00e7in foto\u011fraf\u00e7\u0131l\u0131kta kullan\u0131l\u0131r.<\/strong><\/p>\n<p><strong>\u00a0<\/strong><\/p>\n<p><strong>AMBALAJ <\/strong><\/p>\n<p><strong>1-5-25 kg Kraft torbalarda <\/strong><\/p>\n<p><strong>\u00a0<\/strong><\/p>\n<p><strong>DEPOLAMA <\/strong><\/p>\n<p><strong>\u00dcr\u00fcn kullan\u0131ld\u0131ktan sonra a\u011fz\u0131 a\u00e7\u0131k b\u0131rak\u0131lmamal\u0131 ve s\u0131k\u0131ca kapat\u0131lmal\u0131d\u0131r. Serin, kuru ve havaland\u0131r\u0131lm\u0131\u015f bir alanda muhafaza edilmelidir.<\/strong><\/p>\n","protected":false},"excerpt":{"rendered":"<p>SODYUM S\u00dcLF\u00dcR Sodyum S\u00fclf\u00fcr, Na2S form\u00fcl\u00fcne sahip z\u0131rn\u0131k olarak da bilinen indirgen yap\u0131da bir kimyasald\u0131r. K\u00f6m\u00fcr azaltma y\u00f6ntemi ile elde<\/p>\n","protected":false},"featured_media":17213,"comment_status":"open","ping_status":"closed","template":"","meta":{"_joinchat":[]},"product_cat":[70,72,73,78],"product_tag":[],"class_list":{"0":"post-17212","1":"product","2":"type-product","3":"status-publish","4":"has-post-thumbnail","6":"product_cat-boya-ve-yapi-kimyasallar","7":"product_cat-cam-ve-seramik-kimyasallari","8":"product_cat-deri-ve-tekstil-kimyasallari","9":"product_cat-metal-dokum-kaplama","11":"first","12":"instock","13":"shipping-taxable","14":"purchasable","15":"product-type-variable"},"yoast_head":"<!-- This site is optimized with the Yoast SEO Premium plugin v20.2.1 (Yoast SEO v20.2.1) - https:\/\/yoast.com\/wordpress\/plugins\/seo\/ -->\n<title>SODYUM S\u00dcLF\u00dcR - Akerkimya<\/title>\n<meta name=\"robots\" content=\"index, follow, max-snippet:-1, max-image-preview:large, max-video-preview:-1\" \/>\n<link rel=\"canonical\" href=\"https:\/\/akerkimya.com\/eticaret\/urun\/sodyum-sulfur\/\" \/>\n<meta property=\"og:locale\" content=\"tr_TR\" \/>\n<meta property=\"og:type\" content=\"article\" \/>\n<meta property=\"og:title\" content=\"SODYUM S\u00dcLF\u00dcR\" \/>\n<meta property=\"og:description\" content=\"SODYUM S\u00dcLF\u00dcR Sodyum S\u00fclf\u00fcr, Na2S form\u00fcl\u00fcne sahip z\u0131rn\u0131k olarak da bilinen indirgen yap\u0131da bir kimyasald\u0131r. K\u00f6m\u00fcr azaltma y\u00f6ntemi ile elde\" \/>\n<meta property=\"og:url\" content=\"https:\/\/akerkimya.com\/eticaret\/urun\/sodyum-sulfur\/\" \/>\n<meta property=\"og:site_name\" content=\"Akerkimya\" \/>\n<meta property=\"article:modified_time\" content=\"2026-03-29T23:24:08+00:00\" \/>\n<meta property=\"og:image\" content=\"https:\/\/akerkimya.com\/eticaret\/wp-content\/uploads\/2025\/01\/SODYUM-SULFUR-GUNCEL.png\" \/>\n\t<meta property=\"og:image:width\" content=\"1000\" \/>\n\t<meta property=\"og:image:height\" content=\"1000\" \/>\n\t<meta property=\"og:image:type\" content=\"image\/png\" \/>\n<meta name=\"twitter:card\" content=\"summary_large_image\" \/>\n<meta name=\"twitter:label1\" content=\"Tahmini okuma s\u00fcresi\" \/>\n\t<meta name=\"twitter:data1\" content=\"2 dakika\" \/>\n<script type=\"application\/ld+json\" class=\"yoast-schema-graph\">{\"@context\":\"https:\/\/schema.org\",\"@graph\":[{\"@type\":\"WebPage\",\"@id\":\"https:\/\/akerkimya.com\/eticaret\/urun\/sodyum-sulfur\/\",\"url\":\"https:\/\/akerkimya.com\/eticaret\/urun\/sodyum-sulfur\/\",\"name\":\"SODYUM S\u00dcLF\u00dcR - Akerkimya\",\"isPartOf\":{\"@id\":\"https:\/\/akerkimya.com\/eticaret\/#website\"},\"datePublished\":\"2025-01-02T12:49:03+00:00\",\"dateModified\":\"2026-03-29T23:24:08+00:00\",\"breadcrumb\":{\"@id\":\"https:\/\/akerkimya.com\/eticaret\/urun\/sodyum-sulfur\/#breadcrumb\"},\"inLanguage\":\"tr\",\"potentialAction\":[{\"@type\":\"ReadAction\",\"target\":[\"https:\/\/akerkimya.com\/eticaret\/urun\/sodyum-sulfur\/\"]}]},{\"@type\":\"BreadcrumbList\",\"@id\":\"https:\/\/akerkimya.com\/eticaret\/urun\/sodyum-sulfur\/#breadcrumb\",\"itemListElement\":[{\"@type\":\"ListItem\",\"position\":1,\"name\":\"Home\",\"item\":\"https:\/\/akerkimya.com\/eticaret\/\"},{\"@type\":\"ListItem\",\"position\":2,\"name\":\"Market\",\"item\":\"https:\/\/akerkimya.com\/eticaret\/market\/\"},{\"@type\":\"ListItem\",\"position\":3,\"name\":\"SODYUM S\u00dcLF\u00dcR\"}]},{\"@type\":\"WebSite\",\"@id\":\"https:\/\/akerkimya.com\/eticaret\/#website\",\"url\":\"https:\/\/akerkimya.com\/eticaret\/\",\"name\":\"Akerkimya\",\"description\":\"\",\"potentialAction\":[{\"@type\":\"SearchAction\",\"target\":{\"@type\":\"EntryPoint\",\"urlTemplate\":\"https:\/\/akerkimya.com\/eticaret\/?s={search_term_string}\"},\"query-input\":\"required name=search_term_string\"}],\"inLanguage\":\"tr\"}]}<\/script>\n<!-- \/ Yoast SEO Premium plugin. -->","yoast_head_json":{"title":"SODYUM S\u00dcLF\u00dcR - Akerkimya","robots":{"index":"index","follow":"follow","max-snippet":"max-snippet:-1","max-image-preview":"max-image-preview:large","max-video-preview":"max-video-preview:-1"},"canonical":"https:\/\/akerkimya.com\/eticaret\/urun\/sodyum-sulfur\/","og_locale":"tr_TR","og_type":"article","og_title":"SODYUM S\u00dcLF\u00dcR","og_description":"SODYUM S\u00dcLF\u00dcR Sodyum S\u00fclf\u00fcr, Na2S form\u00fcl\u00fcne sahip z\u0131rn\u0131k olarak da bilinen indirgen yap\u0131da bir kimyasald\u0131r. K\u00f6m\u00fcr azaltma y\u00f6ntemi ile elde","og_url":"https:\/\/akerkimya.com\/eticaret\/urun\/sodyum-sulfur\/","og_site_name":"Akerkimya","article_modified_time":"2026-03-29T23:24:08+00:00","og_image":[{"width":1000,"height":1000,"url":"https:\/\/akerkimya.com\/eticaret\/wp-content\/uploads\/2025\/01\/SODYUM-SULFUR-GUNCEL.png","type":"image\/png"}],"twitter_card":"summary_large_image","twitter_misc":{"Tahmini okuma s\u00fcresi":"2 dakika"},"schema":{"@context":"https:\/\/schema.org","@graph":[{"@type":"WebPage","@id":"https:\/\/akerkimya.com\/eticaret\/urun\/sodyum-sulfur\/","url":"https:\/\/akerkimya.com\/eticaret\/urun\/sodyum-sulfur\/","name":"SODYUM S\u00dcLF\u00dcR - Akerkimya","isPartOf":{"@id":"https:\/\/akerkimya.com\/eticaret\/#website"},"datePublished":"2025-01-02T12:49:03+00:00","dateModified":"2026-03-29T23:24:08+00:00","breadcrumb":{"@id":"https:\/\/akerkimya.com\/eticaret\/urun\/sodyum-sulfur\/#breadcrumb"},"inLanguage":"tr","potentialAction":[{"@type":"ReadAction","target":["https:\/\/akerkimya.com\/eticaret\/urun\/sodyum-sulfur\/"]}]},{"@type":"BreadcrumbList","@id":"https:\/\/akerkimya.com\/eticaret\/urun\/sodyum-sulfur\/#breadcrumb","itemListElement":[{"@type":"ListItem","position":1,"name":"Home","item":"https:\/\/akerkimya.com\/eticaret\/"},{"@type":"ListItem","position":2,"name":"Market","item":"https:\/\/akerkimya.com\/eticaret\/market\/"},{"@type":"ListItem","position":3,"name":"SODYUM S\u00dcLF\u00dcR"}]},{"@type":"WebSite","@id":"https:\/\/akerkimya.com\/eticaret\/#website","url":"https:\/\/akerkimya.com\/eticaret\/","name":"Akerkimya","description":"","potentialAction":[{"@type":"SearchAction","target":{"@type":"EntryPoint","urlTemplate":"https:\/\/akerkimya.com\/eticaret\/?s={search_term_string}"},"query-input":"required name=search_term_string"}],"inLanguage":"tr"}]}},"_links":{"self":[{"href":"https:\/\/akerkimya.com\/eticaret\/wp-json\/wp\/v2\/product\/17212","targetHints":{"allow":["GET"]}}],"collection":[{"href":"https:\/\/akerkimya.com\/eticaret\/wp-json\/wp\/v2\/product"}],"about":[{"href":"https:\/\/akerkimya.com\/eticaret\/wp-json\/wp\/v2\/types\/product"}],"replies":[{"embeddable":true,"href":"https:\/\/akerkimya.com\/eticaret\/wp-json\/wp\/v2\/comments?post=17212"}],"version-history":[{"count":1,"href":"https:\/\/akerkimya.com\/eticaret\/wp-json\/wp\/v2\/product\/17212\/revisions"}],"predecessor-version":[{"id":17217,"href":"https:\/\/akerkimya.com\/eticaret\/wp-json\/wp\/v2\/product\/17212\/revisions\/17217"}],"wp:featuredmedia":[{"embeddable":true,"href":"https:\/\/akerkimya.com\/eticaret\/wp-json\/wp\/v2\/media\/17213"}],"wp:attachment":[{"href":"https:\/\/akerkimya.com\/eticaret\/wp-json\/wp\/v2\/media?parent=17212"}],"wp:term":[{"taxonomy":"product_cat","embeddable":true,"href":"https:\/\/akerkimya.com\/eticaret\/wp-json\/wp\/v2\/product_cat?post=17212"},{"taxonomy":"product_tag","embeddable":true,"href":"https:\/\/akerkimya.com\/eticaret\/wp-json\/wp\/v2\/product_tag?post=17212"}],"curies":[{"name":"wp","href":"https:\/\/api.w.org\/{rel}","templated":true}]}}