{"id":17413,"date":"2025-01-03T16:30:13","date_gmt":"2025-01-03T13:30:13","guid":{"rendered":"https:\/\/akerkimya.com\/eticaret\/?post_type=product&#038;p=17413"},"modified":"2026-03-30T02:24:13","modified_gmt":"2026-03-29T23:24:13","slug":"silika-jel-beyaz","status":"publish","type":"product","link":"https:\/\/akerkimya.com\/eticaret\/urun\/silika-jel-beyaz\/","title":{"rendered":"S\u0130L\u0130KA JEL (BEYAZ)"},"content":{"rendered":"<h1>S\u0130L\u0130KA JEL (BEYAZ)<\/h1>\n<p><strong>Silika jel, SiO2+H2O+CoCl2 form\u00fcl\u00fcne sahip silikon dioksit yap\u0131s\u0131nda en yayg\u0131n kullan\u0131lan nem al\u0131c\u0131 malzemedir. Yap\u0131s\u0131nda nanometre boyutundaki g\u00f6zenekleri sayesinde olduk\u00e7a y\u00fcksek y\u00fczey alan\u0131na sahiptir ve bu \u00f6zelli\u011finden dolay\u0131 rutubeti y\u00fcksek verimlilikle b\u00fcnyesinde tutmaktad\u0131r.<\/strong><\/p>\n<p><strong>\u00a0<\/strong><\/p>\n<p><strong>S\u0130L\u0130KA JEL \u00d6ZEL\u0130KLER\u0130<\/strong><\/p>\n<p><strong>Kokusuz, \u015feffaf boncuklar formundad\u0131r.<\/strong><\/p>\n<p><strong>Suda \u00e7\u00f6z\u00fcnmez, hi\u00e7bir asitle kar\u0131\u015fmaz, alkali ve tuz reaksiyona girer.<\/strong><\/p>\n<p><strong>Yan\u0131c\u0131 ve patlay\u0131c\u0131 de\u011fildir. <\/strong><\/p>\n<p><strong>G\u00fc\u00e7l\u00fc \u0131s\u0131 ve so\u011fuk havaya dayan\u0131kl\u0131d\u0131r. <\/strong><\/p>\n<p><strong>\u00a0<\/strong><\/p>\n<p><strong>TEKN\u0130K \u00d6ZELL\u0130KLER\u0130<\/strong><\/p>\n<p><strong>CAS NUMARASI: 63231-67-4<\/strong><\/p>\n<p><strong>EC NUMARASI: 231-545-4<\/strong><\/p>\n<p><strong>MOLEK\u00dcLER FORM\u00dcL: SiO2+H2O+CoCl2<\/strong><\/p>\n<p><strong>K\u0130MYASAL \u0130SM\u0130: Silika Jel,<\/strong><\/p>\n<p><strong>MOLAR K\u00dcTLE: 60.08 g\/mol<\/strong><\/p>\n<p><strong>ER\u0130ME NOKTASI: 1610-1728 \u00b0C (2930-3142 \u00b0F)<\/strong><\/p>\n<p><strong>KAYNAMA NOKTASI: 2230 \u00b0C (4046 \u00b0F)<\/strong><\/p>\n<p><strong>YO\u011eUNLUK: 2,17-2,66 g\/cm\u00b3<\/strong><\/p>\n<p><strong>\u00a0<\/strong><\/p>\n<p><strong>KULANIM ALANLARI<\/strong><\/p>\n<p><strong>Kau\u00e7uk end\u00fcstrisinde dolgu maddeleri olarak kullan\u0131l\u0131r.<\/strong><\/p>\n<p><strong>Toz malzemelerde serbest ak\u0131\u015f ve topaklanmay\u0131 engelleyici madde olarak kullan\u0131l\u0131r.<\/strong><\/p>\n<p><strong>Boncuk formunda sentetik amorf, g\u00f6zenekli y\u00fcksek kapasiteli silika jeller, end\u00fcstriyel alanlarda s\u0131k\u0131\u015ft\u0131r\u0131lm\u0131\u015f havan\u0131n, azot, oksijen, karbon dioksit, s\u0131v\u0131la\u015ft\u0131r\u0131lm\u0131\u015f gazlar ve do\u011fal gaz gibi teknik gazlar\u0131n kurutulmas\u0131 i\u00e7in kullan\u0131lmaktad\u0131r.<\/strong><\/p>\n<p><strong>Deri, giyim, ev aletleri gibi alanlarda kurutucu ajan olarak kullan\u0131l\u0131r.<\/strong><\/p>\n<p><strong>Hayvan yemi ve zirai kimyasallar\u0131n \u00fcretiminde kullan\u0131l\u0131r.<\/strong><\/p>\n<p><strong>Enerji santrallerinde ve laboratuvarlarda, adsorbentleri ve kataliz\u00f6rleri neme kar\u015f\u0131 korumak i\u00e7in kullan\u0131l\u0131r.<\/strong><\/p>\n<p><strong>Depolama ve ta\u015f\u0131ma tanklar\u0131nda kullan\u0131lmaktad\u0131r.<\/strong><\/p>\n<p><strong>\u0130nce kimyasal \u00fcr\u00fcnler i\u00e7in hammadde olarak kullan\u0131l\u0131r.<\/strong><\/p>\n<p><strong>G\u0131da \u00fcr\u00fcnlerin korunmas\u0131nda kullan\u0131l\u0131r.<\/strong><\/p>\n<p><strong>\u00a0<\/strong><\/p>\n<p><strong>AMBALAJ<\/strong><\/p>\n<p><strong>1-5-25 Kg torbalar halindedir.<\/strong><\/p>\n<p><strong>\u00a0<\/strong><\/p>\n<p><strong>DEPOLAMA<\/strong><\/p>\n<p><strong>Serin ve kuru bir alanda muhafaza ediniz.<\/strong><\/p>\n<p><strong>\u00a0<\/strong><\/p>\n<p><strong>\u00a0<\/strong><\/p>\n<p><strong>\u00a0<\/strong><\/p>\n","protected":false},"excerpt":{"rendered":"<p>S\u0130L\u0130KA JEL (BEYAZ) Silika jel, SiO2+H2O+CoCl2 form\u00fcl\u00fcne sahip silikon dioksit yap\u0131s\u0131nda en yayg\u0131n kullan\u0131lan nem al\u0131c\u0131 malzemedir. Yap\u0131s\u0131nda nanometre boyutundaki<\/p>\n","protected":false},"featured_media":17414,"comment_status":"open","ping_status":"closed","template":"","meta":{"_joinchat":[]},"product_cat":[75],"product_tag":[],"class_list":{"0":"post-17413","1":"product","2":"type-product","3":"status-publish","4":"has-post-thumbnail","6":"product_cat-genel-kimyasallar","8":"first","9":"instock","10":"shipping-taxable","11":"purchasable","12":"product-type-variable"},"yoast_head":"<!-- This site is optimized with the Yoast SEO Premium plugin v20.2.1 (Yoast SEO v20.2.1) - https:\/\/yoast.com\/wordpress\/plugins\/seo\/ -->\n<title>S\u0130L\u0130KA JEL (BEYAZ) - Akerkimya<\/title>\n<meta name=\"robots\" content=\"index, follow, max-snippet:-1, max-image-preview:large, max-video-preview:-1\" \/>\n<link rel=\"canonical\" href=\"https:\/\/akerkimya.com\/eticaret\/urun\/silika-jel-beyaz\/\" \/>\n<meta property=\"og:locale\" content=\"tr_TR\" \/>\n<meta property=\"og:type\" content=\"article\" \/>\n<meta property=\"og:title\" content=\"S\u0130L\u0130KA JEL (BEYAZ)\" \/>\n<meta property=\"og:description\" content=\"S\u0130L\u0130KA JEL (BEYAZ) Silika jel, SiO2+H2O+CoCl2 form\u00fcl\u00fcne sahip silikon dioksit yap\u0131s\u0131nda en yayg\u0131n kullan\u0131lan nem al\u0131c\u0131 malzemedir. Yap\u0131s\u0131nda nanometre boyutundaki\" \/>\n<meta property=\"og:url\" content=\"https:\/\/akerkimya.com\/eticaret\/urun\/silika-jel-beyaz\/\" \/>\n<meta property=\"og:site_name\" content=\"Akerkimya\" \/>\n<meta property=\"article:modified_time\" content=\"2026-03-29T23:24:13+00:00\" \/>\n<meta property=\"og:image\" content=\"https:\/\/akerkimya.com\/eticaret\/wp-content\/uploads\/2025\/01\/SILIKA-JEL-BEYAZ-GUNCEL-.png\" \/>\n\t<meta property=\"og:image:width\" content=\"1000\" \/>\n\t<meta property=\"og:image:height\" content=\"1000\" \/>\n\t<meta property=\"og:image:type\" content=\"image\/png\" \/>\n<meta name=\"twitter:card\" content=\"summary_large_image\" \/>\n<meta name=\"twitter:label1\" content=\"Tahmini okuma s\u00fcresi\" \/>\n\t<meta name=\"twitter:data1\" content=\"1 dakika\" \/>\n<script type=\"application\/ld+json\" class=\"yoast-schema-graph\">{\"@context\":\"https:\/\/schema.org\",\"@graph\":[{\"@type\":\"WebPage\",\"@id\":\"https:\/\/akerkimya.com\/eticaret\/urun\/silika-jel-beyaz\/\",\"url\":\"https:\/\/akerkimya.com\/eticaret\/urun\/silika-jel-beyaz\/\",\"name\":\"S\u0130L\u0130KA JEL (BEYAZ) - Akerkimya\",\"isPartOf\":{\"@id\":\"https:\/\/akerkimya.com\/eticaret\/#website\"},\"datePublished\":\"2025-01-03T13:30:13+00:00\",\"dateModified\":\"2026-03-29T23:24:13+00:00\",\"breadcrumb\":{\"@id\":\"https:\/\/akerkimya.com\/eticaret\/urun\/silika-jel-beyaz\/#breadcrumb\"},\"inLanguage\":\"tr\",\"potentialAction\":[{\"@type\":\"ReadAction\",\"target\":[\"https:\/\/akerkimya.com\/eticaret\/urun\/silika-jel-beyaz\/\"]}]},{\"@type\":\"BreadcrumbList\",\"@id\":\"https:\/\/akerkimya.com\/eticaret\/urun\/silika-jel-beyaz\/#breadcrumb\",\"itemListElement\":[{\"@type\":\"ListItem\",\"position\":1,\"name\":\"Home\",\"item\":\"https:\/\/akerkimya.com\/eticaret\/\"},{\"@type\":\"ListItem\",\"position\":2,\"name\":\"Market\",\"item\":\"https:\/\/akerkimya.com\/eticaret\/market\/\"},{\"@type\":\"ListItem\",\"position\":3,\"name\":\"S\u0130L\u0130KA JEL (BEYAZ)\"}]},{\"@type\":\"WebSite\",\"@id\":\"https:\/\/akerkimya.com\/eticaret\/#website\",\"url\":\"https:\/\/akerkimya.com\/eticaret\/\",\"name\":\"Akerkimya\",\"description\":\"\",\"potentialAction\":[{\"@type\":\"SearchAction\",\"target\":{\"@type\":\"EntryPoint\",\"urlTemplate\":\"https:\/\/akerkimya.com\/eticaret\/?s={search_term_string}\"},\"query-input\":\"required name=search_term_string\"}],\"inLanguage\":\"tr\"}]}<\/script>\n<!-- \/ Yoast SEO Premium plugin. -->","yoast_head_json":{"title":"S\u0130L\u0130KA JEL (BEYAZ) - Akerkimya","robots":{"index":"index","follow":"follow","max-snippet":"max-snippet:-1","max-image-preview":"max-image-preview:large","max-video-preview":"max-video-preview:-1"},"canonical":"https:\/\/akerkimya.com\/eticaret\/urun\/silika-jel-beyaz\/","og_locale":"tr_TR","og_type":"article","og_title":"S\u0130L\u0130KA JEL (BEYAZ)","og_description":"S\u0130L\u0130KA JEL (BEYAZ) Silika jel, SiO2+H2O+CoCl2 form\u00fcl\u00fcne sahip silikon dioksit yap\u0131s\u0131nda en yayg\u0131n kullan\u0131lan nem al\u0131c\u0131 malzemedir. Yap\u0131s\u0131nda nanometre boyutundaki","og_url":"https:\/\/akerkimya.com\/eticaret\/urun\/silika-jel-beyaz\/","og_site_name":"Akerkimya","article_modified_time":"2026-03-29T23:24:13+00:00","og_image":[{"width":1000,"height":1000,"url":"https:\/\/akerkimya.com\/eticaret\/wp-content\/uploads\/2025\/01\/SILIKA-JEL-BEYAZ-GUNCEL-.png","type":"image\/png"}],"twitter_card":"summary_large_image","twitter_misc":{"Tahmini okuma s\u00fcresi":"1 dakika"},"schema":{"@context":"https:\/\/schema.org","@graph":[{"@type":"WebPage","@id":"https:\/\/akerkimya.com\/eticaret\/urun\/silika-jel-beyaz\/","url":"https:\/\/akerkimya.com\/eticaret\/urun\/silika-jel-beyaz\/","name":"S\u0130L\u0130KA JEL (BEYAZ) - Akerkimya","isPartOf":{"@id":"https:\/\/akerkimya.com\/eticaret\/#website"},"datePublished":"2025-01-03T13:30:13+00:00","dateModified":"2026-03-29T23:24:13+00:00","breadcrumb":{"@id":"https:\/\/akerkimya.com\/eticaret\/urun\/silika-jel-beyaz\/#breadcrumb"},"inLanguage":"tr","potentialAction":[{"@type":"ReadAction","target":["https:\/\/akerkimya.com\/eticaret\/urun\/silika-jel-beyaz\/"]}]},{"@type":"BreadcrumbList","@id":"https:\/\/akerkimya.com\/eticaret\/urun\/silika-jel-beyaz\/#breadcrumb","itemListElement":[{"@type":"ListItem","position":1,"name":"Home","item":"https:\/\/akerkimya.com\/eticaret\/"},{"@type":"ListItem","position":2,"name":"Market","item":"https:\/\/akerkimya.com\/eticaret\/market\/"},{"@type":"ListItem","position":3,"name":"S\u0130L\u0130KA JEL (BEYAZ)"}]},{"@type":"WebSite","@id":"https:\/\/akerkimya.com\/eticaret\/#website","url":"https:\/\/akerkimya.com\/eticaret\/","name":"Akerkimya","description":"","potentialAction":[{"@type":"SearchAction","target":{"@type":"EntryPoint","urlTemplate":"https:\/\/akerkimya.com\/eticaret\/?s={search_term_string}"},"query-input":"required name=search_term_string"}],"inLanguage":"tr"}]}},"_links":{"self":[{"href":"https:\/\/akerkimya.com\/eticaret\/wp-json\/wp\/v2\/product\/17413","targetHints":{"allow":["GET"]}}],"collection":[{"href":"https:\/\/akerkimya.com\/eticaret\/wp-json\/wp\/v2\/product"}],"about":[{"href":"https:\/\/akerkimya.com\/eticaret\/wp-json\/wp\/v2\/types\/product"}],"replies":[{"embeddable":true,"href":"https:\/\/akerkimya.com\/eticaret\/wp-json\/wp\/v2\/comments?post=17413"}],"version-history":[{"count":1,"href":"https:\/\/akerkimya.com\/eticaret\/wp-json\/wp\/v2\/product\/17413\/revisions"}],"predecessor-version":[{"id":17418,"href":"https:\/\/akerkimya.com\/eticaret\/wp-json\/wp\/v2\/product\/17413\/revisions\/17418"}],"wp:featuredmedia":[{"embeddable":true,"href":"https:\/\/akerkimya.com\/eticaret\/wp-json\/wp\/v2\/media\/17414"}],"wp:attachment":[{"href":"https:\/\/akerkimya.com\/eticaret\/wp-json\/wp\/v2\/media?parent=17413"}],"wp:term":[{"taxonomy":"product_cat","embeddable":true,"href":"https:\/\/akerkimya.com\/eticaret\/wp-json\/wp\/v2\/product_cat?post=17413"},{"taxonomy":"product_tag","embeddable":true,"href":"https:\/\/akerkimya.com\/eticaret\/wp-json\/wp\/v2\/product_tag?post=17413"}],"curies":[{"name":"wp","href":"https:\/\/api.w.org\/{rel}","templated":true}]}}