{"id":17472,"date":"2025-01-04T00:23:11","date_gmt":"2025-01-03T21:23:11","guid":{"rendered":"https:\/\/akerkimya.com\/eticaret\/?post_type=product&#038;p=17472"},"modified":"2026-03-30T02:24:16","modified_gmt":"2026-03-29T23:24:16","slug":"dekstroz-monohidrat","status":"publish","type":"product","link":"https:\/\/akerkimya.com\/eticaret\/urun\/dekstroz-monohidrat\/","title":{"rendered":"DEKSTROZ MONOH\u0130DRAT"},"content":{"rendered":"<h1>DEKSTROZ MONOH\u0130DRAT<\/h1>\n<p><strong>Dekstroz, C6H14O7 form\u00fcl\u00fcne sahip \u00fcz\u00fcm \u015fekerive kan \u015fekeri olarak da bilinen bitkilerin \u00f6z suyunda bulunan bir karbonhidratt\u0131r. Anhidrat ve monohidrat olmak \u00fczere iki t\u00fcr\u00fc bulunmaktad\u0131r. Monohidrat, ni\u015fastan\u0131n hidrolizini takiben yap\u0131lan safla\u015ft\u0131rma, evaporasyon ve kristalizasyon gibi i\u015flemlerin sonucunda elde edilir. Dekstroz ayn\u0131 zamanda toz \u015fekerin ana bile\u015fenlerindendir.<\/strong><\/p>\n<p><strong>DEKSTROZ \u00d6ZELL\u0130KLER\u0130<\/strong><\/p>\n<p><strong>\u015eeffaf veya beyaz renkte toz formdad\u0131r.<\/strong><\/p>\n<p><strong>Serinletici, tatl\u0131 bir tada sahiptir ve yumu\u015fak kokuludur.<\/strong><\/p>\n<p><strong>Tek \u015fekerli bir yap\u0131ya sahiptir.<\/strong><\/p>\n<p><strong>\u0130ndirgeyici bir \u015feker t\u00fcr\u00fcd\u00fcr.<\/strong><\/p>\n<p><strong>\u00a0<\/strong><\/p>\n<p><strong>TEKN\u0130K \u00d6ZELL\u0130KLER\u0130<\/strong><\/p>\n<p><strong>CAS NUMARASI: 5096-10-1<\/strong><\/p>\n<p><strong>FORM\u00dcL\u00dc: C6H14O7<\/strong><\/p>\n<p><strong>ORTALAMA K\u0130TLE: 198.073959 Da<\/strong><\/p>\n<p><strong>MONO\u0130ZOTOP\u0130K K\u0130TLE: 198.073959 Da<\/strong><\/p>\n<p><strong>PARLAMA NOKTASI: 326,9 \u00b0C<\/strong><\/p>\n<p><strong>KAYNAMA NOKTASI:760 mmHg 616,9 \u00b0C<\/strong><\/p>\n<p><strong>H BA\u011eI DON\u00d6RLER: 7<\/strong><\/p>\n<p><strong>POLAR Y\u00dcZ\u00d6L\u00c7\u00dcM\u00dc: 127,45 A 2<\/strong><\/p>\n<p><strong>MOLAR KIRICILIK: cm\u00b3<\/strong><\/p>\n<p><strong>POLAR\u0130ZASYON: 10-24 cm\u00b3<\/strong><\/p>\n<p><strong>YO\u011eUNLUK: g\/cm\u00b3<\/strong><\/p>\n<p><strong>BUHARLA\u015eMA ENTALP\u0130S\u0130: 104,91 kj\/mol<\/strong><\/p>\n<p><strong>BUHAR BASINCI: 25 \u00b0C s\u0131cakl\u0131kta 8.45E-18 mmHg<\/strong><\/p>\n<p><strong>\u00a0<\/strong><\/p>\n<p><strong>KULLANIM ALANLARI<\/strong><\/p>\n<p><strong>Dondurma ve \u015ferbet gibi \u00fcr\u00fcnlerin yap\u0131m\u0131nda kullan\u0131lan dekstroz, \u00fcr\u00fcnlerin tatl\u0131l\u0131k miktar\u0131n\u0131 artt\u0131rmadan, \u00fcr\u00fcnlerin i\u00e7inde bulunan kuru madde miktar\u0131n\u0131 art\u0131rabilmektedir.<\/strong><\/p>\n<p><strong>Kimyasal ve fermentasyon end\u00fcstrilerinde hammadde olarak yayg\u0131n \u015fekilde kullan\u0131lan dekstroz, elektrolik veya fermentasyon y\u00f6ntemi ile i\u015flendi\u011finde kalsiyum glukonat elde edilmektedir. Dekstrozun hidrojenasyonu ise, C vitamini i\u00e7in temel olan sorbitolun olu\u015fumuna neden olmaktad\u0131r.<\/strong><\/p>\n<p><strong>\u00a0<\/strong><\/p>\n<p><strong>Haz\u0131r g\u0131da gibi \u00fcr\u00fcnlerin (s\u00fct) i\u00e7erisinde yayg\u0131n bir \u015fekilde kullan\u0131l\u0131r ve kendine \u00f6zg\u00fc tatlar\u0131n\u0131n bozulmas\u0131na neden olmaz.<\/strong><\/p>\n<p><strong>Yap\u0131 kimyasal alanda, betondaki geciktiricilerin ayarlanmas\u0131 gibi, su tahliyesini kontrol etmek i\u00e7in kullan\u0131lmaktad\u0131r.<\/strong><\/p>\n<p><strong>T\u0131bbi sekt\u00f6rde; \u0130ns\u00fclin direnci ya\u015fayan ki\u015filerde, diyabetik ki\u015filerin beslenmesinde ve obez ki\u015filerin tedavisinde kullan\u0131l\u0131r.<\/strong><\/p>\n<p><strong>Et end\u00fcstrisinde, k\u00fcrleme kar\u0131\u015f\u0131m\u0131nda dekstroz kullan\u0131lmas\u0131 k\u00fcr bitiminde etin renginin kaliteli olas\u0131n\u0131 sa\u011flar.<\/strong><\/p>\n<p><strong>Kozmetik ve ki\u015fisel bak\u0131m \u00fcr\u00fcnlerin \u00fcretiminde form\u00fclasyonlar\u0131nda kullan\u0131l\u0131r.<\/strong><\/p>\n<p><strong>Glukonik aside kimyasal veya mikrobiyolojik oksidasyon i\u00e7in besleme malzemesi olarak kullan\u0131l\u0131r.<\/strong><\/p>\n<p><strong>Meyve ve sebzeleri taze tutmak i\u00e7in ve konserve g\u0131da \u00fcretiminde kullan\u0131lmaktad\u0131r.<\/strong><\/p>\n<p><strong>Hayvan yemi, tavuk yemi ve tar\u0131m gibi alanlarda da kullan\u0131m\u0131 mevcuttur.<\/strong><\/p>\n<p><strong>Mayalar\u0131n tazelik kayb\u0131 ya\u015famamas\u0131 i\u00e7in ve solgun kalmamas\u0131 i\u00e7in kullan\u0131l\u0131r.<\/strong><\/p>\n<p><strong>Re\u00e7inede plastikle\u015ftirici i\u015flevi i\u00e7in kullan\u0131l\u0131r.<\/strong><\/p>\n<p><strong>Alkoll\u00fc i\u00e7eceklerde, alkol\u00fcn fermantasyonu i\u00e7in d\u00fc\u015f\u00fck kalorili biralarda alkol oran\u0131n\u0131 artt\u0131rmak ve gazlanmay\u0131 sa\u011flamada toz \u015feker alternatifi olarak mayalama \u015fekeri g\u00f6revinde kullan\u0131l\u0131r.<\/strong><\/p>\n<p><strong>Yap\u0131\u015ft\u0131r\u0131c\u0131 yap\u0131m\u0131nda, ak\u0131\u015f kontrol\u00fc sa\u011flar ve kurutma s\u0131ras\u0131nda par\u00e7alar\u0131n sar\u0131lmas\u0131n\u0131 \u00f6nlemeye yard\u0131mc\u0131 olur.<\/strong><\/p>\n<p><strong>\u00a0<\/strong><\/p>\n<p><strong>AMBALAJ<\/strong><\/p>\n<p><strong>1-5-25 kg torbalar halinde<\/strong><\/p>\n<p><strong>\u00a0<\/strong><\/p>\n<p><strong>DEPOLAMA<\/strong><\/p>\n<p><strong>Serin ve kuru bir alanda, torba hava almayacak \u015fekilde muhafaza edilmelidir.<\/strong><\/p>\n<p><strong>\u00a0<\/strong><\/p>\n","protected":false},"excerpt":{"rendered":"<p>DEKSTROZ MONOH\u0130DRAT Dekstroz, C6H14O7 form\u00fcl\u00fcne sahip \u00fcz\u00fcm \u015fekerive kan \u015fekeri olarak da bilinen bitkilerin \u00f6z suyunda bulunan bir karbonhidratt\u0131r. Anhidrat<\/p>\n","protected":false},"featured_media":17473,"comment_status":"open","ping_status":"closed","template":"","meta":{"_joinchat":[]},"product_cat":[74,76,80,81],"product_tag":[],"class_list":{"0":"post-17472","1":"product","2":"type-product","3":"status-publish","4":"has-post-thumbnail","6":"product_cat-deterjan-ve-kozmetik-kimyasallari","7":"product_cat-gida-ve-katki-kimyasallari","8":"product_cat-veteriner-ve-ilac-kimyasallari","9":"product_cat-yem-katki-kimyasallari","11":"first","12":"instock","13":"shipping-taxable","14":"purchasable","15":"product-type-variable"},"yoast_head":"<!-- This site is optimized with the Yoast SEO Premium plugin v20.2.1 (Yoast SEO v20.2.1) - https:\/\/yoast.com\/wordpress\/plugins\/seo\/ -->\n<title>DEKSTROZ MONOH\u0130DRAT - Akerkimya<\/title>\n<meta name=\"robots\" content=\"index, follow, max-snippet:-1, max-image-preview:large, max-video-preview:-1\" \/>\n<link rel=\"canonical\" href=\"https:\/\/akerkimya.com\/eticaret\/urun\/dekstroz-monohidrat\/\" \/>\n<meta property=\"og:locale\" content=\"tr_TR\" \/>\n<meta property=\"og:type\" content=\"article\" \/>\n<meta property=\"og:title\" content=\"DEKSTROZ MONOH\u0130DRAT\" \/>\n<meta property=\"og:description\" content=\"DEKSTROZ MONOH\u0130DRAT Dekstroz, C6H14O7 form\u00fcl\u00fcne sahip \u00fcz\u00fcm \u015fekerive kan \u015fekeri olarak da bilinen bitkilerin \u00f6z suyunda bulunan bir karbonhidratt\u0131r. Anhidrat\" \/>\n<meta property=\"og:url\" content=\"https:\/\/akerkimya.com\/eticaret\/urun\/dekstroz-monohidrat\/\" \/>\n<meta property=\"og:site_name\" content=\"Akerkimya\" \/>\n<meta property=\"article:modified_time\" content=\"2026-03-29T23:24:16+00:00\" \/>\n<meta property=\"og:image\" content=\"https:\/\/akerkimya.com\/eticaret\/wp-content\/uploads\/2025\/01\/DEKSTROZ-MONOHIDRAT-GUNCEL.png\" \/>\n\t<meta property=\"og:image:width\" content=\"1000\" \/>\n\t<meta property=\"og:image:height\" content=\"1000\" \/>\n\t<meta property=\"og:image:type\" content=\"image\/png\" \/>\n<meta name=\"twitter:card\" content=\"summary_large_image\" \/>\n<meta name=\"twitter:label1\" content=\"Tahmini okuma s\u00fcresi\" \/>\n\t<meta name=\"twitter:data1\" content=\"2 dakika\" \/>\n<script type=\"application\/ld+json\" class=\"yoast-schema-graph\">{\"@context\":\"https:\/\/schema.org\",\"@graph\":[{\"@type\":\"WebPage\",\"@id\":\"https:\/\/akerkimya.com\/eticaret\/urun\/dekstroz-monohidrat\/\",\"url\":\"https:\/\/akerkimya.com\/eticaret\/urun\/dekstroz-monohidrat\/\",\"name\":\"DEKSTROZ MONOH\u0130DRAT - Akerkimya\",\"isPartOf\":{\"@id\":\"https:\/\/akerkimya.com\/eticaret\/#website\"},\"datePublished\":\"2025-01-03T21:23:11+00:00\",\"dateModified\":\"2026-03-29T23:24:16+00:00\",\"breadcrumb\":{\"@id\":\"https:\/\/akerkimya.com\/eticaret\/urun\/dekstroz-monohidrat\/#breadcrumb\"},\"inLanguage\":\"tr\",\"potentialAction\":[{\"@type\":\"ReadAction\",\"target\":[\"https:\/\/akerkimya.com\/eticaret\/urun\/dekstroz-monohidrat\/\"]}]},{\"@type\":\"BreadcrumbList\",\"@id\":\"https:\/\/akerkimya.com\/eticaret\/urun\/dekstroz-monohidrat\/#breadcrumb\",\"itemListElement\":[{\"@type\":\"ListItem\",\"position\":1,\"name\":\"Home\",\"item\":\"https:\/\/akerkimya.com\/eticaret\/\"},{\"@type\":\"ListItem\",\"position\":2,\"name\":\"Market\",\"item\":\"https:\/\/akerkimya.com\/eticaret\/market\/\"},{\"@type\":\"ListItem\",\"position\":3,\"name\":\"DEKSTROZ MONOH\u0130DRAT\"}]},{\"@type\":\"WebSite\",\"@id\":\"https:\/\/akerkimya.com\/eticaret\/#website\",\"url\":\"https:\/\/akerkimya.com\/eticaret\/\",\"name\":\"Akerkimya\",\"description\":\"\",\"potentialAction\":[{\"@type\":\"SearchAction\",\"target\":{\"@type\":\"EntryPoint\",\"urlTemplate\":\"https:\/\/akerkimya.com\/eticaret\/?s={search_term_string}\"},\"query-input\":\"required name=search_term_string\"}],\"inLanguage\":\"tr\"}]}<\/script>\n<!-- \/ Yoast SEO Premium plugin. -->","yoast_head_json":{"title":"DEKSTROZ MONOH\u0130DRAT - Akerkimya","robots":{"index":"index","follow":"follow","max-snippet":"max-snippet:-1","max-image-preview":"max-image-preview:large","max-video-preview":"max-video-preview:-1"},"canonical":"https:\/\/akerkimya.com\/eticaret\/urun\/dekstroz-monohidrat\/","og_locale":"tr_TR","og_type":"article","og_title":"DEKSTROZ MONOH\u0130DRAT","og_description":"DEKSTROZ MONOH\u0130DRAT Dekstroz, C6H14O7 form\u00fcl\u00fcne sahip \u00fcz\u00fcm \u015fekerive kan \u015fekeri olarak da bilinen bitkilerin \u00f6z suyunda bulunan bir karbonhidratt\u0131r. Anhidrat","og_url":"https:\/\/akerkimya.com\/eticaret\/urun\/dekstroz-monohidrat\/","og_site_name":"Akerkimya","article_modified_time":"2026-03-29T23:24:16+00:00","og_image":[{"width":1000,"height":1000,"url":"https:\/\/akerkimya.com\/eticaret\/wp-content\/uploads\/2025\/01\/DEKSTROZ-MONOHIDRAT-GUNCEL.png","type":"image\/png"}],"twitter_card":"summary_large_image","twitter_misc":{"Tahmini okuma s\u00fcresi":"2 dakika"},"schema":{"@context":"https:\/\/schema.org","@graph":[{"@type":"WebPage","@id":"https:\/\/akerkimya.com\/eticaret\/urun\/dekstroz-monohidrat\/","url":"https:\/\/akerkimya.com\/eticaret\/urun\/dekstroz-monohidrat\/","name":"DEKSTROZ MONOH\u0130DRAT - Akerkimya","isPartOf":{"@id":"https:\/\/akerkimya.com\/eticaret\/#website"},"datePublished":"2025-01-03T21:23:11+00:00","dateModified":"2026-03-29T23:24:16+00:00","breadcrumb":{"@id":"https:\/\/akerkimya.com\/eticaret\/urun\/dekstroz-monohidrat\/#breadcrumb"},"inLanguage":"tr","potentialAction":[{"@type":"ReadAction","target":["https:\/\/akerkimya.com\/eticaret\/urun\/dekstroz-monohidrat\/"]}]},{"@type":"BreadcrumbList","@id":"https:\/\/akerkimya.com\/eticaret\/urun\/dekstroz-monohidrat\/#breadcrumb","itemListElement":[{"@type":"ListItem","position":1,"name":"Home","item":"https:\/\/akerkimya.com\/eticaret\/"},{"@type":"ListItem","position":2,"name":"Market","item":"https:\/\/akerkimya.com\/eticaret\/market\/"},{"@type":"ListItem","position":3,"name":"DEKSTROZ MONOH\u0130DRAT"}]},{"@type":"WebSite","@id":"https:\/\/akerkimya.com\/eticaret\/#website","url":"https:\/\/akerkimya.com\/eticaret\/","name":"Akerkimya","description":"","potentialAction":[{"@type":"SearchAction","target":{"@type":"EntryPoint","urlTemplate":"https:\/\/akerkimya.com\/eticaret\/?s={search_term_string}"},"query-input":"required name=search_term_string"}],"inLanguage":"tr"}]}},"_links":{"self":[{"href":"https:\/\/akerkimya.com\/eticaret\/wp-json\/wp\/v2\/product\/17472","targetHints":{"allow":["GET"]}}],"collection":[{"href":"https:\/\/akerkimya.com\/eticaret\/wp-json\/wp\/v2\/product"}],"about":[{"href":"https:\/\/akerkimya.com\/eticaret\/wp-json\/wp\/v2\/types\/product"}],"replies":[{"embeddable":true,"href":"https:\/\/akerkimya.com\/eticaret\/wp-json\/wp\/v2\/comments?post=17472"}],"version-history":[{"count":1,"href":"https:\/\/akerkimya.com\/eticaret\/wp-json\/wp\/v2\/product\/17472\/revisions"}],"predecessor-version":[{"id":17477,"href":"https:\/\/akerkimya.com\/eticaret\/wp-json\/wp\/v2\/product\/17472\/revisions\/17477"}],"wp:featuredmedia":[{"embeddable":true,"href":"https:\/\/akerkimya.com\/eticaret\/wp-json\/wp\/v2\/media\/17473"}],"wp:attachment":[{"href":"https:\/\/akerkimya.com\/eticaret\/wp-json\/wp\/v2\/media?parent=17472"}],"wp:term":[{"taxonomy":"product_cat","embeddable":true,"href":"https:\/\/akerkimya.com\/eticaret\/wp-json\/wp\/v2\/product_cat?post=17472"},{"taxonomy":"product_tag","embeddable":true,"href":"https:\/\/akerkimya.com\/eticaret\/wp-json\/wp\/v2\/product_tag?post=17472"}],"curies":[{"name":"wp","href":"https:\/\/api.w.org\/{rel}","templated":true}]}}