{"id":17562,"date":"2025-01-04T02:21:01","date_gmt":"2025-01-03T23:21:01","guid":{"rendered":"https:\/\/akerkimya.com\/eticaret\/?post_type=product&#038;p=17562"},"modified":"2026-04-07T09:01:34","modified_gmt":"2026-04-07T06:01:34","slug":"kalsiyum-iyodat","status":"publish","type":"product","link":"https:\/\/akerkimya.com\/eticaret\/urun\/kalsiyum-iyodat\/","title":{"rendered":"KALS\u0130YUM \u0130YODAT"},"content":{"rendered":"<h1>KALS\u0130YUM \u0130YODAT <\/h1>\n<p><strong>Kalsiyum iyodat, Ca(IO3)2 form\u00fcl\u00fcne sahip kalsiyum ve iyot anyonlar\u0131n\u0131 birle\u015ftiren bir bile\u015fiktir. Kalsiyum iyod\u00fcr\u00fcn anodik oksidasyonu veya klorun, i\u00e7inde iyotun \u00e7\u00f6z\u00fcnd\u00fc\u011f\u00fc s\u0131cak kire\u00e7 \u00e7\u00f6zeltisine yerle\u015ftirilmesiyle \u00fcretilir. <\/strong><\/p>\n<p><strong>\u00a0<\/strong><\/p>\n<p><strong>KALS\u0130YUM \u0130YODAT \u00d6ZELL\u0130KLER\u0130<\/strong><\/p>\n<p><strong>Beyaz kristal toz formundad\u0131r.<\/strong><\/p>\n<p><strong>Yan\u0131c\u0131 maddelerle patlay\u0131c\u0131 kar\u0131\u015f\u0131mlar olu\u015fturur. Arsenik, bak\u0131r, karbon, metal s\u00fclf\u00fcrler, organik madde, fosfor, selenyum ve k\u00fck\u00fcrt ile \u015fiddetli reaksiyona girebilir. <\/strong><\/p>\n<p><strong>Nitrik asit ve alkolde \u00e7\u00f6z\u00fcnmez.<\/strong><\/p>\n<p><strong>Hidroskopik de\u011fildir. \u00c7e\u015fitli eser element katk\u0131 maddeleri ile kar\u0131\u015ft\u0131r\u0131ld\u0131\u011f\u0131nda herhangi bir de\u011fi\u015flik g\u00f6stermez. <\/strong><\/p>\n<p><strong>\u00a0<\/strong><\/p>\n<p><strong>TEKN\u0130K \u00d6ZELL\u0130KLER\u0130<\/strong><\/p>\n<p><strong>CAS NUMARASI: 7789-80-2<\/strong><\/p>\n<p><strong>MOLEK\u00dcLER FORM\u00dcL\u00dc: Ca(IO3)2<\/strong><\/p>\n<p><strong>K\u0130MYASAL \u0130SM\u0130: Kalsiyum \u0130yodat, kalsiyum tuzu iyodat<\/strong><\/p>\n<p><strong>MOLAR K\u00dcTLE: 389.88 gr\/mol<\/strong><\/p>\n<p><strong>YO\u011eUNLUK: 4.519 gr\/cm\u00b3<\/strong><\/p>\n<p><strong>ER\u0130ME NOKTASI: 540 \u00b0C<\/strong><\/p>\n<p><strong>\u00c7\u00d6Z\u00dcN\u00dcRL\u00dcK: 0.09 gr\/100ml (0\u00b0C)<\/strong><\/p>\n<p><strong>\u00a0\u00a0\u00a0\u00a0\u00a0\u00a0\u00a0\u00a0\u00a0\u00a0\u00a0\u00a0\u00a0\u00a0\u00a0\u00a0\u00a0\u00a0\u00a0\u00a0\u00a0\u00a0\u00a0\u00a0\u00a0\u00a0 0.24 gr\/100 ml (20 \u00b0C)<\/strong><\/p>\n<p><strong>\u00a0\u00a0\u00a0\u00a0\u00a0\u00a0\u00a0\u00a0\u00a0\u00a0\u00a0\u00a0\u00a0\u00a0\u00a0\u00a0\u00a0\u00a0\u00a0\u00a0\u00a0\u00a0\u00a0\u00a0\u00a0\u00a0 0.67 gr\/100 ml (90 \u00b0C)<\/strong><\/p>\n<p><strong>\u00a0<\/strong><\/p>\n<p><strong>KULLANIM ALANLARI<\/strong><\/p>\n<p><strong>G\u0131da end\u00fcstrisinde bu\u011fday unu muamele maddesi ve hamur k\u0131vamla\u015ft\u0131r\u0131c\u0131 olarak kullan\u0131l\u0131r.<\/strong><\/p>\n<p><strong>Ekmek yap\u0131l\u0131rken hamur i\u00e7in h\u0131zl\u0131 etkili bir oksidant olarak kullan\u0131l\u0131r.<\/strong><\/p>\n<p><strong>Deterjan, deodorant ve koruyucu iyodoformun yerine kullan\u0131l\u0131r.<\/strong><\/p>\n<p><strong>Yem \u00fcretiminde iyot kaynaklar\u0131n\u0131n takviyesi i\u00e7in kullan\u0131l\u0131r.<\/strong><\/p>\n<p><strong>\u0130la\u00e7 end\u00fcstrisinde, beslenme ila\u00e7lar\u0131 i\u00e7in gargara, iyodoform ikameleri ve eser element katk\u0131 maddelerinin haz\u0131rlanmas\u0131nda kullan\u0131l\u0131r.<\/strong><\/p>\n<p><strong>Antiseptik ve terlemeyi \u00f6nleyici olarak losyonlarda kullan\u0131l\u0131r.<\/strong><\/p>\n<p><strong>\u00a0<\/strong><\/p>\n<p><strong>AMBALAJ<\/strong><\/p>\n<p><strong>25-50 gram ve 1-5-25 kg torbalar halinde<\/strong><\/p>\n<p><strong>\u00a0<\/strong><\/p>\n<p><strong>DEPOLAMA <\/strong><\/p>\n<p><strong>Serin ve kuru bir alanda muhafaza ediniz.<\/strong><\/p>\n","protected":false},"excerpt":{"rendered":"<p>KALS\u0130YUM \u0130YODAT Kalsiyum iyodat, Ca(IO3)2 form\u00fcl\u00fcne sahip kalsiyum ve iyot anyonlar\u0131n\u0131 birle\u015ftiren bir bile\u015fiktir. Kalsiyum iyod\u00fcr\u00fcn anodik oksidasyonu veya klorun,<\/p>\n","protected":false},"featured_media":17563,"comment_status":"open","ping_status":"closed","template":"","meta":{"_joinchat":[]},"product_cat":[74,76,80,81],"product_tag":[],"class_list":{"0":"post-17562","1":"product","2":"type-product","3":"status-publish","4":"has-post-thumbnail","6":"product_cat-deterjan-ve-kozmetik-kimyasallari","7":"product_cat-gida-ve-katki-kimyasallari","8":"product_cat-veteriner-ve-ilac-kimyasallari","9":"product_cat-yem-katki-kimyasallari","11":"first","12":"instock","13":"shipping-taxable","14":"purchasable","15":"product-type-variable"},"yoast_head":"<!-- This site is optimized with the Yoast SEO Premium plugin v20.2.1 (Yoast SEO v20.2.1) - https:\/\/yoast.com\/wordpress\/plugins\/seo\/ -->\n<title>KALS\u0130YUM \u0130YODAT - Akerkimya<\/title>\n<meta name=\"robots\" content=\"index, follow, max-snippet:-1, max-image-preview:large, max-video-preview:-1\" \/>\n<link rel=\"canonical\" href=\"https:\/\/akerkimya.com\/eticaret\/urun\/kalsiyum-iyodat\/\" \/>\n<meta property=\"og:locale\" content=\"tr_TR\" \/>\n<meta property=\"og:type\" content=\"article\" \/>\n<meta property=\"og:title\" content=\"KALS\u0130YUM \u0130YODAT\" \/>\n<meta property=\"og:description\" content=\"KALS\u0130YUM \u0130YODAT Kalsiyum iyodat, Ca(IO3)2 form\u00fcl\u00fcne sahip kalsiyum ve iyot anyonlar\u0131n\u0131 birle\u015ftiren bir bile\u015fiktir. Kalsiyum iyod\u00fcr\u00fcn anodik oksidasyonu veya klorun,\" \/>\n<meta property=\"og:url\" content=\"https:\/\/akerkimya.com\/eticaret\/urun\/kalsiyum-iyodat\/\" \/>\n<meta property=\"og:site_name\" content=\"Akerkimya\" \/>\n<meta property=\"article:modified_time\" content=\"2026-04-07T06:01:34+00:00\" \/>\n<meta property=\"og:image\" content=\"https:\/\/akerkimya.com\/eticaret\/wp-content\/uploads\/2025\/01\/KALSIYUM-IYODAT-GUNCEL.jpeg\" \/>\n\t<meta property=\"og:image:width\" content=\"1000\" \/>\n\t<meta property=\"og:image:height\" content=\"1000\" \/>\n\t<meta property=\"og:image:type\" content=\"image\/jpeg\" \/>\n<meta name=\"twitter:card\" content=\"summary_large_image\" \/>\n<meta name=\"twitter:label1\" content=\"Tahmini okuma s\u00fcresi\" \/>\n\t<meta name=\"twitter:data1\" content=\"1 dakika\" \/>\n<script type=\"application\/ld+json\" class=\"yoast-schema-graph\">{\"@context\":\"https:\/\/schema.org\",\"@graph\":[{\"@type\":\"WebPage\",\"@id\":\"https:\/\/akerkimya.com\/eticaret\/urun\/kalsiyum-iyodat\/\",\"url\":\"https:\/\/akerkimya.com\/eticaret\/urun\/kalsiyum-iyodat\/\",\"name\":\"KALS\u0130YUM \u0130YODAT - Akerkimya\",\"isPartOf\":{\"@id\":\"https:\/\/akerkimya.com\/eticaret\/#website\"},\"datePublished\":\"2025-01-03T23:21:01+00:00\",\"dateModified\":\"2026-04-07T06:01:34+00:00\",\"breadcrumb\":{\"@id\":\"https:\/\/akerkimya.com\/eticaret\/urun\/kalsiyum-iyodat\/#breadcrumb\"},\"inLanguage\":\"tr\",\"potentialAction\":[{\"@type\":\"ReadAction\",\"target\":[\"https:\/\/akerkimya.com\/eticaret\/urun\/kalsiyum-iyodat\/\"]}]},{\"@type\":\"BreadcrumbList\",\"@id\":\"https:\/\/akerkimya.com\/eticaret\/urun\/kalsiyum-iyodat\/#breadcrumb\",\"itemListElement\":[{\"@type\":\"ListItem\",\"position\":1,\"name\":\"Home\",\"item\":\"https:\/\/akerkimya.com\/eticaret\/\"},{\"@type\":\"ListItem\",\"position\":2,\"name\":\"Market\",\"item\":\"https:\/\/akerkimya.com\/eticaret\/market\/\"},{\"@type\":\"ListItem\",\"position\":3,\"name\":\"KALS\u0130YUM \u0130YODAT\"}]},{\"@type\":\"WebSite\",\"@id\":\"https:\/\/akerkimya.com\/eticaret\/#website\",\"url\":\"https:\/\/akerkimya.com\/eticaret\/\",\"name\":\"Akerkimya\",\"description\":\"\",\"potentialAction\":[{\"@type\":\"SearchAction\",\"target\":{\"@type\":\"EntryPoint\",\"urlTemplate\":\"https:\/\/akerkimya.com\/eticaret\/?s={search_term_string}\"},\"query-input\":\"required name=search_term_string\"}],\"inLanguage\":\"tr\"}]}<\/script>\n<!-- \/ Yoast SEO Premium plugin. -->","yoast_head_json":{"title":"KALS\u0130YUM \u0130YODAT - Akerkimya","robots":{"index":"index","follow":"follow","max-snippet":"max-snippet:-1","max-image-preview":"max-image-preview:large","max-video-preview":"max-video-preview:-1"},"canonical":"https:\/\/akerkimya.com\/eticaret\/urun\/kalsiyum-iyodat\/","og_locale":"tr_TR","og_type":"article","og_title":"KALS\u0130YUM \u0130YODAT","og_description":"KALS\u0130YUM \u0130YODAT Kalsiyum iyodat, Ca(IO3)2 form\u00fcl\u00fcne sahip kalsiyum ve iyot anyonlar\u0131n\u0131 birle\u015ftiren bir bile\u015fiktir. Kalsiyum iyod\u00fcr\u00fcn anodik oksidasyonu veya klorun,","og_url":"https:\/\/akerkimya.com\/eticaret\/urun\/kalsiyum-iyodat\/","og_site_name":"Akerkimya","article_modified_time":"2026-04-07T06:01:34+00:00","og_image":[{"width":1000,"height":1000,"url":"https:\/\/akerkimya.com\/eticaret\/wp-content\/uploads\/2025\/01\/KALSIYUM-IYODAT-GUNCEL.jpeg","type":"image\/jpeg"}],"twitter_card":"summary_large_image","twitter_misc":{"Tahmini okuma s\u00fcresi":"1 dakika"},"schema":{"@context":"https:\/\/schema.org","@graph":[{"@type":"WebPage","@id":"https:\/\/akerkimya.com\/eticaret\/urun\/kalsiyum-iyodat\/","url":"https:\/\/akerkimya.com\/eticaret\/urun\/kalsiyum-iyodat\/","name":"KALS\u0130YUM \u0130YODAT - Akerkimya","isPartOf":{"@id":"https:\/\/akerkimya.com\/eticaret\/#website"},"datePublished":"2025-01-03T23:21:01+00:00","dateModified":"2026-04-07T06:01:34+00:00","breadcrumb":{"@id":"https:\/\/akerkimya.com\/eticaret\/urun\/kalsiyum-iyodat\/#breadcrumb"},"inLanguage":"tr","potentialAction":[{"@type":"ReadAction","target":["https:\/\/akerkimya.com\/eticaret\/urun\/kalsiyum-iyodat\/"]}]},{"@type":"BreadcrumbList","@id":"https:\/\/akerkimya.com\/eticaret\/urun\/kalsiyum-iyodat\/#breadcrumb","itemListElement":[{"@type":"ListItem","position":1,"name":"Home","item":"https:\/\/akerkimya.com\/eticaret\/"},{"@type":"ListItem","position":2,"name":"Market","item":"https:\/\/akerkimya.com\/eticaret\/market\/"},{"@type":"ListItem","position":3,"name":"KALS\u0130YUM \u0130YODAT"}]},{"@type":"WebSite","@id":"https:\/\/akerkimya.com\/eticaret\/#website","url":"https:\/\/akerkimya.com\/eticaret\/","name":"Akerkimya","description":"","potentialAction":[{"@type":"SearchAction","target":{"@type":"EntryPoint","urlTemplate":"https:\/\/akerkimya.com\/eticaret\/?s={search_term_string}"},"query-input":"required name=search_term_string"}],"inLanguage":"tr"}]}},"_links":{"self":[{"href":"https:\/\/akerkimya.com\/eticaret\/wp-json\/wp\/v2\/product\/17562","targetHints":{"allow":["GET"]}}],"collection":[{"href":"https:\/\/akerkimya.com\/eticaret\/wp-json\/wp\/v2\/product"}],"about":[{"href":"https:\/\/akerkimya.com\/eticaret\/wp-json\/wp\/v2\/types\/product"}],"replies":[{"embeddable":true,"href":"https:\/\/akerkimya.com\/eticaret\/wp-json\/wp\/v2\/comments?post=17562"}],"version-history":[{"count":1,"href":"https:\/\/akerkimya.com\/eticaret\/wp-json\/wp\/v2\/product\/17562\/revisions"}],"predecessor-version":[{"id":17569,"href":"https:\/\/akerkimya.com\/eticaret\/wp-json\/wp\/v2\/product\/17562\/revisions\/17569"}],"wp:featuredmedia":[{"embeddable":true,"href":"https:\/\/akerkimya.com\/eticaret\/wp-json\/wp\/v2\/media\/17563"}],"wp:attachment":[{"href":"https:\/\/akerkimya.com\/eticaret\/wp-json\/wp\/v2\/media?parent=17562"}],"wp:term":[{"taxonomy":"product_cat","embeddable":true,"href":"https:\/\/akerkimya.com\/eticaret\/wp-json\/wp\/v2\/product_cat?post=17562"},{"taxonomy":"product_tag","embeddable":true,"href":"https:\/\/akerkimya.com\/eticaret\/wp-json\/wp\/v2\/product_tag?post=17562"}],"curies":[{"name":"wp","href":"https:\/\/api.w.org\/{rel}","templated":true}]}}