{"id":17606,"date":"2025-01-04T17:28:43","date_gmt":"2025-01-04T14:28:43","guid":{"rendered":"https:\/\/akerkimya.com\/eticaret\/?post_type=product&#038;p=17606"},"modified":"2026-03-30T02:24:19","modified_gmt":"2026-03-29T23:24:19","slug":"laktoz","status":"publish","type":"product","link":"https:\/\/akerkimya.com\/eticaret\/urun\/laktoz\/","title":{"rendered":"LAKTOZ"},"content":{"rendered":"<h1>LAKTOZ<\/h1>\n<p><strong>\u00a0<\/strong><\/p>\n<p><strong>Laktoz, s\u00fct \u015fekeri olarak adland\u0131r\u0131lan, C12H22O11 molek\u00fcl form\u00fcl\u00fcne sahip bir disakkarittir. <\/strong><\/p>\n<p><strong>Galaktoz ve glikoz alt molek\u00fcllerinden meydana gelen bir \u015fekerdir. \u00d6rnek olarak peynir \u00fcretiminde, s\u00fct p\u0131ht\u0131la\u015ft\u0131ktan ve s\u00fcz\u00fcld\u00fckten sonra kalan s\u0131v\u0131 k\u0131s\u0131md\u0131r.<\/strong><\/p>\n<p><strong>Laktoz, s\u00fct, peynir ve yo\u011furt gibi s\u00fct \u00fcr\u00fcnlerinde do\u011fal olarak bulunur.<\/strong><\/p>\n<p><strong>Laktoz, yaln\u0131z s\u00fctte bulunan ve s\u00fcte tad\u0131n\u0131 veren s\u00fct \u015fekeri ve s\u00fct\u00fcn i\u00e7indeki temel karbonhidratt\u0131r.<\/strong><\/p>\n<p><strong>S\u00fct end\u00fcstrisinin bir yan \u00fcr\u00fcn\u00fc olarak y\u0131lda birka\u00e7 milyon ton \u00fcretilmektedir.<\/strong><\/p>\n<p><strong>Laktoz, balina ve su ayg\u0131r\u0131 d\u0131\u015f\u0131ndaki memeli s\u00fct\u00fcnde olu\u015fan bir disakkarit karbonhidratt\u0131r.<\/strong><\/p>\n<p><strong>\u00a0<\/strong><\/p>\n<p><strong>LAKTOZ \u00d6ZELL\u0130KLER\u0130<\/strong><\/p>\n<p><strong>\u00a0<\/strong><\/p>\n<p><strong>Bile\u015fik, saf bir aromaya sahip, krem veya beyaza yak\u0131n bir renktedir.<\/strong><\/p>\n<p><strong>Suda rahat\u00e7a \u00e7\u00f6z\u00fcn\u00fcr ve nem \u00e7ekici olmayan bir kat\u0131d\u0131r.<\/strong><\/p>\n<p><strong>Kokusuz ve toz \u015feklindedir.<\/strong><\/p>\n<p><strong>Laktoz g\u0131daya direkt ilave edilmez \u00e7\u00fcnk\u00fc \u00e7\u00f6z\u00fcn\u00fcrl\u00fc\u011f\u00fc g\u0131dada s\u0131k olarak kullan\u0131lan di\u011fer \u015fekerlere oranla daha azd\u0131r.<\/strong><\/p>\n<p><strong>\u00a0<\/strong><\/p>\n<p><strong>TEKN\u0130K \u00d6ZELL\u0130KLER\u0130<\/strong><\/p>\n<p><strong>\u00a0<\/strong><\/p>\n<p><strong>CAS numaras\u0131: 10039-26-6 <\/strong><\/p>\n<p><strong>Molek\u00fcler Form\u00fcl: C12H22O11<\/strong><\/p>\n<p><strong>Molek\u00fcl A\u011f\u0131rl\u0131\u011f\u0131 360.31 GR \/ CM3<\/strong><\/p>\n<p><strong>Yo\u011funluk: 1,52 g\/cm\u00b3<\/strong><\/p>\n<p><strong>Kaynama noktas\u0131: 668,9 \u00b0C<\/strong><\/p>\n<p><strong>Di\u011fer isimleri: \u00a0 Laktoz monohidrat, S\u00fct \u015fekeri<\/strong><\/p>\n<p><strong>Erime noktas\u0131: 214 \u00b0C<\/strong><\/p>\n<p><strong>Yo\u011funlu\u011fu:\u00a0\u00a0\u00a0\u00a0\u00a0\u00a0 1.25 GR \/ CM3<\/strong><\/p>\n<p><strong>\u00c7\u00f6z\u00fcn\u00fcrl\u00fck: Suda rahat \u00e7\u00f6z\u00fcn\u00fcr<\/strong><\/p>\n<p><strong>\u00a0<\/strong><\/p>\n<p><strong>KULLANIM ALANLARI<\/strong><\/p>\n<p><strong>\u00a0<\/strong><\/p>\n<p><strong>S\u00fct \u00fcretiminin bir yan \u00fcr\u00fcn\u00fc olarak laktoz, \u00e7e\u015fitli i\u015flenmi\u015f g\u0131dalarda aroma verici ve \u00a0hacim art\u0131r\u0131c\u0131 olarak kullan\u0131l\u0131r.<\/strong><\/p>\n<p><strong>Laktoz unlu mamullerde lezzet, esmerle\u015fme ve yumu\u015fatma i\u00e7in ve kuru kar\u0131\u015f\u0131mlarda topaklanmay\u0131 \u00f6nleyici madde olarak kullan\u0131l\u0131r.<\/strong><\/p>\n<p><strong>Laktoz, fiziksel ve fonksiyonel \u00f6zellikleri, yani s\u0131k\u0131\u015ft\u0131r\u0131labilirlik ve uygun maliyetli kullan\u0131m nedeniyle bir bile\u015fen olarak tablet ve kaps\u00fcl ila\u00e7 \u00fcr\u00fcnlerine konur.<\/strong><\/p>\n<p><strong>Susuz laktoz, dolgu maddesi ve ba\u011flay\u0131c\u0131 olarak yayg\u0131n olarak kullan\u0131lmaktad\u0131r.<\/strong><\/p>\n<p><strong>Laktoz, peynir, yo\u011furt, kefir ve asitlendirilmi\u015f (ek\u015fi) s\u00fct gibi yiyecekler \u00fcretmek i\u00e7in fermente edilir.<\/strong><\/p>\n<p><strong>Laktoz ayr\u0131ca farmas\u00f6tik, kozmetik ve g\u0131da end\u00fcstrilerinde \u00e7e\u015fitli kullan\u0131mlar\u0131 olan laktik asit \u00fcretmek i\u00e7in fermente edilir.<\/strong><\/p>\n<p><strong>Ekmek, pasta ve \u015fekerleme sekt\u00f6rlerinde, \u00e7ikolatal\u0131 i\u00e7ecekler, \u015furuplar gibi besinlerin \u00fcretiminde kullan\u0131l\u0131r.<\/strong><\/p>\n<p><strong>Hamur mayalar\u0131 taraf\u0131ndan kolayl\u0131kla fermente oldu\u011fu i\u00e7in f\u0131r\u0131nc\u0131l\u0131k \u00fcr\u00fcnlerinin dayan\u0131kl\u0131l\u0131\u011f\u0131n\u0131 sa\u011flamak i\u00e7in kullan\u0131l\u0131r.<\/strong><\/p>\n<p><strong>Susuz laktoz, d\u00fc\u015f\u00fck nem i\u00e7eri\u011fi nedeniyle neme duyarl\u0131 ila\u00e7larla kullan\u0131labilir.<\/strong><\/p>\n<p><strong>Kalsiyum emilimine \u00f6nem verilen g\u0131dalarda \u015feker olarak kullan\u0131labilir.<\/strong><\/p>\n<p><strong>Ve do\u011frudan bir katk\u0131 maddesi olarak kullan\u0131lmaktad\u0131r.<\/strong><\/p>\n<p><strong>\u00a0<\/strong><\/p>\n<p><strong>AMBALAJ<\/strong><\/p>\n<p><strong>1-5-25 kg torbalar halinde<\/strong><\/p>\n<p><strong>\u00a0<\/strong><\/p>\n<p><strong>DEPOLAMA <\/strong><\/p>\n<p><strong>Serin ve kuru yerde muhafaza edilmelidir. \u00dcr\u00fcn kullan\u0131ld\u0131ktan sonra torba a\u011fz\u0131 a\u00e7\u0131k b\u0131rak\u0131lmamal\u0131d\u0131r.<\/strong><\/p>\n<p><strong>\u00a0<\/strong><\/p>\n","protected":false},"excerpt":{"rendered":"<p>LAKTOZ \u00a0 Laktoz, s\u00fct \u015fekeri olarak adland\u0131r\u0131lan, C12H22O11 molek\u00fcl form\u00fcl\u00fcne sahip bir disakkarittir. Galaktoz ve glikoz alt molek\u00fcllerinden meydana gelen<\/p>\n","protected":false},"featured_media":17607,"comment_status":"open","ping_status":"closed","template":"","meta":{"_joinchat":[]},"product_cat":[74,76,80],"product_tag":[],"class_list":{"0":"post-17606","1":"product","2":"type-product","3":"status-publish","4":"has-post-thumbnail","6":"product_cat-deterjan-ve-kozmetik-kimyasallari","7":"product_cat-gida-ve-katki-kimyasallari","8":"product_cat-veteriner-ve-ilac-kimyasallari","10":"first","11":"instock","12":"shipping-taxable","13":"purchasable","14":"product-type-variable"},"yoast_head":"<!-- This site is optimized with the Yoast SEO Premium plugin v20.2.1 (Yoast SEO v20.2.1) - https:\/\/yoast.com\/wordpress\/plugins\/seo\/ -->\n<title>LAKTOZ - Akerkimya<\/title>\n<meta name=\"robots\" content=\"index, follow, max-snippet:-1, max-image-preview:large, max-video-preview:-1\" \/>\n<link rel=\"canonical\" href=\"https:\/\/akerkimya.com\/eticaret\/urun\/laktoz\/\" \/>\n<meta property=\"og:locale\" content=\"tr_TR\" \/>\n<meta property=\"og:type\" content=\"article\" \/>\n<meta property=\"og:title\" content=\"LAKTOZ\" \/>\n<meta property=\"og:description\" content=\"LAKTOZ \u00a0 Laktoz, s\u00fct \u015fekeri olarak adland\u0131r\u0131lan, C12H22O11 molek\u00fcl form\u00fcl\u00fcne sahip bir disakkarittir. Galaktoz ve glikoz alt molek\u00fcllerinden meydana gelen\" \/>\n<meta property=\"og:url\" content=\"https:\/\/akerkimya.com\/eticaret\/urun\/laktoz\/\" \/>\n<meta property=\"og:site_name\" content=\"Akerkimya\" \/>\n<meta property=\"article:modified_time\" content=\"2026-03-29T23:24:19+00:00\" \/>\n<meta property=\"og:image\" content=\"https:\/\/akerkimya.com\/eticaret\/wp-content\/uploads\/2025\/01\/LAKTOZ-GUNCEL-.png\" \/>\n\t<meta property=\"og:image:width\" content=\"1000\" \/>\n\t<meta property=\"og:image:height\" content=\"1000\" \/>\n\t<meta property=\"og:image:type\" content=\"image\/png\" \/>\n<meta name=\"twitter:card\" content=\"summary_large_image\" \/>\n<meta name=\"twitter:label1\" content=\"Tahmini okuma s\u00fcresi\" \/>\n\t<meta name=\"twitter:data1\" content=\"2 dakika\" \/>\n<script type=\"application\/ld+json\" class=\"yoast-schema-graph\">{\"@context\":\"https:\/\/schema.org\",\"@graph\":[{\"@type\":\"WebPage\",\"@id\":\"https:\/\/akerkimya.com\/eticaret\/urun\/laktoz\/\",\"url\":\"https:\/\/akerkimya.com\/eticaret\/urun\/laktoz\/\",\"name\":\"LAKTOZ - Akerkimya\",\"isPartOf\":{\"@id\":\"https:\/\/akerkimya.com\/eticaret\/#website\"},\"datePublished\":\"2025-01-04T14:28:43+00:00\",\"dateModified\":\"2026-03-29T23:24:19+00:00\",\"breadcrumb\":{\"@id\":\"https:\/\/akerkimya.com\/eticaret\/urun\/laktoz\/#breadcrumb\"},\"inLanguage\":\"tr\",\"potentialAction\":[{\"@type\":\"ReadAction\",\"target\":[\"https:\/\/akerkimya.com\/eticaret\/urun\/laktoz\/\"]}]},{\"@type\":\"BreadcrumbList\",\"@id\":\"https:\/\/akerkimya.com\/eticaret\/urun\/laktoz\/#breadcrumb\",\"itemListElement\":[{\"@type\":\"ListItem\",\"position\":1,\"name\":\"Home\",\"item\":\"https:\/\/akerkimya.com\/eticaret\/\"},{\"@type\":\"ListItem\",\"position\":2,\"name\":\"Market\",\"item\":\"https:\/\/akerkimya.com\/eticaret\/market\/\"},{\"@type\":\"ListItem\",\"position\":3,\"name\":\"LAKTOZ\"}]},{\"@type\":\"WebSite\",\"@id\":\"https:\/\/akerkimya.com\/eticaret\/#website\",\"url\":\"https:\/\/akerkimya.com\/eticaret\/\",\"name\":\"Akerkimya\",\"description\":\"\",\"potentialAction\":[{\"@type\":\"SearchAction\",\"target\":{\"@type\":\"EntryPoint\",\"urlTemplate\":\"https:\/\/akerkimya.com\/eticaret\/?s={search_term_string}\"},\"query-input\":\"required name=search_term_string\"}],\"inLanguage\":\"tr\"}]}<\/script>\n<!-- \/ Yoast SEO Premium plugin. -->","yoast_head_json":{"title":"LAKTOZ - Akerkimya","robots":{"index":"index","follow":"follow","max-snippet":"max-snippet:-1","max-image-preview":"max-image-preview:large","max-video-preview":"max-video-preview:-1"},"canonical":"https:\/\/akerkimya.com\/eticaret\/urun\/laktoz\/","og_locale":"tr_TR","og_type":"article","og_title":"LAKTOZ","og_description":"LAKTOZ \u00a0 Laktoz, s\u00fct \u015fekeri olarak adland\u0131r\u0131lan, C12H22O11 molek\u00fcl form\u00fcl\u00fcne sahip bir disakkarittir. Galaktoz ve glikoz alt molek\u00fcllerinden meydana gelen","og_url":"https:\/\/akerkimya.com\/eticaret\/urun\/laktoz\/","og_site_name":"Akerkimya","article_modified_time":"2026-03-29T23:24:19+00:00","og_image":[{"width":1000,"height":1000,"url":"https:\/\/akerkimya.com\/eticaret\/wp-content\/uploads\/2025\/01\/LAKTOZ-GUNCEL-.png","type":"image\/png"}],"twitter_card":"summary_large_image","twitter_misc":{"Tahmini okuma s\u00fcresi":"2 dakika"},"schema":{"@context":"https:\/\/schema.org","@graph":[{"@type":"WebPage","@id":"https:\/\/akerkimya.com\/eticaret\/urun\/laktoz\/","url":"https:\/\/akerkimya.com\/eticaret\/urun\/laktoz\/","name":"LAKTOZ - Akerkimya","isPartOf":{"@id":"https:\/\/akerkimya.com\/eticaret\/#website"},"datePublished":"2025-01-04T14:28:43+00:00","dateModified":"2026-03-29T23:24:19+00:00","breadcrumb":{"@id":"https:\/\/akerkimya.com\/eticaret\/urun\/laktoz\/#breadcrumb"},"inLanguage":"tr","potentialAction":[{"@type":"ReadAction","target":["https:\/\/akerkimya.com\/eticaret\/urun\/laktoz\/"]}]},{"@type":"BreadcrumbList","@id":"https:\/\/akerkimya.com\/eticaret\/urun\/laktoz\/#breadcrumb","itemListElement":[{"@type":"ListItem","position":1,"name":"Home","item":"https:\/\/akerkimya.com\/eticaret\/"},{"@type":"ListItem","position":2,"name":"Market","item":"https:\/\/akerkimya.com\/eticaret\/market\/"},{"@type":"ListItem","position":3,"name":"LAKTOZ"}]},{"@type":"WebSite","@id":"https:\/\/akerkimya.com\/eticaret\/#website","url":"https:\/\/akerkimya.com\/eticaret\/","name":"Akerkimya","description":"","potentialAction":[{"@type":"SearchAction","target":{"@type":"EntryPoint","urlTemplate":"https:\/\/akerkimya.com\/eticaret\/?s={search_term_string}"},"query-input":"required name=search_term_string"}],"inLanguage":"tr"}]}},"_links":{"self":[{"href":"https:\/\/akerkimya.com\/eticaret\/wp-json\/wp\/v2\/product\/17606","targetHints":{"allow":["GET"]}}],"collection":[{"href":"https:\/\/akerkimya.com\/eticaret\/wp-json\/wp\/v2\/product"}],"about":[{"href":"https:\/\/akerkimya.com\/eticaret\/wp-json\/wp\/v2\/types\/product"}],"replies":[{"embeddable":true,"href":"https:\/\/akerkimya.com\/eticaret\/wp-json\/wp\/v2\/comments?post=17606"}],"version-history":[{"count":1,"href":"https:\/\/akerkimya.com\/eticaret\/wp-json\/wp\/v2\/product\/17606\/revisions"}],"predecessor-version":[{"id":17611,"href":"https:\/\/akerkimya.com\/eticaret\/wp-json\/wp\/v2\/product\/17606\/revisions\/17611"}],"wp:featuredmedia":[{"embeddable":true,"href":"https:\/\/akerkimya.com\/eticaret\/wp-json\/wp\/v2\/media\/17607"}],"wp:attachment":[{"href":"https:\/\/akerkimya.com\/eticaret\/wp-json\/wp\/v2\/media?parent=17606"}],"wp:term":[{"taxonomy":"product_cat","embeddable":true,"href":"https:\/\/akerkimya.com\/eticaret\/wp-json\/wp\/v2\/product_cat?post=17606"},{"taxonomy":"product_tag","embeddable":true,"href":"https:\/\/akerkimya.com\/eticaret\/wp-json\/wp\/v2\/product_tag?post=17606"}],"curies":[{"name":"wp","href":"https:\/\/api.w.org\/{rel}","templated":true}]}}