{"id":17655,"date":"2025-01-04T18:11:07","date_gmt":"2025-01-04T15:11:07","guid":{"rendered":"https:\/\/akerkimya.com\/eticaret\/?post_type=product&#038;p=17655"},"modified":"2026-03-30T02:24:20","modified_gmt":"2026-03-29T23:24:20","slug":"palm-yagi-toz","status":"publish","type":"product","link":"https:\/\/akerkimya.com\/eticaret\/urun\/palm-yagi-toz\/","title":{"rendered":"PALM YA\u011eI (TOZ)"},"content":{"rendered":"<h1>PALM YA\u011eI (TOZ)<\/h1>\n<p><strong>Bitkisel ya\u011flardan \u00fcretilmi\u015ftir. Palm ya\u011f\u0131 tozu, susuz ve higroskopiktir.<\/strong><\/p>\n<p><strong>\u00a0<\/strong><\/p>\n<p><strong>PALM YA\u011eI \u00d6ZELL\u0130KLER\u0130<\/strong><\/p>\n<p><strong>Do\u011fal renk ve aromaya sahiptir. <\/strong><\/p>\n<p><strong>Kolesterol i\u00e7ermez. <\/strong><\/p>\n<p><strong>Tamamen n\u00f6tr bir tat verir. <\/strong><\/p>\n<p><strong>Form\u00fcl\u00fcndeki ya\u011f seviyesi %99,9 min. <\/strong><\/p>\n<p><strong>\u00a0<\/strong><\/p>\n<p><strong>KULLANIM ALANLARI<\/strong><\/p>\n<p><strong>G\u0131da sekt\u00f6r\u00fcnde, \u00fcr\u00fcnlerin raf \u00f6mr\u00fcn\u00fc uzat\u0131r. <\/strong><\/p>\n<p><strong>\u00dcr\u00fcnlerin hafif ve kokusuz olmas\u0131na yard\u0131mc\u0131 olur. <\/strong><\/p>\n<p><strong>Sabun \u00fcretiminde kullan\u0131l\u0131r.<\/strong><\/p>\n<p><strong>\u00a0<\/strong><\/p>\n<p><strong>AMBALAJ<\/strong><\/p>\n<p><strong>1-5-20 kg torbalar halindedir.<\/strong><\/p>\n<p><strong>\u00a0<\/strong><\/p>\n<p><strong>DEPOLAMA <\/strong><\/p>\n<p><strong>Kokusuz ve serin bir ortamda muhafaza edilmelidir.<\/strong><\/p>\n<p><strong>\u00a0<\/strong><\/p>\n<p><strong>\u00a0<\/strong><\/p>\n","protected":false},"excerpt":{"rendered":"<p>PALM YA\u011eI (TOZ) Bitkisel ya\u011flardan \u00fcretilmi\u015ftir. Palm ya\u011f\u0131 tozu, susuz ve higroskopiktir. \u00a0 PALM YA\u011eI \u00d6ZELL\u0130KLER\u0130 Do\u011fal renk ve aromaya<\/p>\n","protected":false},"featured_media":17656,"comment_status":"open","ping_status":"closed","template":"","meta":{"_joinchat":[]},"product_cat":[74,76],"product_tag":[],"class_list":{"0":"post-17655","1":"product","2":"type-product","3":"status-publish","4":"has-post-thumbnail","6":"product_cat-deterjan-ve-kozmetik-kimyasallari","7":"product_cat-gida-ve-katki-kimyasallari","9":"first","10":"instock","11":"shipping-taxable","12":"purchasable","13":"product-type-variable"},"yoast_head":"<!-- This site is optimized with the Yoast SEO Premium plugin v20.2.1 (Yoast SEO v20.2.1) - https:\/\/yoast.com\/wordpress\/plugins\/seo\/ -->\n<title>PALM YA\u011eI (TOZ) - Akerkimya<\/title>\n<meta name=\"robots\" content=\"index, follow, max-snippet:-1, max-image-preview:large, max-video-preview:-1\" \/>\n<link rel=\"canonical\" href=\"https:\/\/akerkimya.com\/eticaret\/urun\/palm-yagi-toz\/\" \/>\n<meta property=\"og:locale\" content=\"tr_TR\" \/>\n<meta property=\"og:type\" content=\"article\" \/>\n<meta property=\"og:title\" content=\"PALM YA\u011eI (TOZ)\" \/>\n<meta property=\"og:description\" content=\"PALM YA\u011eI (TOZ) Bitkisel ya\u011flardan \u00fcretilmi\u015ftir. Palm ya\u011f\u0131 tozu, susuz ve higroskopiktir. \u00a0 PALM YA\u011eI \u00d6ZELL\u0130KLER\u0130 Do\u011fal renk ve aromaya\" \/>\n<meta property=\"og:url\" content=\"https:\/\/akerkimya.com\/eticaret\/urun\/palm-yagi-toz\/\" \/>\n<meta property=\"og:site_name\" content=\"Akerkimya\" \/>\n<meta property=\"article:modified_time\" content=\"2026-03-29T23:24:20+00:00\" \/>\n<meta property=\"og:image\" content=\"https:\/\/akerkimya.com\/eticaret\/wp-content\/uploads\/2025\/01\/Palm-Yagi-Toz-GUNCEL-.png\" \/>\n\t<meta property=\"og:image:width\" content=\"1000\" \/>\n\t<meta property=\"og:image:height\" content=\"1000\" \/>\n\t<meta property=\"og:image:type\" content=\"image\/png\" \/>\n<meta name=\"twitter:card\" content=\"summary_large_image\" \/>\n<script type=\"application\/ld+json\" class=\"yoast-schema-graph\">{\"@context\":\"https:\/\/schema.org\",\"@graph\":[{\"@type\":\"WebPage\",\"@id\":\"https:\/\/akerkimya.com\/eticaret\/urun\/palm-yagi-toz\/\",\"url\":\"https:\/\/akerkimya.com\/eticaret\/urun\/palm-yagi-toz\/\",\"name\":\"PALM YA\u011eI (TOZ) - Akerkimya\",\"isPartOf\":{\"@id\":\"https:\/\/akerkimya.com\/eticaret\/#website\"},\"datePublished\":\"2025-01-04T15:11:07+00:00\",\"dateModified\":\"2026-03-29T23:24:20+00:00\",\"breadcrumb\":{\"@id\":\"https:\/\/akerkimya.com\/eticaret\/urun\/palm-yagi-toz\/#breadcrumb\"},\"inLanguage\":\"tr\",\"potentialAction\":[{\"@type\":\"ReadAction\",\"target\":[\"https:\/\/akerkimya.com\/eticaret\/urun\/palm-yagi-toz\/\"]}]},{\"@type\":\"BreadcrumbList\",\"@id\":\"https:\/\/akerkimya.com\/eticaret\/urun\/palm-yagi-toz\/#breadcrumb\",\"itemListElement\":[{\"@type\":\"ListItem\",\"position\":1,\"name\":\"Home\",\"item\":\"https:\/\/akerkimya.com\/eticaret\/\"},{\"@type\":\"ListItem\",\"position\":2,\"name\":\"Market\",\"item\":\"https:\/\/akerkimya.com\/eticaret\/market\/\"},{\"@type\":\"ListItem\",\"position\":3,\"name\":\"PALM YA\u011eI (TOZ)\"}]},{\"@type\":\"WebSite\",\"@id\":\"https:\/\/akerkimya.com\/eticaret\/#website\",\"url\":\"https:\/\/akerkimya.com\/eticaret\/\",\"name\":\"Akerkimya\",\"description\":\"\",\"potentialAction\":[{\"@type\":\"SearchAction\",\"target\":{\"@type\":\"EntryPoint\",\"urlTemplate\":\"https:\/\/akerkimya.com\/eticaret\/?s={search_term_string}\"},\"query-input\":\"required name=search_term_string\"}],\"inLanguage\":\"tr\"}]}<\/script>\n<!-- \/ Yoast SEO Premium plugin. -->","yoast_head_json":{"title":"PALM YA\u011eI (TOZ) - Akerkimya","robots":{"index":"index","follow":"follow","max-snippet":"max-snippet:-1","max-image-preview":"max-image-preview:large","max-video-preview":"max-video-preview:-1"},"canonical":"https:\/\/akerkimya.com\/eticaret\/urun\/palm-yagi-toz\/","og_locale":"tr_TR","og_type":"article","og_title":"PALM YA\u011eI (TOZ)","og_description":"PALM YA\u011eI (TOZ) Bitkisel ya\u011flardan \u00fcretilmi\u015ftir. Palm ya\u011f\u0131 tozu, susuz ve higroskopiktir. \u00a0 PALM YA\u011eI \u00d6ZELL\u0130KLER\u0130 Do\u011fal renk ve aromaya","og_url":"https:\/\/akerkimya.com\/eticaret\/urun\/palm-yagi-toz\/","og_site_name":"Akerkimya","article_modified_time":"2026-03-29T23:24:20+00:00","og_image":[{"width":1000,"height":1000,"url":"https:\/\/akerkimya.com\/eticaret\/wp-content\/uploads\/2025\/01\/Palm-Yagi-Toz-GUNCEL-.png","type":"image\/png"}],"twitter_card":"summary_large_image","schema":{"@context":"https:\/\/schema.org","@graph":[{"@type":"WebPage","@id":"https:\/\/akerkimya.com\/eticaret\/urun\/palm-yagi-toz\/","url":"https:\/\/akerkimya.com\/eticaret\/urun\/palm-yagi-toz\/","name":"PALM YA\u011eI (TOZ) - Akerkimya","isPartOf":{"@id":"https:\/\/akerkimya.com\/eticaret\/#website"},"datePublished":"2025-01-04T15:11:07+00:00","dateModified":"2026-03-29T23:24:20+00:00","breadcrumb":{"@id":"https:\/\/akerkimya.com\/eticaret\/urun\/palm-yagi-toz\/#breadcrumb"},"inLanguage":"tr","potentialAction":[{"@type":"ReadAction","target":["https:\/\/akerkimya.com\/eticaret\/urun\/palm-yagi-toz\/"]}]},{"@type":"BreadcrumbList","@id":"https:\/\/akerkimya.com\/eticaret\/urun\/palm-yagi-toz\/#breadcrumb","itemListElement":[{"@type":"ListItem","position":1,"name":"Home","item":"https:\/\/akerkimya.com\/eticaret\/"},{"@type":"ListItem","position":2,"name":"Market","item":"https:\/\/akerkimya.com\/eticaret\/market\/"},{"@type":"ListItem","position":3,"name":"PALM YA\u011eI (TOZ)"}]},{"@type":"WebSite","@id":"https:\/\/akerkimya.com\/eticaret\/#website","url":"https:\/\/akerkimya.com\/eticaret\/","name":"Akerkimya","description":"","potentialAction":[{"@type":"SearchAction","target":{"@type":"EntryPoint","urlTemplate":"https:\/\/akerkimya.com\/eticaret\/?s={search_term_string}"},"query-input":"required name=search_term_string"}],"inLanguage":"tr"}]}},"_links":{"self":[{"href":"https:\/\/akerkimya.com\/eticaret\/wp-json\/wp\/v2\/product\/17655","targetHints":{"allow":["GET"]}}],"collection":[{"href":"https:\/\/akerkimya.com\/eticaret\/wp-json\/wp\/v2\/product"}],"about":[{"href":"https:\/\/akerkimya.com\/eticaret\/wp-json\/wp\/v2\/types\/product"}],"replies":[{"embeddable":true,"href":"https:\/\/akerkimya.com\/eticaret\/wp-json\/wp\/v2\/comments?post=17655"}],"version-history":[{"count":1,"href":"https:\/\/akerkimya.com\/eticaret\/wp-json\/wp\/v2\/product\/17655\/revisions"}],"predecessor-version":[{"id":17660,"href":"https:\/\/akerkimya.com\/eticaret\/wp-json\/wp\/v2\/product\/17655\/revisions\/17660"}],"wp:featuredmedia":[{"embeddable":true,"href":"https:\/\/akerkimya.com\/eticaret\/wp-json\/wp\/v2\/media\/17656"}],"wp:attachment":[{"href":"https:\/\/akerkimya.com\/eticaret\/wp-json\/wp\/v2\/media?parent=17655"}],"wp:term":[{"taxonomy":"product_cat","embeddable":true,"href":"https:\/\/akerkimya.com\/eticaret\/wp-json\/wp\/v2\/product_cat?post=17655"},{"taxonomy":"product_tag","embeddable":true,"href":"https:\/\/akerkimya.com\/eticaret\/wp-json\/wp\/v2\/product_tag?post=17655"}],"curies":[{"name":"wp","href":"https:\/\/api.w.org\/{rel}","templated":true}]}}