{"id":17661,"date":"2025-01-04T18:14:09","date_gmt":"2025-01-04T15:14:09","guid":{"rendered":"https:\/\/akerkimya.com\/eticaret\/?post_type=product&#038;p=17661"},"modified":"2026-03-30T02:24:21","modified_gmt":"2026-03-29T23:24:21","slug":"parafin-wax","status":"publish","type":"product","link":"https:\/\/akerkimya.com\/eticaret\/urun\/parafin-wax\/","title":{"rendered":"PARAF\u0130N WAX"},"content":{"rendered":"<h1>PARAF\u0130N WAX<\/h1>\n<p><strong>Parafin wax, CnH2n 2 n=24~36 form\u00fcl\u00fcne sahip petrol rafinelerinde madeni ya\u011flar\u0131n mumlar\u0131n\u0131n al\u0131nmas\u0131ndan \u00fcretilen \u00fcr\u00fcnlerdir. Yar\u0131 veya tam rafine parafin \u00fcr\u00fcnler elde etmek i\u00e7in parafin \u00fcretim tesislerinde rafine edilir. Rafinasyon genellikle ya\u011fdan ar\u0131nd\u0131rma, a\u011fartma ve koku giderme i\u015flemlerinden olu\u015fur. <\/strong><\/p>\n<p><strong>\u00a0<\/strong><\/p>\n<p><strong>PARAF\u0130N WAX \u00d6ZELL\u0130KLER\u0130<\/strong><\/p>\n<p><strong>Beyaz ve kat\u0131 formdad\u0131r.<\/strong><\/p>\n<p><strong>Kokusuzdur.<\/strong><\/p>\n<p><strong>Su ve metanol gibi solventlerde \u00e7\u00f6z\u00fcnmez.<\/strong><\/p>\n<p><strong>Stabilitesi iyi durumdayken, kolay oksitlenir, bozulur, rengi koyula\u015f\u0131r ve koku yayar. <\/strong><\/p>\n<p><strong>Nitrik asit ve alkali \u00e7\u00f6zeltiler d\u0131\u015f\u0131nda asitlerle reaksiyona girmez.<\/strong><\/p>\n<p><strong>\u00a0<\/strong><\/p>\n<p><strong>TEKN\u0130K \u00d6ZELL\u0130KLER<\/strong><\/p>\n<p><strong>CAS NUMARASI: 8002-74-2<\/strong><\/p>\n<p><strong>MOLEK\u00dcLER FORM\u00dcL: CnH2n 2 n=24~36<\/strong><\/p>\n<p><strong>K\u0130MYASAL \u0130SM\u0130: Parafin Wax,<\/strong><\/p>\n<p><strong>YA\u011e \u0130\u00c7ER\u0130\u011e\u0130: %1-2<\/strong><\/p>\n<p><strong>KAYNAMA NOKTASI: &gt; 370 \u00b0C (698 \u00b0F)<\/strong><\/p>\n<p><strong>ER\u0130ME NOKTASI: 58- 60 \u00b0C<\/strong><\/p>\n<p><strong>ALEVLENME NOKTASI: 200- 240 \u00b0C <\/strong><\/p>\n<p><strong>PARLAMA NOKTASI: 2209 \u00b0C<\/strong><\/p>\n<p><strong>PENETRASYON NOKTASI: 15-19<\/strong><\/p>\n<p><strong>SUDAK\u0130 \u00c7\u00d6Z\u00dcN\u00dcRL\u00dcK: 1 mg\/ L<\/strong><\/p>\n<p><strong>\u00a0<\/strong><\/p>\n<p><strong>KULLANIM ALANLARI<\/strong><\/p>\n<p><strong>G\u0131da katk\u0131 maddesi olan parafin wax mikrodalgalarda cilalama maddesi olarak kullan\u0131l\u0131r.<\/strong><\/p>\n<p><strong>Adli incelemelerde nitrat testi yani ate\u015f eden zanl\u0131n\u0131n elindeki nitratlar\u0131 ve nitritleri tespit etmek i\u00e7in kullan\u0131l\u0131r.<\/strong><\/p>\n<p><strong>Kozmetik sekt\u00f6r\u00fcnde nemlendirici olarak kullan\u0131l\u0131r.<\/strong><\/p>\n<p><strong>Kau\u00e7u\u011fun \u00e7atlamas\u0131n\u0131 \u00f6nlemek amac\u0131yla kau\u00e7uk bile\u015fiklerinde parafin ve mikro mum kar\u0131\u015f\u0131mlar\u0131 kullan\u0131l\u0131r. Balmumu kar\u0131\u015f\u0131m\u0131 \u00fcr\u00fcn y\u00fczeyine ge\u00e7er ve koruyucu bir tabaka olu\u015fturur. \u00dcr\u00fcn\u00fcn kal\u0131b\u0131ndan ayr\u0131lmas\u0131 i\u00e7in ayr\u0131c\u0131 ajan olarak da kullan\u0131l\u0131r.<\/strong><\/p>\n<p><strong>Paintball\u2019da kal\u0131nla\u015ft\u0131r\u0131c\u0131 ajan olarak kullan\u0131l\u0131r.<\/strong><\/p>\n<p><strong>Fizik tedavi alanlar\u0131nda a\u011fr\u0131y\u0131 azaltmak amac\u0131yla parafin banyolar\u0131nda kullan\u0131l\u0131r.<\/strong><\/p>\n<p><strong>Hibrit roket motorlar\u0131 i\u00e7in kat\u0131 yak\u0131t olarak kullan\u0131l\u0131r.<\/strong><\/p>\n<p><strong>Termal yaz\u0131c\u0131lar i\u00e7in kat\u0131 m\u00fcrekkebin farkl\u0131 renkteki balmumu bloklar\u0131n\u0131n temeli olarak kullan\u0131l\u0131r.<\/strong><\/p>\n<p><strong>G\u00fcbreler i\u00e7in topaklanma \u00f6nleyici, nem itici ve toz ba\u011flay\u0131c\u0131 olarak kullan\u0131l\u0131r.<\/strong><\/p>\n<p><strong>Bal\u0131k\u00e7\u0131l\u0131kta a\u011flar\u0131n korunmas\u0131 amac\u0131yla kullan\u0131l\u0131r.<\/strong><\/p>\n<p><strong>Mum ve boya sekt\u00f6r\u00fcnde kullan\u0131lmaktad\u0131r.<\/strong><\/p>\n<p><strong>T\u0131p alan\u0131nda, \u0131s\u0131 terapisi olarak kullan\u0131larak kan ak\u0131\u015f\u0131n\u0131 artt\u0131rmaya, kaslar\u0131 gev\u015fetmeye ve eklem sertli\u011fini azaltmada yard\u0131mc\u0131 olmak i\u00e7in kullan\u0131l\u0131r.<\/strong><\/p>\n<p><strong>\u00a0<\/strong><\/p>\n<p><strong>AMBALAJ<\/strong><\/p>\n<p><strong>1-5-25 kg ambalajlar halinde<\/strong><\/p>\n<p><strong>\u00a0<\/strong><\/p>\n<p><strong>DEPOLAMA<\/strong><\/p>\n<p><strong>Serin ve kuru bir alanda muhafaza ediniz.<\/strong><\/p>\n","protected":false},"excerpt":{"rendered":"<p>PARAF\u0130N WAX Parafin wax, CnH2n 2 n=24~36 form\u00fcl\u00fcne sahip petrol rafinelerinde madeni ya\u011flar\u0131n mumlar\u0131n\u0131n al\u0131nmas\u0131ndan \u00fcretilen \u00fcr\u00fcnlerdir. Yar\u0131 veya tam<\/p>\n","protected":false},"featured_media":17662,"comment_status":"open","ping_status":"closed","template":"","meta":{"_joinchat":[]},"product_cat":[74,79,80],"product_tag":[],"class_list":{"0":"post-17661","1":"product","2":"type-product","3":"status-publish","4":"has-post-thumbnail","6":"product_cat-deterjan-ve-kozmetik-kimyasallari","7":"product_cat-tarim-kimyasallari","8":"product_cat-veteriner-ve-ilac-kimyasallari","10":"first","11":"instock","12":"shipping-taxable","13":"purchasable","14":"product-type-variable"},"yoast_head":"<!-- This site is optimized with the Yoast SEO Premium plugin v20.2.1 (Yoast SEO v20.2.1) - https:\/\/yoast.com\/wordpress\/plugins\/seo\/ -->\n<title>PARAF\u0130N WAX - Akerkimya<\/title>\n<meta name=\"robots\" content=\"index, follow, max-snippet:-1, max-image-preview:large, max-video-preview:-1\" \/>\n<link rel=\"canonical\" href=\"https:\/\/akerkimya.com\/eticaret\/urun\/parafin-wax\/\" \/>\n<meta property=\"og:locale\" content=\"tr_TR\" \/>\n<meta property=\"og:type\" content=\"article\" \/>\n<meta property=\"og:title\" content=\"PARAF\u0130N WAX\" \/>\n<meta property=\"og:description\" content=\"PARAF\u0130N WAX Parafin wax, CnH2n 2 n=24~36 form\u00fcl\u00fcne sahip petrol rafinelerinde madeni ya\u011flar\u0131n mumlar\u0131n\u0131n al\u0131nmas\u0131ndan \u00fcretilen \u00fcr\u00fcnlerdir. Yar\u0131 veya tam\" \/>\n<meta property=\"og:url\" content=\"https:\/\/akerkimya.com\/eticaret\/urun\/parafin-wax\/\" \/>\n<meta property=\"og:site_name\" content=\"Akerkimya\" \/>\n<meta property=\"article:modified_time\" content=\"2026-03-29T23:24:21+00:00\" \/>\n<meta property=\"og:image\" content=\"https:\/\/akerkimya.com\/eticaret\/wp-content\/uploads\/2025\/01\/PARAFIN-WAX-GUNCEL.jpeg\" \/>\n\t<meta property=\"og:image:width\" content=\"1000\" \/>\n\t<meta property=\"og:image:height\" content=\"1000\" \/>\n\t<meta property=\"og:image:type\" content=\"image\/jpeg\" \/>\n<meta name=\"twitter:card\" content=\"summary_large_image\" \/>\n<meta name=\"twitter:label1\" content=\"Tahmini okuma s\u00fcresi\" \/>\n\t<meta name=\"twitter:data1\" content=\"2 dakika\" \/>\n<script type=\"application\/ld+json\" class=\"yoast-schema-graph\">{\"@context\":\"https:\/\/schema.org\",\"@graph\":[{\"@type\":\"WebPage\",\"@id\":\"https:\/\/akerkimya.com\/eticaret\/urun\/parafin-wax\/\",\"url\":\"https:\/\/akerkimya.com\/eticaret\/urun\/parafin-wax\/\",\"name\":\"PARAF\u0130N WAX - Akerkimya\",\"isPartOf\":{\"@id\":\"https:\/\/akerkimya.com\/eticaret\/#website\"},\"datePublished\":\"2025-01-04T15:14:09+00:00\",\"dateModified\":\"2026-03-29T23:24:21+00:00\",\"breadcrumb\":{\"@id\":\"https:\/\/akerkimya.com\/eticaret\/urun\/parafin-wax\/#breadcrumb\"},\"inLanguage\":\"tr\",\"potentialAction\":[{\"@type\":\"ReadAction\",\"target\":[\"https:\/\/akerkimya.com\/eticaret\/urun\/parafin-wax\/\"]}]},{\"@type\":\"BreadcrumbList\",\"@id\":\"https:\/\/akerkimya.com\/eticaret\/urun\/parafin-wax\/#breadcrumb\",\"itemListElement\":[{\"@type\":\"ListItem\",\"position\":1,\"name\":\"Home\",\"item\":\"https:\/\/akerkimya.com\/eticaret\/\"},{\"@type\":\"ListItem\",\"position\":2,\"name\":\"Market\",\"item\":\"https:\/\/akerkimya.com\/eticaret\/market\/\"},{\"@type\":\"ListItem\",\"position\":3,\"name\":\"PARAF\u0130N WAX\"}]},{\"@type\":\"WebSite\",\"@id\":\"https:\/\/akerkimya.com\/eticaret\/#website\",\"url\":\"https:\/\/akerkimya.com\/eticaret\/\",\"name\":\"Akerkimya\",\"description\":\"\",\"potentialAction\":[{\"@type\":\"SearchAction\",\"target\":{\"@type\":\"EntryPoint\",\"urlTemplate\":\"https:\/\/akerkimya.com\/eticaret\/?s={search_term_string}\"},\"query-input\":\"required name=search_term_string\"}],\"inLanguage\":\"tr\"}]}<\/script>\n<!-- \/ Yoast SEO Premium plugin. -->","yoast_head_json":{"title":"PARAF\u0130N WAX - Akerkimya","robots":{"index":"index","follow":"follow","max-snippet":"max-snippet:-1","max-image-preview":"max-image-preview:large","max-video-preview":"max-video-preview:-1"},"canonical":"https:\/\/akerkimya.com\/eticaret\/urun\/parafin-wax\/","og_locale":"tr_TR","og_type":"article","og_title":"PARAF\u0130N WAX","og_description":"PARAF\u0130N WAX Parafin wax, CnH2n 2 n=24~36 form\u00fcl\u00fcne sahip petrol rafinelerinde madeni ya\u011flar\u0131n mumlar\u0131n\u0131n al\u0131nmas\u0131ndan \u00fcretilen \u00fcr\u00fcnlerdir. Yar\u0131 veya tam","og_url":"https:\/\/akerkimya.com\/eticaret\/urun\/parafin-wax\/","og_site_name":"Akerkimya","article_modified_time":"2026-03-29T23:24:21+00:00","og_image":[{"width":1000,"height":1000,"url":"https:\/\/akerkimya.com\/eticaret\/wp-content\/uploads\/2025\/01\/PARAFIN-WAX-GUNCEL.jpeg","type":"image\/jpeg"}],"twitter_card":"summary_large_image","twitter_misc":{"Tahmini okuma s\u00fcresi":"2 dakika"},"schema":{"@context":"https:\/\/schema.org","@graph":[{"@type":"WebPage","@id":"https:\/\/akerkimya.com\/eticaret\/urun\/parafin-wax\/","url":"https:\/\/akerkimya.com\/eticaret\/urun\/parafin-wax\/","name":"PARAF\u0130N WAX - Akerkimya","isPartOf":{"@id":"https:\/\/akerkimya.com\/eticaret\/#website"},"datePublished":"2025-01-04T15:14:09+00:00","dateModified":"2026-03-29T23:24:21+00:00","breadcrumb":{"@id":"https:\/\/akerkimya.com\/eticaret\/urun\/parafin-wax\/#breadcrumb"},"inLanguage":"tr","potentialAction":[{"@type":"ReadAction","target":["https:\/\/akerkimya.com\/eticaret\/urun\/parafin-wax\/"]}]},{"@type":"BreadcrumbList","@id":"https:\/\/akerkimya.com\/eticaret\/urun\/parafin-wax\/#breadcrumb","itemListElement":[{"@type":"ListItem","position":1,"name":"Home","item":"https:\/\/akerkimya.com\/eticaret\/"},{"@type":"ListItem","position":2,"name":"Market","item":"https:\/\/akerkimya.com\/eticaret\/market\/"},{"@type":"ListItem","position":3,"name":"PARAF\u0130N WAX"}]},{"@type":"WebSite","@id":"https:\/\/akerkimya.com\/eticaret\/#website","url":"https:\/\/akerkimya.com\/eticaret\/","name":"Akerkimya","description":"","potentialAction":[{"@type":"SearchAction","target":{"@type":"EntryPoint","urlTemplate":"https:\/\/akerkimya.com\/eticaret\/?s={search_term_string}"},"query-input":"required name=search_term_string"}],"inLanguage":"tr"}]}},"_links":{"self":[{"href":"https:\/\/akerkimya.com\/eticaret\/wp-json\/wp\/v2\/product\/17661","targetHints":{"allow":["GET"]}}],"collection":[{"href":"https:\/\/akerkimya.com\/eticaret\/wp-json\/wp\/v2\/product"}],"about":[{"href":"https:\/\/akerkimya.com\/eticaret\/wp-json\/wp\/v2\/types\/product"}],"replies":[{"embeddable":true,"href":"https:\/\/akerkimya.com\/eticaret\/wp-json\/wp\/v2\/comments?post=17661"}],"version-history":[{"count":1,"href":"https:\/\/akerkimya.com\/eticaret\/wp-json\/wp\/v2\/product\/17661\/revisions"}],"predecessor-version":[{"id":17666,"href":"https:\/\/akerkimya.com\/eticaret\/wp-json\/wp\/v2\/product\/17661\/revisions\/17666"}],"wp:featuredmedia":[{"embeddable":true,"href":"https:\/\/akerkimya.com\/eticaret\/wp-json\/wp\/v2\/media\/17662"}],"wp:attachment":[{"href":"https:\/\/akerkimya.com\/eticaret\/wp-json\/wp\/v2\/media?parent=17661"}],"wp:term":[{"taxonomy":"product_cat","embeddable":true,"href":"https:\/\/akerkimya.com\/eticaret\/wp-json\/wp\/v2\/product_cat?post=17661"},{"taxonomy":"product_tag","embeddable":true,"href":"https:\/\/akerkimya.com\/eticaret\/wp-json\/wp\/v2\/product_tag?post=17661"}],"curies":[{"name":"wp","href":"https:\/\/api.w.org\/{rel}","templated":true}]}}