{"id":17718,"date":"2025-01-04T23:52:19","date_gmt":"2025-01-04T20:52:19","guid":{"rendered":"https:\/\/akerkimya.com\/eticaret\/?post_type=product&#038;p=17718"},"modified":"2026-03-30T02:24:22","modified_gmt":"2026-03-29T23:24:22","slug":"potasyum-nitrat","status":"publish","type":"product","link":"https:\/\/akerkimya.com\/eticaret\/urun\/potasyum-nitrat\/","title":{"rendered":"POTASYUM N\u0130TRAT"},"content":{"rendered":"<h1>POTASYUM N\u0130TRAT<\/h1>\n<p><strong>KNO3 form\u00fcll\u00fc bir potasyum bile\u015fi\u011fi olan Potasyum Nitrat, iyonik bir tuzdur bu nedenle alkali metal nitrat da denenebilir. Do\u011fada Niter isimli bir mineral olarak bulunur. G\u00fcher\u00e7ile olarak da bilenen bile\u015fik do\u011fal halde ma\u011fara duvarlar\u0131ndaki birikintilerde ve kaya\u00e7larda olu\u015fan beyaz renkli kabuksu yap\u0131da bulunur.<\/strong><\/p>\n<p><strong>Sodyum nitrat ve potasyum klor\u00fcr kar\u0131\u015f\u0131m\u0131n\u0131n \u00e7ifte ayr\u0131\u015fmas\u0131 sonucunda elde edilir.<\/strong><\/p>\n<p><strong>\u00a0 <\/strong><\/p>\n<p><strong>POTASYUM N\u0130TRAT \u00d6ZELL\u0130KLER\u0130<\/strong><\/p>\n<p><strong>Di\u011fer kimyasallara g\u00f6re nispeten daha az zararl\u0131d\u0131r.<\/strong><\/p>\n<p><strong>Potasyum nitrat oda s\u0131cakl\u0131\u011f\u0131nda ortorombik bir kristal yap\u0131ya sahiptir.<\/strong><\/p>\n<p><strong>Suda \u00e7\u00f6z\u00fcn\u00fcrl\u00fc\u011f\u00fc s\u0131cakl\u0131k y\u00fckseldik\u00e7e artar.<\/strong><\/p>\n<p><strong>\u00a0<\/strong><\/p>\n<p><strong>TEKN\u0130K \u00d6ZELL\u0130KLER\u0130<\/strong><\/p>\n<p><strong>CAS NUMARASI: 7757-79-1<\/strong><\/p>\n<p><strong>FORM\u00dcL: KNO3<\/strong><\/p>\n<p><strong>G\u00d6R\u00dcN\u00dcM: Beyaz kristal yap\u0131<\/strong><\/p>\n<p><strong>D\u0130\u011eER ADLARI: G\u00fcher\u00e7ile, Hint g\u00fcher\u00e7ile, Potassium salt<\/strong><\/p>\n<p><strong>MOLAR K\u00dcTLE: 101,1032 g\/mol<\/strong><\/p>\n<p><strong>KAYNAMA NOKTASI: 400 \u00b0C<\/strong><\/p>\n<p><strong>ER\u0130ME NOKTASI: 334 \u00b0C<\/strong><\/p>\n<p><strong>YO\u011eUNLUK: 2,11 g\/cm\u00b3<\/strong><\/p>\n<p><strong>\u00c7\u00d6Z\u00dcN\u00dcRL\u00dcK(SU \u0130\u00c7\u0130NDE): 133 g\/L (0 \u00b0C)<\/strong><\/p>\n<p><strong>\u00a0\u00a0\u00a0\u00a0\u00a0\u00a0\u00a0\u00a0\u00a0\u00a0\u00a0\u00a0\u00a0\u00a0\u00a0\u00a0\u00a0\u00a0\u00a0\u00a0\u00a0\u00a0\u00a0\u00a0\u00a0\u00a0\u00a0\u00a0\u00a0\u00a0\u00a0\u00a0\u00a0\u00a0\u00a0\u00a0\u00a0\u00a0\u00a0\u00a0\u00a0\u00a0\u00a0\u00a0\u00a0\u00a0\u00a0 316 g\/L (0 \u00b0C)<\/strong><\/p>\n<p><strong>\u00a0\u00a0\u00a0\u00a0\u00a0\u00a0\u00a0\u00a0\u00a0\u00a0\u00a0\u00a0\u00a0\u00a0\u00a0\u00a0\u00a0\u00a0\u00a0\u00a0\u00a0\u00a0\u00a0\u00a0\u00a0\u00a0\u00a0\u00a0\u00a0\u00a0\u00a0\u00a0\u00a0\u00a0\u00a0\u00a0\u00a0\u00a0\u00a0\u00a0\u00a0\u00a0\u00a0\u00a0\u00a0\u00a0\u00a0 2460 g\/L (100 \u00b0C)<\/strong><\/p>\n<p><strong>\u00c7\u00d6Z\u00dcN\u00dcRL\u00dcK: Etanolde \u00e7ok az \u00e7\u00f6z\u00fcn\u00fcr. Gliserin ve amonyakta \u00e7\u00f6z\u00fcn\u00fcr.<\/strong><\/p>\n<p><strong>\u00a0<\/strong><\/p>\n<p><strong>KULLANIM ALANLARI<\/strong><\/p>\n<p><strong>G\u0131da katk\u0131s\u0131 olarak kullan\u0131ld\u0131\u011f\u0131ndan Avrupa Birli\u011fi normlar\u0131nda E252 olarak adland\u0131r\u0131l\u0131r.<\/strong><\/p>\n<p><strong>Etlerin ve et \u00fcr\u00fcnlerinin (sucuk ve salam) muhafaza edilmesinde ve k\u0131rm\u0131z\u0131 renk vermek i\u00e7in kullan\u0131l\u0131r.<\/strong><\/p>\n<p><strong>Kara barut bile\u015fi\u011finde oksitleyici olarak rol al\u0131r.<\/strong><\/p>\n<p><strong>K\u00fck\u00fcrt ve odun k\u00f6m\u00fcr\u00fcyle belirli miktarda kar\u0131\u015ft\u0131r\u0131l\u0131rsa kara barut meydana getirir. <\/strong><\/p>\n<p><strong>Potasyum nitrat \u00e7o\u011funlukla, makro besinlerin ikisi olan azot ve potasyum kayna\u011f\u0131 olarak bitkilere uygun g\u00fcbrelerde kullan\u0131l\u0131r. Tek ba\u015f\u0131na saf g\u00fcbre olarak kullan\u0131ld\u0131\u011f\u0131nda NPK oran\u0131 13-0-45 olmaktad\u0131r.<\/strong><\/p>\n<p><strong>Potasyum i\u00e7eri\u011finde yanma ile leylak renkli bir alev olu\u015fturur. Bu nedenle roket itici yak\u0131tlar\u0131 ile \u015feker ve potasyum nitrat kar\u0131\u015f\u0131m\u0131yla sis bombas\u0131 yap\u0131m\u0131nda kullan\u0131l\u0131r<\/strong><\/p>\n<p><strong>Havai fi\u015feklerin \u00fcretiminde kullan\u0131l\u0131r.<\/strong><\/p>\n<p><strong>T\u00fct\u00fcn\u00fcn d\u00fczg\u00fcn yanmas\u0131n\u0131 sa\u011flamak amac\u0131yla sigara sar\u0131lmadan \u00f6nce t\u00fct\u00fcn harman\u0131na eklenir.<\/strong><\/p>\n<p><strong>Hassas di\u015fler i\u00e7in \u00fcretilen di\u015f macunlar\u0131n i\u00e7erisinde kullan\u0131lmaktad\u0131r.<\/strong><\/p>\n<p><strong>Narenciye \u00fcr\u00fcnlerinde meyve miktar\u0131n\u0131 ve kalitesini artt\u0131rmaktad\u0131r, meyve d\u00f6k\u00fclmesini \u00f6nler.<\/strong><\/p>\n<p><strong>Patateste daha iri ve kaliteli verim olu\u015fturmas\u0131n\u0131 sa\u011flar.<\/strong><\/p>\n<p><strong>\u00dcz\u00fcm\u00fcn \u015feker oran\u0131n\u0131 y\u00fckseltir.<\/strong><\/p>\n<p><strong>Sert \u00e7ekirde\u011fi olan meyvelerde \u00e7i\u00e7eklenmeyi, meyve miktar\u0131n\u0131 ve kalitesini y\u00fckseltmektedir.<\/strong><\/p>\n<p><strong>Pamukta koza adedini artt\u0131r\u0131r, pamu\u011fun a\u011f\u0131rl\u0131\u011f\u0131n\u0131 ve lif kalitesinde art\u0131\u015f sa\u011flar.<\/strong><\/p>\n<p><strong>Potasyum nitrat, \u00e7orba ve g\u00fcve\u00e7lerde yo\u011funla\u015ft\u0131r\u0131c\u0131 bir ajan olarak kullan\u0131lmaktad\u0131r.<\/strong><\/p>\n<p><strong>Tayland\u2019da sistit, piyelit ve \u00fcretrit semptomlar\u0131n\u0131 hafifletmek amac\u0131yla b\u00f6brek tabletlerinde ana bile\u015fen olarak kullan\u0131lmaktad\u0131r.<\/strong><\/p>\n<p><strong>Y\u00fcksek tansiyonla sava\u015f\u0131r ve eskiden hipotansif olarak kullan\u0131lm\u0131\u015ft\u0131r.<\/strong><\/p>\n<p><strong>Al\u00fcminyum temizleyicisi olarak kullan\u0131l\u0131r.<\/strong><\/p>\n<p><strong>G\u00fcd\u00fck odununa sald\u0131ran mantarlar i\u00e7in azot sa\u011flayarak g\u00fcd\u00fckteki do\u011fal ayr\u0131\u015fmay\u0131 h\u0131zland\u0131r\u0131r. Dolay\u0131s\u0131yla a\u011fa\u00e7 k\u00fct\u00fc\u011f\u00fc temizleme \u00fcr\u00fcnlerinin i\u00e7eri\u011finde kullan\u0131l\u0131r.<\/strong><\/p>\n<p><strong>\u00a0<\/strong><\/p>\n<p><strong>AMBALAJ <\/strong><\/p>\n<p><strong>1-5-25 kg\u00a0 torbalar halinde<\/strong><\/p>\n<p><strong>\u00a0<\/strong><\/p>\n<p><strong>DEPOLAMA<\/strong><strong>\u00a0<\/strong><\/p>\n<p><strong>\u00a0<\/strong><\/p>\n<p><strong>Do\u011frudan g\u00fcne\u015f g\u00f6rmeyen ve nem bulunmayan ortamda depolanmal\u0131d\u0131r.<\/strong><\/p>\n<p><strong>D\u0130KKAT<\/strong><\/p>\n<p><strong>G\u00f6z hasar\u0131na ve tahri\u015fe neden olabilir.<\/strong><\/p>\n<p><strong>Bu kimyasala temas etme durumunda eller bol su ile y\u0131kanmal\u0131d\u0131r.<\/strong><\/p>\n<p><strong>\u00a0<\/strong><\/p>\n<p><strong>\u00a0<\/strong><\/p>\n","protected":false},"excerpt":{"rendered":"<p>POTASYUM N\u0130TRAT KNO3 form\u00fcll\u00fc bir potasyum bile\u015fi\u011fi olan Potasyum Nitrat, iyonik bir tuzdur bu nedenle alkali metal nitrat da denenebilir.<\/p>\n","protected":false},"featured_media":17719,"comment_status":"open","ping_status":"closed","template":"","meta":{"_joinchat":[]},"product_cat":[74,76,79],"product_tag":[],"class_list":{"0":"post-17718","1":"product","2":"type-product","3":"status-publish","4":"has-post-thumbnail","6":"product_cat-deterjan-ve-kozmetik-kimyasallari","7":"product_cat-gida-ve-katki-kimyasallari","8":"product_cat-tarim-kimyasallari","10":"first","11":"instock","12":"shipping-taxable","13":"purchasable","14":"product-type-variable"},"yoast_head":"<!-- This site is optimized with the Yoast SEO Premium plugin v20.2.1 (Yoast SEO v20.2.1) - https:\/\/yoast.com\/wordpress\/plugins\/seo\/ -->\n<title>POTASYUM N\u0130TRAT - Akerkimya<\/title>\n<meta name=\"robots\" content=\"index, follow, max-snippet:-1, max-image-preview:large, max-video-preview:-1\" \/>\n<link rel=\"canonical\" href=\"https:\/\/akerkimya.com\/eticaret\/urun\/potasyum-nitrat\/\" \/>\n<meta property=\"og:locale\" content=\"tr_TR\" \/>\n<meta property=\"og:type\" content=\"article\" \/>\n<meta property=\"og:title\" content=\"POTASYUM N\u0130TRAT\" \/>\n<meta property=\"og:description\" content=\"POTASYUM N\u0130TRAT KNO3 form\u00fcll\u00fc bir potasyum bile\u015fi\u011fi olan Potasyum Nitrat, iyonik bir tuzdur bu nedenle alkali metal nitrat da denenebilir.\" \/>\n<meta property=\"og:url\" content=\"https:\/\/akerkimya.com\/eticaret\/urun\/potasyum-nitrat\/\" \/>\n<meta property=\"og:site_name\" content=\"Akerkimya\" \/>\n<meta property=\"article:modified_time\" content=\"2026-03-29T23:24:22+00:00\" \/>\n<meta property=\"og:image\" content=\"https:\/\/akerkimya.com\/eticaret\/wp-content\/uploads\/2025\/01\/POTASYUM-NITRAT-GUNCEL-.png\" \/>\n\t<meta property=\"og:image:width\" content=\"1000\" \/>\n\t<meta property=\"og:image:height\" content=\"1000\" \/>\n\t<meta property=\"og:image:type\" content=\"image\/png\" \/>\n<meta name=\"twitter:card\" content=\"summary_large_image\" \/>\n<meta name=\"twitter:label1\" content=\"Tahmini okuma s\u00fcresi\" \/>\n\t<meta name=\"twitter:data1\" content=\"3 dakika\" \/>\n<script type=\"application\/ld+json\" class=\"yoast-schema-graph\">{\"@context\":\"https:\/\/schema.org\",\"@graph\":[{\"@type\":\"WebPage\",\"@id\":\"https:\/\/akerkimya.com\/eticaret\/urun\/potasyum-nitrat\/\",\"url\":\"https:\/\/akerkimya.com\/eticaret\/urun\/potasyum-nitrat\/\",\"name\":\"POTASYUM N\u0130TRAT - Akerkimya\",\"isPartOf\":{\"@id\":\"https:\/\/akerkimya.com\/eticaret\/#website\"},\"datePublished\":\"2025-01-04T20:52:19+00:00\",\"dateModified\":\"2026-03-29T23:24:22+00:00\",\"breadcrumb\":{\"@id\":\"https:\/\/akerkimya.com\/eticaret\/urun\/potasyum-nitrat\/#breadcrumb\"},\"inLanguage\":\"tr\",\"potentialAction\":[{\"@type\":\"ReadAction\",\"target\":[\"https:\/\/akerkimya.com\/eticaret\/urun\/potasyum-nitrat\/\"]}]},{\"@type\":\"BreadcrumbList\",\"@id\":\"https:\/\/akerkimya.com\/eticaret\/urun\/potasyum-nitrat\/#breadcrumb\",\"itemListElement\":[{\"@type\":\"ListItem\",\"position\":1,\"name\":\"Home\",\"item\":\"https:\/\/akerkimya.com\/eticaret\/\"},{\"@type\":\"ListItem\",\"position\":2,\"name\":\"Market\",\"item\":\"https:\/\/akerkimya.com\/eticaret\/market\/\"},{\"@type\":\"ListItem\",\"position\":3,\"name\":\"POTASYUM N\u0130TRAT\"}]},{\"@type\":\"WebSite\",\"@id\":\"https:\/\/akerkimya.com\/eticaret\/#website\",\"url\":\"https:\/\/akerkimya.com\/eticaret\/\",\"name\":\"Akerkimya\",\"description\":\"\",\"potentialAction\":[{\"@type\":\"SearchAction\",\"target\":{\"@type\":\"EntryPoint\",\"urlTemplate\":\"https:\/\/akerkimya.com\/eticaret\/?s={search_term_string}\"},\"query-input\":\"required name=search_term_string\"}],\"inLanguage\":\"tr\"}]}<\/script>\n<!-- \/ Yoast SEO Premium plugin. -->","yoast_head_json":{"title":"POTASYUM N\u0130TRAT - Akerkimya","robots":{"index":"index","follow":"follow","max-snippet":"max-snippet:-1","max-image-preview":"max-image-preview:large","max-video-preview":"max-video-preview:-1"},"canonical":"https:\/\/akerkimya.com\/eticaret\/urun\/potasyum-nitrat\/","og_locale":"tr_TR","og_type":"article","og_title":"POTASYUM N\u0130TRAT","og_description":"POTASYUM N\u0130TRAT KNO3 form\u00fcll\u00fc bir potasyum bile\u015fi\u011fi olan Potasyum Nitrat, iyonik bir tuzdur bu nedenle alkali metal nitrat da denenebilir.","og_url":"https:\/\/akerkimya.com\/eticaret\/urun\/potasyum-nitrat\/","og_site_name":"Akerkimya","article_modified_time":"2026-03-29T23:24:22+00:00","og_image":[{"width":1000,"height":1000,"url":"https:\/\/akerkimya.com\/eticaret\/wp-content\/uploads\/2025\/01\/POTASYUM-NITRAT-GUNCEL-.png","type":"image\/png"}],"twitter_card":"summary_large_image","twitter_misc":{"Tahmini okuma s\u00fcresi":"3 dakika"},"schema":{"@context":"https:\/\/schema.org","@graph":[{"@type":"WebPage","@id":"https:\/\/akerkimya.com\/eticaret\/urun\/potasyum-nitrat\/","url":"https:\/\/akerkimya.com\/eticaret\/urun\/potasyum-nitrat\/","name":"POTASYUM N\u0130TRAT - Akerkimya","isPartOf":{"@id":"https:\/\/akerkimya.com\/eticaret\/#website"},"datePublished":"2025-01-04T20:52:19+00:00","dateModified":"2026-03-29T23:24:22+00:00","breadcrumb":{"@id":"https:\/\/akerkimya.com\/eticaret\/urun\/potasyum-nitrat\/#breadcrumb"},"inLanguage":"tr","potentialAction":[{"@type":"ReadAction","target":["https:\/\/akerkimya.com\/eticaret\/urun\/potasyum-nitrat\/"]}]},{"@type":"BreadcrumbList","@id":"https:\/\/akerkimya.com\/eticaret\/urun\/potasyum-nitrat\/#breadcrumb","itemListElement":[{"@type":"ListItem","position":1,"name":"Home","item":"https:\/\/akerkimya.com\/eticaret\/"},{"@type":"ListItem","position":2,"name":"Market","item":"https:\/\/akerkimya.com\/eticaret\/market\/"},{"@type":"ListItem","position":3,"name":"POTASYUM N\u0130TRAT"}]},{"@type":"WebSite","@id":"https:\/\/akerkimya.com\/eticaret\/#website","url":"https:\/\/akerkimya.com\/eticaret\/","name":"Akerkimya","description":"","potentialAction":[{"@type":"SearchAction","target":{"@type":"EntryPoint","urlTemplate":"https:\/\/akerkimya.com\/eticaret\/?s={search_term_string}"},"query-input":"required name=search_term_string"}],"inLanguage":"tr"}]}},"_links":{"self":[{"href":"https:\/\/akerkimya.com\/eticaret\/wp-json\/wp\/v2\/product\/17718","targetHints":{"allow":["GET"]}}],"collection":[{"href":"https:\/\/akerkimya.com\/eticaret\/wp-json\/wp\/v2\/product"}],"about":[{"href":"https:\/\/akerkimya.com\/eticaret\/wp-json\/wp\/v2\/types\/product"}],"replies":[{"embeddable":true,"href":"https:\/\/akerkimya.com\/eticaret\/wp-json\/wp\/v2\/comments?post=17718"}],"version-history":[{"count":1,"href":"https:\/\/akerkimya.com\/eticaret\/wp-json\/wp\/v2\/product\/17718\/revisions"}],"predecessor-version":[{"id":17723,"href":"https:\/\/akerkimya.com\/eticaret\/wp-json\/wp\/v2\/product\/17718\/revisions\/17723"}],"wp:featuredmedia":[{"embeddable":true,"href":"https:\/\/akerkimya.com\/eticaret\/wp-json\/wp\/v2\/media\/17719"}],"wp:attachment":[{"href":"https:\/\/akerkimya.com\/eticaret\/wp-json\/wp\/v2\/media?parent=17718"}],"wp:term":[{"taxonomy":"product_cat","embeddable":true,"href":"https:\/\/akerkimya.com\/eticaret\/wp-json\/wp\/v2\/product_cat?post=17718"},{"taxonomy":"product_tag","embeddable":true,"href":"https:\/\/akerkimya.com\/eticaret\/wp-json\/wp\/v2\/product_tag?post=17718"}],"curies":[{"name":"wp","href":"https:\/\/api.w.org\/{rel}","templated":true}]}}