{"id":17765,"date":"2025-01-05T00:33:47","date_gmt":"2025-01-04T21:33:47","guid":{"rendered":"https:\/\/akerkimya.com\/eticaret\/?post_type=product&#038;p=17765"},"modified":"2026-03-30T02:24:22","modified_gmt":"2026-03-29T23:24:22","slug":"sivi-kostik","status":"publish","type":"product","link":"https:\/\/akerkimya.com\/eticaret\/urun\/sivi-kostik\/","title":{"rendered":"SIVI KOST\u0130K"},"content":{"rendered":"<h1>SIVI KOST\u0130K<\/h1>\n<p><strong>S\u0131v\u0131 Kostik Sodyum Hidroksit\u00a0olarak da bilinmektedir.<\/strong><\/p>\n<p><strong>Yan\u0131c\u0131 olmay\u0131p nem \u00e7ekici \u00f6zelli\u011fi vard\u0131r.<\/strong><\/p>\n<p><strong>Yap\u0131sal olarak yumu\u015fakl\u0131k ve kayganl\u0131k hissi verir.<\/strong><\/p>\n<p><strong>\u00a0<\/strong><\/p>\n<p><strong>SIVI KOST\u0130K TEKN\u0130K \u00d6ZELL\u0130KLER\u00a0\u00a0\u00a0 \u00a0 \u00a0 \u00a0 \u00a0<\/strong><\/p>\n<p><strong>K\u0130MYASAL ADI: Sodyum Hidroksit<\/strong><\/p>\n<p><strong>K\u0130MYASAL FORM\u00dcL: NaOH<\/strong><\/p>\n<p><strong>G\u00d6R\u00dcN\u00dcM: Berrak S\u0131v\u0131<\/strong><\/p>\n<p><strong>DONMA NOKTASI: 12 \u00b0C<\/strong><\/p>\n<p><strong>MOLEK\u00dcL A\u011eIRLIK: 39.99 gr\/mol<\/strong><\/p>\n<p><strong>YO\u011eUNLUK: 1,505 gr\/ml<\/strong><\/p>\n<p><strong>SODYUM H\u0130DROKS\u0130T: :48,32 (NaOH)Be<\/strong><\/p>\n<p><strong>SODYUM KARBONAT: 0,20 %(NaCO3)<\/strong><\/p>\n<p><strong>\u00a0<\/strong><\/p>\n<p><strong>KULLANIM ALANLARI<\/strong><\/p>\n<p><strong>G\u0131da sekt\u00f6r\u00fcnde me\u015frubat, kakao, karamel ve \u00e7ikolata imalat\u0131nda kullan\u0131l\u0131r.<\/strong><\/p>\n<p><strong>Zeytin yumu\u015fatmada kullan\u0131l\u0131r.<\/strong><\/p>\n<p><strong>Petro kimya sekt\u00f6r\u00fcnde biyodizel yak\u0131t yap\u0131m\u0131nda kullan\u0131l\u0131r.<\/strong><\/p>\n<p><strong>K\u00e2\u011f\u0131t sekt\u00f6r\u00fcnde Sodyum S\u00fclfitle beraber yap\u0131\u015ft\u0131r\u0131c\u0131 olarak kullan\u0131l\u0131r.<\/strong><\/p>\n<p><strong>\u00c7\u00f6z\u00fcc\u00fc \u00f6zelli\u011finden dolay\u0131 bir\u00e7ok sekt\u00f6rde temizleyici ajan olarak kullan\u0131l\u0131r.<\/strong><\/p>\n<p><strong>Asit kontrol\u00fcnde, ph dengelemede, k\u00f6t\u00fc kokuyu ar\u0131tmada, boru temizli\u011finde kullan\u0131l\u0131r.<\/strong><\/p>\n<p><strong>Lavabo a\u00e7\u0131c\u0131 olarak da kullan\u0131l\u0131r.<\/strong><\/p>\n<p><strong>Sodyum Aluminat, Sodyum Siyan\u00fcr, Silikat, PoliKarbonat, Titan Oksit, Zeolit \u00fcretiminde kullan\u0131l\u0131r.<\/strong><\/p>\n<p><strong>Ya\u011f temizlemede, su ar\u0131tmada, ekipman temizlemede kullan\u0131l\u0131r.<\/strong><\/p>\n<p><strong>Ni\u015fasta, Kostik, Su, Silikat ile\u00a0 birlikte etiket yap\u0131\u015ft\u0131r\u0131c\u0131 imalat\u0131nda kullan\u0131l\u0131r.<\/strong><\/p>\n<p><strong>Ni\u015fasta, Kostik, Su, Boraks ile\u00a0 birlikte oluklu mukavva tutkal imalat\u0131nda kullan\u0131l\u0131r.<\/strong><\/p>\n<p><strong>Rafine \u00fcr\u00fcnlerde asit kal\u0131nt\u0131lar\u0131n\u0131 uzakla\u015ft\u0131rmada, fenollerin \u00e7\u0131kart\u0131lmas\u0131nda, sondaj \u00e7amurunda PH dengelemede, sondajda kalsiyum ve bakterisitleri uzakla\u015ft\u0131rmada kullan\u0131l\u0131r.<\/strong><\/p>\n<p><strong>Filtre temizleyici (filtre havuzlar\u0131nda) ve madenlerdeki asit unitesini temizlemede kullan\u0131l\u0131r.<\/strong><\/p>\n<p><strong>Ayr\u0131ca kullan\u0131lan Sodyum Siyan\u00fcr\u2019\u00fcn pH de\u011ferini ayarlamada Kostik (Sodyum Hidroksit) veyahut Kire\u00e7 (Kalsiyum Hidroksit) kullan\u0131l\u0131r.<\/strong><\/p>\n<p><strong>Yemeklik ya\u011f\u0131 ar\u0131tmada, meyve ve sebze kabu\u011fu soymada, dondurmada kullan\u0131l\u0131r.<\/strong><\/p>\n<p><strong>Ya\u011f temizlemede, su ar\u0131tmada, ekipman temizli\u011finde kullan\u0131l\u0131r.<\/strong><\/p>\n<p><strong>AMBALAJ<\/strong><\/p>\n<p><strong>1-5-40 kg bidonlar halinde<\/strong><\/p>\n<p><strong>DEPOLAMA<\/strong><\/p>\n<p><strong>G\u00fcne\u015f \u0131\u015f\u0131\u011f\u0131na temas etmeyen kuru ve serin yerlerde muhafaza ediniz.<\/strong><\/p>\n<p><strong>\u00a0<\/strong><\/p>\n","protected":false},"excerpt":{"rendered":"<p>SIVI KOST\u0130K S\u0131v\u0131 Kostik Sodyum Hidroksit\u00a0olarak da bilinmektedir. Yan\u0131c\u0131 olmay\u0131p nem \u00e7ekici \u00f6zelli\u011fi vard\u0131r. Yap\u0131sal olarak yumu\u015fakl\u0131k ve kayganl\u0131k hissi<\/p>\n","protected":false},"featured_media":17766,"comment_status":"open","ping_status":"closed","template":"","meta":{"_joinchat":[]},"product_cat":[74,76],"product_tag":[],"class_list":{"0":"post-17765","1":"product","2":"type-product","3":"status-publish","4":"has-post-thumbnail","6":"product_cat-deterjan-ve-kozmetik-kimyasallari","7":"product_cat-gida-ve-katki-kimyasallari","9":"first","10":"instock","11":"shipping-taxable","12":"purchasable","13":"product-type-variable"},"yoast_head":"<!-- This site is optimized with the Yoast SEO Premium plugin v20.2.1 (Yoast SEO v20.2.1) - https:\/\/yoast.com\/wordpress\/plugins\/seo\/ -->\n<title>SIVI KOST\u0130K - Akerkimya<\/title>\n<meta name=\"robots\" content=\"index, follow, max-snippet:-1, max-image-preview:large, max-video-preview:-1\" \/>\n<link rel=\"canonical\" href=\"https:\/\/akerkimya.com\/eticaret\/urun\/sivi-kostik\/\" \/>\n<meta property=\"og:locale\" content=\"tr_TR\" \/>\n<meta property=\"og:type\" content=\"article\" \/>\n<meta property=\"og:title\" content=\"SIVI KOST\u0130K\" \/>\n<meta property=\"og:description\" content=\"SIVI KOST\u0130K S\u0131v\u0131 Kostik Sodyum Hidroksit\u00a0olarak da bilinmektedir. Yan\u0131c\u0131 olmay\u0131p nem \u00e7ekici \u00f6zelli\u011fi vard\u0131r. Yap\u0131sal olarak yumu\u015fakl\u0131k ve kayganl\u0131k hissi\" \/>\n<meta property=\"og:url\" content=\"https:\/\/akerkimya.com\/eticaret\/urun\/sivi-kostik\/\" \/>\n<meta property=\"og:site_name\" content=\"Akerkimya\" \/>\n<meta property=\"article:modified_time\" content=\"2026-03-29T23:24:22+00:00\" \/>\n<meta property=\"og:image\" content=\"https:\/\/akerkimya.com\/eticaret\/wp-content\/uploads\/2025\/01\/SIVI-KOSTIK-GUNCEL.png\" \/>\n\t<meta property=\"og:image:width\" content=\"1000\" \/>\n\t<meta property=\"og:image:height\" content=\"1000\" \/>\n\t<meta property=\"og:image:type\" content=\"image\/png\" \/>\n<meta name=\"twitter:card\" content=\"summary_large_image\" \/>\n<meta name=\"twitter:label1\" content=\"Tahmini okuma s\u00fcresi\" \/>\n\t<meta name=\"twitter:data1\" content=\"2 dakika\" \/>\n<script type=\"application\/ld+json\" class=\"yoast-schema-graph\">{\"@context\":\"https:\/\/schema.org\",\"@graph\":[{\"@type\":\"WebPage\",\"@id\":\"https:\/\/akerkimya.com\/eticaret\/urun\/sivi-kostik\/\",\"url\":\"https:\/\/akerkimya.com\/eticaret\/urun\/sivi-kostik\/\",\"name\":\"SIVI KOST\u0130K - Akerkimya\",\"isPartOf\":{\"@id\":\"https:\/\/akerkimya.com\/eticaret\/#website\"},\"datePublished\":\"2025-01-04T21:33:47+00:00\",\"dateModified\":\"2026-03-29T23:24:22+00:00\",\"breadcrumb\":{\"@id\":\"https:\/\/akerkimya.com\/eticaret\/urun\/sivi-kostik\/#breadcrumb\"},\"inLanguage\":\"tr\",\"potentialAction\":[{\"@type\":\"ReadAction\",\"target\":[\"https:\/\/akerkimya.com\/eticaret\/urun\/sivi-kostik\/\"]}]},{\"@type\":\"BreadcrumbList\",\"@id\":\"https:\/\/akerkimya.com\/eticaret\/urun\/sivi-kostik\/#breadcrumb\",\"itemListElement\":[{\"@type\":\"ListItem\",\"position\":1,\"name\":\"Home\",\"item\":\"https:\/\/akerkimya.com\/eticaret\/\"},{\"@type\":\"ListItem\",\"position\":2,\"name\":\"Market\",\"item\":\"https:\/\/akerkimya.com\/eticaret\/market\/\"},{\"@type\":\"ListItem\",\"position\":3,\"name\":\"SIVI KOST\u0130K\"}]},{\"@type\":\"WebSite\",\"@id\":\"https:\/\/akerkimya.com\/eticaret\/#website\",\"url\":\"https:\/\/akerkimya.com\/eticaret\/\",\"name\":\"Akerkimya\",\"description\":\"\",\"potentialAction\":[{\"@type\":\"SearchAction\",\"target\":{\"@type\":\"EntryPoint\",\"urlTemplate\":\"https:\/\/akerkimya.com\/eticaret\/?s={search_term_string}\"},\"query-input\":\"required name=search_term_string\"}],\"inLanguage\":\"tr\"}]}<\/script>\n<!-- \/ Yoast SEO Premium plugin. -->","yoast_head_json":{"title":"SIVI KOST\u0130K - Akerkimya","robots":{"index":"index","follow":"follow","max-snippet":"max-snippet:-1","max-image-preview":"max-image-preview:large","max-video-preview":"max-video-preview:-1"},"canonical":"https:\/\/akerkimya.com\/eticaret\/urun\/sivi-kostik\/","og_locale":"tr_TR","og_type":"article","og_title":"SIVI KOST\u0130K","og_description":"SIVI KOST\u0130K S\u0131v\u0131 Kostik Sodyum Hidroksit\u00a0olarak da bilinmektedir. Yan\u0131c\u0131 olmay\u0131p nem \u00e7ekici \u00f6zelli\u011fi vard\u0131r. Yap\u0131sal olarak yumu\u015fakl\u0131k ve kayganl\u0131k hissi","og_url":"https:\/\/akerkimya.com\/eticaret\/urun\/sivi-kostik\/","og_site_name":"Akerkimya","article_modified_time":"2026-03-29T23:24:22+00:00","og_image":[{"width":1000,"height":1000,"url":"https:\/\/akerkimya.com\/eticaret\/wp-content\/uploads\/2025\/01\/SIVI-KOSTIK-GUNCEL.png","type":"image\/png"}],"twitter_card":"summary_large_image","twitter_misc":{"Tahmini okuma s\u00fcresi":"2 dakika"},"schema":{"@context":"https:\/\/schema.org","@graph":[{"@type":"WebPage","@id":"https:\/\/akerkimya.com\/eticaret\/urun\/sivi-kostik\/","url":"https:\/\/akerkimya.com\/eticaret\/urun\/sivi-kostik\/","name":"SIVI KOST\u0130K - Akerkimya","isPartOf":{"@id":"https:\/\/akerkimya.com\/eticaret\/#website"},"datePublished":"2025-01-04T21:33:47+00:00","dateModified":"2026-03-29T23:24:22+00:00","breadcrumb":{"@id":"https:\/\/akerkimya.com\/eticaret\/urun\/sivi-kostik\/#breadcrumb"},"inLanguage":"tr","potentialAction":[{"@type":"ReadAction","target":["https:\/\/akerkimya.com\/eticaret\/urun\/sivi-kostik\/"]}]},{"@type":"BreadcrumbList","@id":"https:\/\/akerkimya.com\/eticaret\/urun\/sivi-kostik\/#breadcrumb","itemListElement":[{"@type":"ListItem","position":1,"name":"Home","item":"https:\/\/akerkimya.com\/eticaret\/"},{"@type":"ListItem","position":2,"name":"Market","item":"https:\/\/akerkimya.com\/eticaret\/market\/"},{"@type":"ListItem","position":3,"name":"SIVI KOST\u0130K"}]},{"@type":"WebSite","@id":"https:\/\/akerkimya.com\/eticaret\/#website","url":"https:\/\/akerkimya.com\/eticaret\/","name":"Akerkimya","description":"","potentialAction":[{"@type":"SearchAction","target":{"@type":"EntryPoint","urlTemplate":"https:\/\/akerkimya.com\/eticaret\/?s={search_term_string}"},"query-input":"required name=search_term_string"}],"inLanguage":"tr"}]}},"_links":{"self":[{"href":"https:\/\/akerkimya.com\/eticaret\/wp-json\/wp\/v2\/product\/17765","targetHints":{"allow":["GET"]}}],"collection":[{"href":"https:\/\/akerkimya.com\/eticaret\/wp-json\/wp\/v2\/product"}],"about":[{"href":"https:\/\/akerkimya.com\/eticaret\/wp-json\/wp\/v2\/types\/product"}],"replies":[{"embeddable":true,"href":"https:\/\/akerkimya.com\/eticaret\/wp-json\/wp\/v2\/comments?post=17765"}],"version-history":[{"count":1,"href":"https:\/\/akerkimya.com\/eticaret\/wp-json\/wp\/v2\/product\/17765\/revisions"}],"predecessor-version":[{"id":17770,"href":"https:\/\/akerkimya.com\/eticaret\/wp-json\/wp\/v2\/product\/17765\/revisions\/17770"}],"wp:featuredmedia":[{"embeddable":true,"href":"https:\/\/akerkimya.com\/eticaret\/wp-json\/wp\/v2\/media\/17766"}],"wp:attachment":[{"href":"https:\/\/akerkimya.com\/eticaret\/wp-json\/wp\/v2\/media?parent=17765"}],"wp:term":[{"taxonomy":"product_cat","embeddable":true,"href":"https:\/\/akerkimya.com\/eticaret\/wp-json\/wp\/v2\/product_cat?post=17765"},{"taxonomy":"product_tag","embeddable":true,"href":"https:\/\/akerkimya.com\/eticaret\/wp-json\/wp\/v2\/product_tag?post=17765"}],"curies":[{"name":"wp","href":"https:\/\/api.w.org\/{rel}","templated":true}]}}