{"id":17771,"date":"2025-01-05T00:43:13","date_gmt":"2025-01-04T21:43:13","guid":{"rendered":"https:\/\/akerkimya.com\/eticaret\/?post_type=product&#038;p=17771"},"modified":"2026-03-30T02:24:23","modified_gmt":"2026-03-29T23:24:23","slug":"sodyum-aljinat","status":"publish","type":"product","link":"https:\/\/akerkimya.com\/eticaret\/urun\/sodyum-aljinat\/","title":{"rendered":"SODYUM ALJ\u0130NAT"},"content":{"rendered":"<h1>SODYUM ALJ\u0130NAT <\/h1>\n<p><strong>Sodyum aljinat, C6H7O6Na form\u00fcl\u00fcne sahip do\u011fal bir polisakkarittir. So\u011fuk sularda bulunan kahverengi alglerin h\u00fccre duvar\u0131n\u0131n ekstraksiyonundan elde edilmektedir. Suda \u00e7\u00f6z\u00fcnd\u00fc\u011f\u00fcnde viskoz bir s\u0131v\u0131 olu\u015fturan, \u0131s\u0131ya dayan\u0131kl\u0131, y\u00fcksek su tutma kapasitesine sahip karakteristik \u00f6zelli\u011finde bir kimyasald\u0131r. <\/strong><\/p>\n<p><strong>\u00a0<\/strong><\/p>\n<p><strong>SODYUM ALJ\u0130NAT \u00d6ZELL\u0130KLER\u0130<\/strong><\/p>\n<p><strong>Kokusuz, beyaz veya a\u00e7\u0131k sar\u0131 renginde toz formdad\u0131r.<\/strong><\/p>\n<p><strong>Suda \u00e7\u00f6z\u00fcn\u00fcr. Etanol eter ve kloroformdaki organik \u00e7\u00f6z\u00fcc\u00fclerde \u00e7\u00f6z\u00fcnmez. <\/strong><\/p>\n<p><strong>Toksik bir kimyasal de\u011fildir.<\/strong><\/p>\n<p><strong>Kararl\u0131 bir kimyasal olup g\u00fc\u00e7l\u00fc bazlar ve asitlerle ayn\u0131 zamanda g\u00fc\u00e7l\u00fc oksitleyici ajanlarla uyum i\u00e7erisinde de\u011fildir.<\/strong><\/p>\n<p><strong>Kalsiyum ile kar\u0131\u015fmas\u0131 durumunda \u0131s\u0131 olmasa dahi bir jel olu\u015fturabilir.<\/strong><\/p>\n<p><strong>Yan\u0131c\u0131 \u00f6zelli\u011fe sahip bir kimyasald\u0131r.<\/strong><\/p>\n<p><strong>\u00a0<\/strong><\/p>\n<p><strong>TEKN\u0130K \u00d6ZELL\u0130KLER\u0130 <\/strong><\/p>\n<p><strong>CAS NUMARASI: 14984-39-5<\/strong><\/p>\n<p><strong>MOLEK\u00dcLER FORM\u00dcL: C6H7O6Na<\/strong><\/p>\n<p><strong>K\u0130MYASAL \u0130SM\u0130: Sodyum Aljinat, D-Galactronic acid, Natriumglucuronat, Aljinik asit<\/strong><\/p>\n<p><strong>MOLEK\u00dcL A\u011eIRLI\u011eI: 216,121 g\/mol<\/strong><\/p>\n<p><strong>PH: 6.0-8.0 Aral\u0131\u011f\u0131ndad\u0131r.<\/strong><\/p>\n<p><strong>ER\u0130ME NOKTASI: 300 \u00b0C<\/strong><\/p>\n<p><strong>E KODU: E 401<\/strong><\/p>\n<p><strong>\u00a0<\/strong><\/p>\n<p><strong>KULLANIM ALANLARI<\/strong><\/p>\n<p><strong>\u0130\u00e7ecekler ve s\u00fct \u00fcr\u00fcnleri i\u00e7in koyula\u015ft\u0131r\u0131c\u0131 ajan, stabilizat\u00f6r olarak kullan\u0131lmaktad\u0131r.<\/strong><\/p>\n<p><strong>Dondurma \u00fcretiminde, y\u00fcksek dereceli bir dengeleyici ve p\u00fcr\u00fczs\u00fcz bir \u00fcr\u00fcn elde etmek i\u00e7in kullan\u0131lmaktad\u0131r.<\/strong><\/p>\n<p><strong>\u0130la\u00e7 sekt\u00f6r\u00fcnde, haz\u0131ms\u0131zl\u0131k tabletlerinin imalat\u0131nda kullan\u0131l\u0131r.<\/strong><\/p>\n<p><strong>Puding, re\u00e7el, domates suyu ve konserve \u00fcr\u00fcnler i\u00e7in em\u00fclgat\u00f6r ve koyula\u015ft\u0131r\u0131c\u0131 ajan olarak kullan\u0131lmaktad\u0131r.<\/strong><\/p>\n<p><strong>Pastac\u0131l\u0131k sekt\u00f6r\u00fcnde, j\u00f6le ve di\u011fer jellerin haz\u0131rlanmas\u0131nda kullan\u0131l\u0131r.<\/strong><\/p>\n<p><strong>Donmu\u015f g\u0131dalarda film olu\u015fturucu madde olarak kullan\u0131l\u0131p raf \u00f6mr\u00fcn\u00fcn uzamas\u0131n\u0131 sa\u011flar.<\/strong><\/p>\n<p><strong>Akut veya kronik yaralar\u0131n tedavisinde yaralar\u0131n sar\u0131lmas\u0131nda kullan\u0131lmaktad\u0131r. <\/strong><\/p>\n<p><strong>Kozmetik perapatlar\u0131nda k\u0131vam artt\u0131r\u0131c\u0131 madde olarak kullan\u0131l\u0131r.<\/strong><\/p>\n<p><strong>Mide yanmas\u0131n\u0131 \u00f6nlemek i\u00e7in oral s\u00fcspansiyonlar\u0131n imalat\u0131nda etken maddesi olarak aljinat kullan\u0131l\u0131r.<\/strong><\/p>\n<p><strong>Di\u015f sekt\u00f6r\u00fcnde a\u011f\u0131z \u00f6l\u00e7\u00fcm\u00fc yap\u0131lmas\u0131 i\u00e7in \u00fcretilen form\u00fclasyonlar\u0131n i\u00e7erisinde yer al\u0131r.<\/strong><\/p>\n<p><strong>\u00a0<\/strong><\/p>\n<p><strong>AMBALAJ<\/strong><\/p>\n<p><strong>1-5-25 kg torbalar halinde.<\/strong><\/p>\n<p><strong>\u00a0<\/strong><\/p>\n<p><strong>DEPOLAMA <\/strong><\/p>\n<p><strong>Serin ve nem olmayan bir ortamda, torba hava almayacak \u015fekilde muhafaza ediniz. <\/strong><\/p>\n","protected":false},"excerpt":{"rendered":"<p>SODYUM ALJ\u0130NAT Sodyum aljinat, C6H7O6Na form\u00fcl\u00fcne sahip do\u011fal bir polisakkarittir. So\u011fuk sularda bulunan kahverengi alglerin h\u00fccre duvar\u0131n\u0131n ekstraksiyonundan elde edilmektedir.<\/p>\n","protected":false},"featured_media":17772,"comment_status":"open","ping_status":"closed","template":"","meta":{"_joinchat":[]},"product_cat":[74,76,80],"product_tag":[],"class_list":{"0":"post-17771","1":"product","2":"type-product","3":"status-publish","4":"has-post-thumbnail","6":"product_cat-deterjan-ve-kozmetik-kimyasallari","7":"product_cat-gida-ve-katki-kimyasallari","8":"product_cat-veteriner-ve-ilac-kimyasallari","10":"first","11":"instock","12":"shipping-taxable","13":"purchasable","14":"product-type-variable"},"yoast_head":"<!-- This site is optimized with the Yoast SEO Premium plugin v20.2.1 (Yoast SEO v20.2.1) - https:\/\/yoast.com\/wordpress\/plugins\/seo\/ -->\n<title>SODYUM ALJ\u0130NAT - Akerkimya<\/title>\n<meta name=\"robots\" content=\"index, follow, max-snippet:-1, max-image-preview:large, max-video-preview:-1\" \/>\n<link rel=\"canonical\" href=\"https:\/\/akerkimya.com\/eticaret\/urun\/sodyum-aljinat\/\" \/>\n<meta property=\"og:locale\" content=\"tr_TR\" \/>\n<meta property=\"og:type\" content=\"article\" \/>\n<meta property=\"og:title\" content=\"SODYUM ALJ\u0130NAT\" \/>\n<meta property=\"og:description\" content=\"SODYUM ALJ\u0130NAT Sodyum aljinat, C6H7O6Na form\u00fcl\u00fcne sahip do\u011fal bir polisakkarittir. So\u011fuk sularda bulunan kahverengi alglerin h\u00fccre duvar\u0131n\u0131n ekstraksiyonundan elde edilmektedir.\" \/>\n<meta property=\"og:url\" content=\"https:\/\/akerkimya.com\/eticaret\/urun\/sodyum-aljinat\/\" \/>\n<meta property=\"og:site_name\" content=\"Akerkimya\" \/>\n<meta property=\"article:modified_time\" content=\"2026-03-29T23:24:23+00:00\" \/>\n<meta property=\"og:image\" content=\"https:\/\/akerkimya.com\/eticaret\/wp-content\/uploads\/2025\/01\/SODYUM-ALJINAT-GUNCEL.png\" \/>\n\t<meta property=\"og:image:width\" content=\"1000\" \/>\n\t<meta property=\"og:image:height\" content=\"1000\" \/>\n\t<meta property=\"og:image:type\" content=\"image\/png\" \/>\n<meta name=\"twitter:card\" content=\"summary_large_image\" \/>\n<meta name=\"twitter:label1\" content=\"Tahmini okuma s\u00fcresi\" \/>\n\t<meta name=\"twitter:data1\" content=\"2 dakika\" \/>\n<script type=\"application\/ld+json\" class=\"yoast-schema-graph\">{\"@context\":\"https:\/\/schema.org\",\"@graph\":[{\"@type\":\"WebPage\",\"@id\":\"https:\/\/akerkimya.com\/eticaret\/urun\/sodyum-aljinat\/\",\"url\":\"https:\/\/akerkimya.com\/eticaret\/urun\/sodyum-aljinat\/\",\"name\":\"SODYUM ALJ\u0130NAT - Akerkimya\",\"isPartOf\":{\"@id\":\"https:\/\/akerkimya.com\/eticaret\/#website\"},\"datePublished\":\"2025-01-04T21:43:13+00:00\",\"dateModified\":\"2026-03-29T23:24:23+00:00\",\"breadcrumb\":{\"@id\":\"https:\/\/akerkimya.com\/eticaret\/urun\/sodyum-aljinat\/#breadcrumb\"},\"inLanguage\":\"tr\",\"potentialAction\":[{\"@type\":\"ReadAction\",\"target\":[\"https:\/\/akerkimya.com\/eticaret\/urun\/sodyum-aljinat\/\"]}]},{\"@type\":\"BreadcrumbList\",\"@id\":\"https:\/\/akerkimya.com\/eticaret\/urun\/sodyum-aljinat\/#breadcrumb\",\"itemListElement\":[{\"@type\":\"ListItem\",\"position\":1,\"name\":\"Home\",\"item\":\"https:\/\/akerkimya.com\/eticaret\/\"},{\"@type\":\"ListItem\",\"position\":2,\"name\":\"Market\",\"item\":\"https:\/\/akerkimya.com\/eticaret\/market\/\"},{\"@type\":\"ListItem\",\"position\":3,\"name\":\"SODYUM ALJ\u0130NAT\"}]},{\"@type\":\"WebSite\",\"@id\":\"https:\/\/akerkimya.com\/eticaret\/#website\",\"url\":\"https:\/\/akerkimya.com\/eticaret\/\",\"name\":\"Akerkimya\",\"description\":\"\",\"potentialAction\":[{\"@type\":\"SearchAction\",\"target\":{\"@type\":\"EntryPoint\",\"urlTemplate\":\"https:\/\/akerkimya.com\/eticaret\/?s={search_term_string}\"},\"query-input\":\"required name=search_term_string\"}],\"inLanguage\":\"tr\"}]}<\/script>\n<!-- \/ Yoast SEO Premium plugin. -->","yoast_head_json":{"title":"SODYUM ALJ\u0130NAT - Akerkimya","robots":{"index":"index","follow":"follow","max-snippet":"max-snippet:-1","max-image-preview":"max-image-preview:large","max-video-preview":"max-video-preview:-1"},"canonical":"https:\/\/akerkimya.com\/eticaret\/urun\/sodyum-aljinat\/","og_locale":"tr_TR","og_type":"article","og_title":"SODYUM ALJ\u0130NAT","og_description":"SODYUM ALJ\u0130NAT Sodyum aljinat, C6H7O6Na form\u00fcl\u00fcne sahip do\u011fal bir polisakkarittir. So\u011fuk sularda bulunan kahverengi alglerin h\u00fccre duvar\u0131n\u0131n ekstraksiyonundan elde edilmektedir.","og_url":"https:\/\/akerkimya.com\/eticaret\/urun\/sodyum-aljinat\/","og_site_name":"Akerkimya","article_modified_time":"2026-03-29T23:24:23+00:00","og_image":[{"width":1000,"height":1000,"url":"https:\/\/akerkimya.com\/eticaret\/wp-content\/uploads\/2025\/01\/SODYUM-ALJINAT-GUNCEL.png","type":"image\/png"}],"twitter_card":"summary_large_image","twitter_misc":{"Tahmini okuma s\u00fcresi":"2 dakika"},"schema":{"@context":"https:\/\/schema.org","@graph":[{"@type":"WebPage","@id":"https:\/\/akerkimya.com\/eticaret\/urun\/sodyum-aljinat\/","url":"https:\/\/akerkimya.com\/eticaret\/urun\/sodyum-aljinat\/","name":"SODYUM ALJ\u0130NAT - Akerkimya","isPartOf":{"@id":"https:\/\/akerkimya.com\/eticaret\/#website"},"datePublished":"2025-01-04T21:43:13+00:00","dateModified":"2026-03-29T23:24:23+00:00","breadcrumb":{"@id":"https:\/\/akerkimya.com\/eticaret\/urun\/sodyum-aljinat\/#breadcrumb"},"inLanguage":"tr","potentialAction":[{"@type":"ReadAction","target":["https:\/\/akerkimya.com\/eticaret\/urun\/sodyum-aljinat\/"]}]},{"@type":"BreadcrumbList","@id":"https:\/\/akerkimya.com\/eticaret\/urun\/sodyum-aljinat\/#breadcrumb","itemListElement":[{"@type":"ListItem","position":1,"name":"Home","item":"https:\/\/akerkimya.com\/eticaret\/"},{"@type":"ListItem","position":2,"name":"Market","item":"https:\/\/akerkimya.com\/eticaret\/market\/"},{"@type":"ListItem","position":3,"name":"SODYUM ALJ\u0130NAT"}]},{"@type":"WebSite","@id":"https:\/\/akerkimya.com\/eticaret\/#website","url":"https:\/\/akerkimya.com\/eticaret\/","name":"Akerkimya","description":"","potentialAction":[{"@type":"SearchAction","target":{"@type":"EntryPoint","urlTemplate":"https:\/\/akerkimya.com\/eticaret\/?s={search_term_string}"},"query-input":"required name=search_term_string"}],"inLanguage":"tr"}]}},"_links":{"self":[{"href":"https:\/\/akerkimya.com\/eticaret\/wp-json\/wp\/v2\/product\/17771","targetHints":{"allow":["GET"]}}],"collection":[{"href":"https:\/\/akerkimya.com\/eticaret\/wp-json\/wp\/v2\/product"}],"about":[{"href":"https:\/\/akerkimya.com\/eticaret\/wp-json\/wp\/v2\/types\/product"}],"replies":[{"embeddable":true,"href":"https:\/\/akerkimya.com\/eticaret\/wp-json\/wp\/v2\/comments?post=17771"}],"version-history":[{"count":2,"href":"https:\/\/akerkimya.com\/eticaret\/wp-json\/wp\/v2\/product\/17771\/revisions"}],"predecessor-version":[{"id":19518,"href":"https:\/\/akerkimya.com\/eticaret\/wp-json\/wp\/v2\/product\/17771\/revisions\/19518"}],"wp:featuredmedia":[{"embeddable":true,"href":"https:\/\/akerkimya.com\/eticaret\/wp-json\/wp\/v2\/media\/17772"}],"wp:attachment":[{"href":"https:\/\/akerkimya.com\/eticaret\/wp-json\/wp\/v2\/media?parent=17771"}],"wp:term":[{"taxonomy":"product_cat","embeddable":true,"href":"https:\/\/akerkimya.com\/eticaret\/wp-json\/wp\/v2\/product_cat?post=17771"},{"taxonomy":"product_tag","embeddable":true,"href":"https:\/\/akerkimya.com\/eticaret\/wp-json\/wp\/v2\/product_tag?post=17771"}],"curies":[{"name":"wp","href":"https:\/\/api.w.org\/{rel}","templated":true}]}}