{"id":17879,"date":"2025-01-07T02:40:30","date_gmt":"2025-01-06T23:40:30","guid":{"rendered":"https:\/\/akerkimya.com\/eticaret\/?post_type=product&#038;p=17879"},"modified":"2026-03-30T02:24:25","modified_gmt":"2026-03-29T23:24:25","slug":"benzil-benzoat","status":"publish","type":"product","link":"https:\/\/akerkimya.com\/eticaret\/urun\/benzil-benzoat\/","title":{"rendered":"BENZ\u0130L BENZOAT"},"content":{"rendered":"<h1>BENZ\u0130L BENZOAT<\/h1>\n<p><strong>Benzil benzoat, C14H12O2 form\u00fcl\u00fcne sahip organik bir bile\u015fiktir. \u00a0peru balsam\u0131, tolu balsam\u0131 ve bir dizi \u00e7i\u00e7ekte bulunur. Benzil alkol ve benzoik asidin esteridir. Benzil benzoat end\u00fcstriyel olarak sodyum benzoat\u0131n bir baz varl\u0131\u011f\u0131nda benzil alkol ile reaksiyonu veya metil benzoat ve benzil alkol\u00fcn kar\u015f\u0131l\u0131kl\u0131 esterle\u015fmesi ile \u00fcretilir.<\/strong><\/p>\n<p><strong>BENZ\u0130L BENZOAT \u00d6ZELL\u0130KLER\u0130<\/strong><\/p>\n<p><strong>Ho\u015f bir aromaya sahip renksiz ya\u011fl\u0131 bir s\u0131v\u0131<\/strong><\/p>\n<p><strong>Su i\u00e7erisinde \u00e7\u00f6z\u00fcn\u00fcrl\u00fc\u011f\u00fc yok denecek kadar azd\u0131r. 25 \u00b0C s\u0131cakl\u0131kta yakla\u015f\u0131k 25 mg\/L \u00e7\u00f6z\u00fcn\u00fcrl\u00fc\u011fe sahiptir.<\/strong><\/p>\n<p><strong>Metil alkol, etil, kloroform ve etil eter i\u00e7erisinde \u00e7\u00f6z\u00fcn\u00fcr.<\/strong><\/p>\n<p><strong>Standart depolama ko\u015fullar\u0131nda kararl\u0131 bir kimyasald\u0131r.<\/strong><\/p>\n<p><strong>Yand\u0131\u011f\u0131nda tahri\u015f edici dumanlar ortaya \u00e7\u0131kar\u0131r.<\/strong><\/p>\n<p><strong>\u00a0<\/strong><\/p>\n<p><strong>TEKN\u0130K \u00d6ZELL\u0130KLER\u0130<\/strong><\/p>\n<p><strong>CAS NUMARASI: 120-51-4<\/strong><\/p>\n<p><strong>MOLEK\u00dcLER FORM\u00dcL: C14H12O2<\/strong><\/p>\n<p><strong>K\u0130MYASAL \u0130SM\u0130: Benzil benzoat, Benzoik Asit Metil Ester, Benylate<\/strong><\/p>\n<p><strong>MOLEK\u00dcL A\u011eIRLIK: 212,24 g\/mol<\/strong><\/p>\n<p><strong>YO\u011eUNLUK: 1,12 g\/cm\u00b3<\/strong><\/p>\n<p><strong>KAYNAMA NOKTASI: 323 \u00b0C<\/strong><\/p>\n<p><strong>ER\u0130ME NOKTASI: 21 \u00b0C<\/strong><\/p>\n<p><strong>\u00a0<\/strong><\/p>\n<p><strong>KULLANIM ALANLARI<\/strong><\/p>\n<p><strong>Bir\u00e7ok y\u00fcksek viskoziteli sentetik koku i\u00e7in seyreltici olarak kullan\u0131l\u0131r.<\/strong><\/p>\n<p><strong>G\u0131da sekt\u00f6r\u00fcnde tatland\u0131r\u0131c\u0131 olarak kullan\u0131l\u0131r.<\/strong><\/p>\n<p><strong>Hayvanlar\u0131n deri hastal\u0131klar\u0131n\u0131n tedavisi amac\u0131yla \u00fcretilen kimyasallar\u0131n i\u00e7erisinde kullan\u0131l\u0131r.<\/strong><\/p>\n<p><strong>Asetat sel\u00fcl\u00f6z ve nitrosel\u00fcl\u00f6z i\u00e7in \u00e7\u00f6z\u00fcc\u00fc olarak kullan\u0131l\u0131r.<\/strong><\/p>\n<p><strong>Uyuz hastal\u0131\u011f\u0131n\u0131n tedavisinin kullan\u0131l\u0131r.<\/strong><\/p>\n<p><strong>Kene ve sivrisineklerin inhibe edilmesi i\u00e7in \u00fcretilen ila\u00e7lar\u0131n imalat\u0131nda kullan\u0131l\u0131r.<\/strong><\/p>\n<p><strong>T\u00fct\u00fcn \u00fcr\u00fcnlerinde \u00e7\u00f6z\u00fcc\u00fc olarak kullan\u0131l\u0131r.<\/strong><\/p>\n<p><strong>Mum sekt\u00f6r\u00fcnde, mumlar\u0131n g\u00fczel kokmas\u0131na ve temiz yanmas\u0131na yard\u0131mc\u0131 olur,<\/strong><\/p>\n<p><strong>Plastik yap\u0131m\u0131nda \u00e7\u00f6z\u00fcc\u00fc olarak kullan\u0131l\u0131r.<\/strong><\/p>\n<p><strong>Hal\u0131 ve mobilyalardaki toz akarlar\u0131n\u0131 kontrol etmek i\u00e7in kullan\u0131l\u0131r.<\/strong><\/p>\n<p><strong>\u00a0<\/strong><\/p>\n<p><strong>AMBALAJ<\/strong><\/p>\n<p><strong>225 kg variller halinde<\/strong><\/p>\n<p><strong>\u00a0<\/strong><\/p>\n<p><strong>DEPOLAMA<\/strong><\/p>\n<p><strong>Serin ve kuru bir alanda muhafaza ediniz.<\/strong><\/p>\n<p><strong>\u00a0<\/strong><\/p>\n","protected":false},"excerpt":{"rendered":"<p>BENZ\u0130L BENZOAT Benzil benzoat, C14H12O2 form\u00fcl\u00fcne sahip organik bir bile\u015fiktir. \u00a0peru balsam\u0131, tolu balsam\u0131 ve bir dizi \u00e7i\u00e7ekte bulunur. Benzil<\/p>\n","protected":false},"featured_media":17880,"comment_status":"open","ping_status":"closed","template":"","meta":{"_joinchat":[]},"product_cat":[76,80],"product_tag":[],"class_list":{"0":"post-17879","1":"product","2":"type-product","3":"status-publish","4":"has-post-thumbnail","6":"product_cat-gida-ve-katki-kimyasallari","7":"product_cat-veteriner-ve-ilac-kimyasallari","9":"first","10":"instock","11":"shipping-taxable","12":"purchasable","13":"product-type-variable"},"yoast_head":"<!-- This site is optimized with the Yoast SEO Premium plugin v20.2.1 (Yoast SEO v20.2.1) - https:\/\/yoast.com\/wordpress\/plugins\/seo\/ -->\n<title>BENZ\u0130L BENZOAT - Akerkimya<\/title>\n<meta name=\"robots\" content=\"index, follow, max-snippet:-1, max-image-preview:large, max-video-preview:-1\" \/>\n<link rel=\"canonical\" href=\"https:\/\/akerkimya.com\/eticaret\/urun\/benzil-benzoat\/\" \/>\n<meta property=\"og:locale\" content=\"tr_TR\" \/>\n<meta property=\"og:type\" content=\"article\" \/>\n<meta property=\"og:title\" content=\"BENZ\u0130L BENZOAT\" \/>\n<meta property=\"og:description\" content=\"BENZ\u0130L BENZOAT Benzil benzoat, C14H12O2 form\u00fcl\u00fcne sahip organik bir bile\u015fiktir. \u00a0peru balsam\u0131, tolu balsam\u0131 ve bir dizi \u00e7i\u00e7ekte bulunur. Benzil\" \/>\n<meta property=\"og:url\" content=\"https:\/\/akerkimya.com\/eticaret\/urun\/benzil-benzoat\/\" \/>\n<meta property=\"og:site_name\" content=\"Akerkimya\" \/>\n<meta property=\"article:modified_time\" content=\"2026-03-29T23:24:25+00:00\" \/>\n<meta property=\"og:image\" content=\"https:\/\/akerkimya.com\/eticaret\/wp-content\/uploads\/2025\/01\/BENZIL-BENZOAT-GUNCEL.png\" \/>\n\t<meta property=\"og:image:width\" content=\"1000\" \/>\n\t<meta property=\"og:image:height\" content=\"1000\" \/>\n\t<meta property=\"og:image:type\" content=\"image\/png\" \/>\n<meta name=\"twitter:card\" content=\"summary_large_image\" \/>\n<meta name=\"twitter:label1\" content=\"Tahmini okuma s\u00fcresi\" \/>\n\t<meta name=\"twitter:data1\" content=\"2 dakika\" \/>\n<script type=\"application\/ld+json\" class=\"yoast-schema-graph\">{\"@context\":\"https:\/\/schema.org\",\"@graph\":[{\"@type\":\"WebPage\",\"@id\":\"https:\/\/akerkimya.com\/eticaret\/urun\/benzil-benzoat\/\",\"url\":\"https:\/\/akerkimya.com\/eticaret\/urun\/benzil-benzoat\/\",\"name\":\"BENZ\u0130L BENZOAT - Akerkimya\",\"isPartOf\":{\"@id\":\"https:\/\/akerkimya.com\/eticaret\/#website\"},\"datePublished\":\"2025-01-06T23:40:30+00:00\",\"dateModified\":\"2026-03-29T23:24:25+00:00\",\"breadcrumb\":{\"@id\":\"https:\/\/akerkimya.com\/eticaret\/urun\/benzil-benzoat\/#breadcrumb\"},\"inLanguage\":\"tr\",\"potentialAction\":[{\"@type\":\"ReadAction\",\"target\":[\"https:\/\/akerkimya.com\/eticaret\/urun\/benzil-benzoat\/\"]}]},{\"@type\":\"BreadcrumbList\",\"@id\":\"https:\/\/akerkimya.com\/eticaret\/urun\/benzil-benzoat\/#breadcrumb\",\"itemListElement\":[{\"@type\":\"ListItem\",\"position\":1,\"name\":\"Home\",\"item\":\"https:\/\/akerkimya.com\/eticaret\/\"},{\"@type\":\"ListItem\",\"position\":2,\"name\":\"Market\",\"item\":\"https:\/\/akerkimya.com\/eticaret\/market\/\"},{\"@type\":\"ListItem\",\"position\":3,\"name\":\"BENZ\u0130L BENZOAT\"}]},{\"@type\":\"WebSite\",\"@id\":\"https:\/\/akerkimya.com\/eticaret\/#website\",\"url\":\"https:\/\/akerkimya.com\/eticaret\/\",\"name\":\"Akerkimya\",\"description\":\"\",\"potentialAction\":[{\"@type\":\"SearchAction\",\"target\":{\"@type\":\"EntryPoint\",\"urlTemplate\":\"https:\/\/akerkimya.com\/eticaret\/?s={search_term_string}\"},\"query-input\":\"required name=search_term_string\"}],\"inLanguage\":\"tr\"}]}<\/script>\n<!-- \/ Yoast SEO Premium plugin. -->","yoast_head_json":{"title":"BENZ\u0130L BENZOAT - Akerkimya","robots":{"index":"index","follow":"follow","max-snippet":"max-snippet:-1","max-image-preview":"max-image-preview:large","max-video-preview":"max-video-preview:-1"},"canonical":"https:\/\/akerkimya.com\/eticaret\/urun\/benzil-benzoat\/","og_locale":"tr_TR","og_type":"article","og_title":"BENZ\u0130L BENZOAT","og_description":"BENZ\u0130L BENZOAT Benzil benzoat, C14H12O2 form\u00fcl\u00fcne sahip organik bir bile\u015fiktir. \u00a0peru balsam\u0131, tolu balsam\u0131 ve bir dizi \u00e7i\u00e7ekte bulunur. Benzil","og_url":"https:\/\/akerkimya.com\/eticaret\/urun\/benzil-benzoat\/","og_site_name":"Akerkimya","article_modified_time":"2026-03-29T23:24:25+00:00","og_image":[{"width":1000,"height":1000,"url":"https:\/\/akerkimya.com\/eticaret\/wp-content\/uploads\/2025\/01\/BENZIL-BENZOAT-GUNCEL.png","type":"image\/png"}],"twitter_card":"summary_large_image","twitter_misc":{"Tahmini okuma s\u00fcresi":"2 dakika"},"schema":{"@context":"https:\/\/schema.org","@graph":[{"@type":"WebPage","@id":"https:\/\/akerkimya.com\/eticaret\/urun\/benzil-benzoat\/","url":"https:\/\/akerkimya.com\/eticaret\/urun\/benzil-benzoat\/","name":"BENZ\u0130L BENZOAT - Akerkimya","isPartOf":{"@id":"https:\/\/akerkimya.com\/eticaret\/#website"},"datePublished":"2025-01-06T23:40:30+00:00","dateModified":"2026-03-29T23:24:25+00:00","breadcrumb":{"@id":"https:\/\/akerkimya.com\/eticaret\/urun\/benzil-benzoat\/#breadcrumb"},"inLanguage":"tr","potentialAction":[{"@type":"ReadAction","target":["https:\/\/akerkimya.com\/eticaret\/urun\/benzil-benzoat\/"]}]},{"@type":"BreadcrumbList","@id":"https:\/\/akerkimya.com\/eticaret\/urun\/benzil-benzoat\/#breadcrumb","itemListElement":[{"@type":"ListItem","position":1,"name":"Home","item":"https:\/\/akerkimya.com\/eticaret\/"},{"@type":"ListItem","position":2,"name":"Market","item":"https:\/\/akerkimya.com\/eticaret\/market\/"},{"@type":"ListItem","position":3,"name":"BENZ\u0130L BENZOAT"}]},{"@type":"WebSite","@id":"https:\/\/akerkimya.com\/eticaret\/#website","url":"https:\/\/akerkimya.com\/eticaret\/","name":"Akerkimya","description":"","potentialAction":[{"@type":"SearchAction","target":{"@type":"EntryPoint","urlTemplate":"https:\/\/akerkimya.com\/eticaret\/?s={search_term_string}"},"query-input":"required name=search_term_string"}],"inLanguage":"tr"}]}},"_links":{"self":[{"href":"https:\/\/akerkimya.com\/eticaret\/wp-json\/wp\/v2\/product\/17879","targetHints":{"allow":["GET"]}}],"collection":[{"href":"https:\/\/akerkimya.com\/eticaret\/wp-json\/wp\/v2\/product"}],"about":[{"href":"https:\/\/akerkimya.com\/eticaret\/wp-json\/wp\/v2\/types\/product"}],"replies":[{"embeddable":true,"href":"https:\/\/akerkimya.com\/eticaret\/wp-json\/wp\/v2\/comments?post=17879"}],"version-history":[{"count":1,"href":"https:\/\/akerkimya.com\/eticaret\/wp-json\/wp\/v2\/product\/17879\/revisions"}],"predecessor-version":[{"id":17885,"href":"https:\/\/akerkimya.com\/eticaret\/wp-json\/wp\/v2\/product\/17879\/revisions\/17885"}],"wp:featuredmedia":[{"embeddable":true,"href":"https:\/\/akerkimya.com\/eticaret\/wp-json\/wp\/v2\/media\/17880"}],"wp:attachment":[{"href":"https:\/\/akerkimya.com\/eticaret\/wp-json\/wp\/v2\/media?parent=17879"}],"wp:term":[{"taxonomy":"product_cat","embeddable":true,"href":"https:\/\/akerkimya.com\/eticaret\/wp-json\/wp\/v2\/product_cat?post=17879"},{"taxonomy":"product_tag","embeddable":true,"href":"https:\/\/akerkimya.com\/eticaret\/wp-json\/wp\/v2\/product_tag?post=17879"}],"curies":[{"name":"wp","href":"https:\/\/api.w.org\/{rel}","templated":true}]}}