{"id":17918,"date":"2025-01-07T14:02:10","date_gmt":"2025-01-07T11:02:10","guid":{"rendered":"https:\/\/akerkimya.com\/eticaret\/?post_type=product&#038;p=17918"},"modified":"2026-03-30T02:24:26","modified_gmt":"2026-03-29T23:24:26","slug":"fosforoz-asit-fosfonik-asit","status":"publish","type":"product","link":"https:\/\/akerkimya.com\/eticaret\/urun\/fosforoz-asit-fosfonik-asit\/","title":{"rendered":"FOSFOR\u00d6Z AS\u0130T (FOSFON\u0130K AS\u0130T)"},"content":{"rendered":"<h1>FOSFOR\u00d6Z AS\u0130T (FOSFON\u0130K AS\u0130T)<\/h1>\n<p><strong>Fosfor\u00f6z asit, H3PO3 form\u00fcl\u00fcne sahip fosfonik asit olarak da bilinen fosforun renksiz oksiasitlerindendir. 3 hidrojen, 3 oksijen ve 1 tanede fosfor elementinden olu\u015fur. Fosfat asidinden daha kuvvetlidir. \u00a0<\/strong><\/p>\n<p><strong>\u00a0<\/strong><\/p>\n<p><strong>FOSFOR\u00d6Z AS\u0130T \u00d6ZELL\u0130KLER<\/strong><\/p>\n<p><strong>Beyaz renkte kristal formdad\u0131r.<\/strong><\/p>\n<p><strong>Oksijeni havada kolayca emerek fosforik asit olu\u015fturur.<\/strong><\/p>\n<p><strong>Higroskopik bir yap\u0131s\u0131 vard\u0131r.<\/strong><\/p>\n<p><strong>Suda, etanolde ve alkolde \u00e7\u00f6z\u00fcn\u00fcr.<\/strong><\/p>\n<p><strong>Kararl\u0131 bir kimyasald\u0131r. G\u00fc\u00e7l\u00fc bazlarla uyumsuzudr.<\/strong><\/p>\n<p><strong>\u00a0<\/strong><\/p>\n<p><strong>TEKN\u0130K \u00d6ZELL\u0130KLER\u0130<\/strong><\/p>\n<p><strong>CAS NUMARASI: 13598-36-2<\/strong><\/p>\n<p><strong>MOLEK\u00dcLER FORM\u00dcL: H3PO3<\/strong><\/p>\n<p><strong>K\u0130MYASAL \u0130SM\u0130: Fosfor\u00f6z Asit, Fosfonik Asit, Fosfor Asit, Fosforlu Asit<\/strong><\/p>\n<p><strong>MOLEK\u00dcL A\u011eIRLI\u011eI: 80,987 g\/mol<\/strong><\/p>\n<p><strong>ER\u0130ME NOKTASI: 73,6 \u00b0C<\/strong><\/p>\n<p><strong>KAYNAMA NOKTASI: 200 \u00b0C<\/strong><\/p>\n<p><strong>YO\u011eUNLUK (25 \u00b0C): 1.651 g\/cm\u00b3<\/strong><\/p>\n<p><strong>\u00a0<\/strong><\/p>\n<p><strong>KULLANIM ALANLARI<\/strong><\/p>\n<p><strong>Plastik stabilizat\u00f6rlerin imalat\u0131nda hammadde olarak kullan\u0131lmaktad\u0131r.<\/strong><\/p>\n<p><strong>Sentetik elyaf ve fosfit imalat\u0131nda kullan\u0131lmaktad\u0131r.<\/strong><\/p>\n<p><strong>Kaplama maddeleri ve y\u00fczey i\u015flem kimyasal\u0131 olarak kullan\u0131lmaktad\u0131r.<\/strong><\/p>\n<p><strong>Naylon imalat\u0131nda parlat\u0131c\u0131 olarak kullan\u0131lmaktad\u0131r.<\/strong><\/p>\n<p><strong>Deterjan sekt\u00f6r\u00fcnde, temizleme etkisinden dolay\u0131 kullan\u0131lmaktad\u0131r.<\/strong><\/p>\n<p><strong>Bitkilerde belirli mantar hastal\u0131klar\u0131n\u0131 kontrol\u00fcne sa\u011flamak amac\u0131 ile mantar \u00f6ld\u00fcr\u00fcc\u00fc olarak kullan\u0131l\u0131r.<\/strong><\/p>\n<p><strong>Pestisit ara madde olarak kullan\u0131l\u0131r.<\/strong><\/p>\n<p><strong>Fosfonik asidin alkali metal tuzlar\u0131, tar\u0131msal bir fungisit ve bitki fosfor beslenmesi kayna\u011f\u0131 olarak kullan\u0131lmaktad\u0131r.<\/strong><\/p>\n<p><strong>Polikarbonat i\u00e7in stabilizat\u00f6r olarak kullan\u0131lmaktad\u0131r.<\/strong><\/p>\n<p><strong>Demir ve manganez kontrol\u00fc, kire\u00e7 \u00f6nleme ve giderme, korozyon kontrol\u00fc ve klor stabilizasyonu gibi su ar\u0131t\u0131m\u0131 i\u00e7in fosfonatlar haz\u0131rlamakta kullan\u0131l\u0131r. <\/strong><\/p>\n<p><strong>Baz\u0131 alkenlerin polimerizasyonunu ba\u015flatmak i\u00e7in kullan\u0131lmaktad\u0131r.<\/strong><\/p>\n<p><strong>Organik sentezde g\u00fc\u00e7l\u00fc bir indirgeyici ajan olarak kullan\u0131lmaktad\u0131r.<\/strong><\/p>\n<p><strong>Korozyona e\u011filimli metal y\u00fczeylerin y\u00fcksek s\u0131cakl\u0131\u011f\u0131n\u0131 engellemek ve ya\u011flay\u0131c\u0131 katk\u0131 maddesi \u00fcretmek i\u00e7in kullan\u0131l\u0131r.<\/strong><\/p>\n<p><strong>Deri sekt\u00f6r\u00fcnde, demir iyonlar\u0131n\u0131n \u015felatlanmas\u0131 i\u00e7in kullan\u0131l\u0131r.<\/strong><\/p>\n<p><strong>\u00a0<\/strong><\/p>\n<p><strong>AMBALAJ<\/strong><\/p>\n<p><strong>1-5-25 kg ambalajlar halinde<\/strong><\/p>\n<p><strong>\u00a0<\/strong><\/p>\n<p><strong>DEPOLAMA<\/strong><\/p>\n<p><strong>Serin ve kuru bir alanda torba hava almayacak \u015fekilde muhafaza edilmelidir.<\/strong><\/p>\n","protected":false},"excerpt":{"rendered":"<p>FOSFOR\u00d6Z AS\u0130T (FOSFON\u0130K AS\u0130T) Fosfor\u00f6z asit, H3PO3 form\u00fcl\u00fcne sahip fosfonik asit olarak da bilinen fosforun renksiz oksiasitlerindendir. 3 hidrojen, 3<\/p>\n","protected":false},"featured_media":17916,"comment_status":"open","ping_status":"closed","template":"","meta":{"_joinchat":[]},"product_cat":[78,79],"product_tag":[],"class_list":{"0":"post-17918","1":"product","2":"type-product","3":"status-publish","4":"has-post-thumbnail","6":"product_cat-metal-dokum-kaplama","7":"product_cat-tarim-kimyasallari","9":"first","10":"instock","11":"shipping-taxable","12":"purchasable","13":"product-type-variable"},"yoast_head":"<!-- This site is optimized with the Yoast SEO Premium plugin v20.2.1 (Yoast SEO v20.2.1) - https:\/\/yoast.com\/wordpress\/plugins\/seo\/ -->\n<title>FOSFOR\u00d6Z AS\u0130T (FOSFON\u0130K AS\u0130T) - Akerkimya<\/title>\n<meta name=\"robots\" content=\"index, follow, max-snippet:-1, max-image-preview:large, max-video-preview:-1\" \/>\n<link rel=\"canonical\" href=\"https:\/\/akerkimya.com\/eticaret\/urun\/fosforoz-asit-fosfonik-asit\/\" \/>\n<meta property=\"og:locale\" content=\"tr_TR\" \/>\n<meta property=\"og:type\" content=\"article\" \/>\n<meta property=\"og:title\" content=\"FOSFOR\u00d6Z AS\u0130T (FOSFON\u0130K AS\u0130T)\" \/>\n<meta property=\"og:description\" content=\"FOSFOR\u00d6Z AS\u0130T (FOSFON\u0130K AS\u0130T) Fosfor\u00f6z asit, H3PO3 form\u00fcl\u00fcne sahip fosfonik asit olarak da bilinen fosforun renksiz oksiasitlerindendir. 3 hidrojen, 3\" \/>\n<meta property=\"og:url\" content=\"https:\/\/akerkimya.com\/eticaret\/urun\/fosforoz-asit-fosfonik-asit\/\" \/>\n<meta property=\"og:site_name\" content=\"Akerkimya\" \/>\n<meta property=\"article:modified_time\" content=\"2026-03-29T23:24:26+00:00\" \/>\n<meta property=\"og:image\" content=\"https:\/\/akerkimya.com\/eticaret\/wp-content\/uploads\/2025\/01\/FOSFOROZ-ASIT-GUNCEL.png\" \/>\n\t<meta property=\"og:image:width\" content=\"1000\" \/>\n\t<meta property=\"og:image:height\" content=\"1000\" \/>\n\t<meta property=\"og:image:type\" content=\"image\/png\" \/>\n<meta name=\"twitter:card\" content=\"summary_large_image\" \/>\n<meta name=\"twitter:label1\" content=\"Tahmini okuma s\u00fcresi\" \/>\n\t<meta name=\"twitter:data1\" content=\"2 dakika\" \/>\n<script type=\"application\/ld+json\" class=\"yoast-schema-graph\">{\"@context\":\"https:\/\/schema.org\",\"@graph\":[{\"@type\":\"WebPage\",\"@id\":\"https:\/\/akerkimya.com\/eticaret\/urun\/fosforoz-asit-fosfonik-asit\/\",\"url\":\"https:\/\/akerkimya.com\/eticaret\/urun\/fosforoz-asit-fosfonik-asit\/\",\"name\":\"FOSFOR\u00d6Z AS\u0130T (FOSFON\u0130K AS\u0130T) - Akerkimya\",\"isPartOf\":{\"@id\":\"https:\/\/akerkimya.com\/eticaret\/#website\"},\"datePublished\":\"2025-01-07T11:02:10+00:00\",\"dateModified\":\"2026-03-29T23:24:26+00:00\",\"breadcrumb\":{\"@id\":\"https:\/\/akerkimya.com\/eticaret\/urun\/fosforoz-asit-fosfonik-asit\/#breadcrumb\"},\"inLanguage\":\"tr\",\"potentialAction\":[{\"@type\":\"ReadAction\",\"target\":[\"https:\/\/akerkimya.com\/eticaret\/urun\/fosforoz-asit-fosfonik-asit\/\"]}]},{\"@type\":\"BreadcrumbList\",\"@id\":\"https:\/\/akerkimya.com\/eticaret\/urun\/fosforoz-asit-fosfonik-asit\/#breadcrumb\",\"itemListElement\":[{\"@type\":\"ListItem\",\"position\":1,\"name\":\"Home\",\"item\":\"https:\/\/akerkimya.com\/eticaret\/\"},{\"@type\":\"ListItem\",\"position\":2,\"name\":\"Market\",\"item\":\"https:\/\/akerkimya.com\/eticaret\/market\/\"},{\"@type\":\"ListItem\",\"position\":3,\"name\":\"FOSFOR\u00d6Z AS\u0130T (FOSFON\u0130K AS\u0130T)\"}]},{\"@type\":\"WebSite\",\"@id\":\"https:\/\/akerkimya.com\/eticaret\/#website\",\"url\":\"https:\/\/akerkimya.com\/eticaret\/\",\"name\":\"Akerkimya\",\"description\":\"\",\"potentialAction\":[{\"@type\":\"SearchAction\",\"target\":{\"@type\":\"EntryPoint\",\"urlTemplate\":\"https:\/\/akerkimya.com\/eticaret\/?s={search_term_string}\"},\"query-input\":\"required name=search_term_string\"}],\"inLanguage\":\"tr\"}]}<\/script>\n<!-- \/ Yoast SEO Premium plugin. -->","yoast_head_json":{"title":"FOSFOR\u00d6Z AS\u0130T (FOSFON\u0130K AS\u0130T) - Akerkimya","robots":{"index":"index","follow":"follow","max-snippet":"max-snippet:-1","max-image-preview":"max-image-preview:large","max-video-preview":"max-video-preview:-1"},"canonical":"https:\/\/akerkimya.com\/eticaret\/urun\/fosforoz-asit-fosfonik-asit\/","og_locale":"tr_TR","og_type":"article","og_title":"FOSFOR\u00d6Z AS\u0130T (FOSFON\u0130K AS\u0130T)","og_description":"FOSFOR\u00d6Z AS\u0130T (FOSFON\u0130K AS\u0130T) Fosfor\u00f6z asit, H3PO3 form\u00fcl\u00fcne sahip fosfonik asit olarak da bilinen fosforun renksiz oksiasitlerindendir. 3 hidrojen, 3","og_url":"https:\/\/akerkimya.com\/eticaret\/urun\/fosforoz-asit-fosfonik-asit\/","og_site_name":"Akerkimya","article_modified_time":"2026-03-29T23:24:26+00:00","og_image":[{"width":1000,"height":1000,"url":"https:\/\/akerkimya.com\/eticaret\/wp-content\/uploads\/2025\/01\/FOSFOROZ-ASIT-GUNCEL.png","type":"image\/png"}],"twitter_card":"summary_large_image","twitter_misc":{"Tahmini okuma s\u00fcresi":"2 dakika"},"schema":{"@context":"https:\/\/schema.org","@graph":[{"@type":"WebPage","@id":"https:\/\/akerkimya.com\/eticaret\/urun\/fosforoz-asit-fosfonik-asit\/","url":"https:\/\/akerkimya.com\/eticaret\/urun\/fosforoz-asit-fosfonik-asit\/","name":"FOSFOR\u00d6Z AS\u0130T (FOSFON\u0130K AS\u0130T) - Akerkimya","isPartOf":{"@id":"https:\/\/akerkimya.com\/eticaret\/#website"},"datePublished":"2025-01-07T11:02:10+00:00","dateModified":"2026-03-29T23:24:26+00:00","breadcrumb":{"@id":"https:\/\/akerkimya.com\/eticaret\/urun\/fosforoz-asit-fosfonik-asit\/#breadcrumb"},"inLanguage":"tr","potentialAction":[{"@type":"ReadAction","target":["https:\/\/akerkimya.com\/eticaret\/urun\/fosforoz-asit-fosfonik-asit\/"]}]},{"@type":"BreadcrumbList","@id":"https:\/\/akerkimya.com\/eticaret\/urun\/fosforoz-asit-fosfonik-asit\/#breadcrumb","itemListElement":[{"@type":"ListItem","position":1,"name":"Home","item":"https:\/\/akerkimya.com\/eticaret\/"},{"@type":"ListItem","position":2,"name":"Market","item":"https:\/\/akerkimya.com\/eticaret\/market\/"},{"@type":"ListItem","position":3,"name":"FOSFOR\u00d6Z AS\u0130T (FOSFON\u0130K AS\u0130T)"}]},{"@type":"WebSite","@id":"https:\/\/akerkimya.com\/eticaret\/#website","url":"https:\/\/akerkimya.com\/eticaret\/","name":"Akerkimya","description":"","potentialAction":[{"@type":"SearchAction","target":{"@type":"EntryPoint","urlTemplate":"https:\/\/akerkimya.com\/eticaret\/?s={search_term_string}"},"query-input":"required name=search_term_string"}],"inLanguage":"tr"}]}},"_links":{"self":[{"href":"https:\/\/akerkimya.com\/eticaret\/wp-json\/wp\/v2\/product\/17918","targetHints":{"allow":["GET"]}}],"collection":[{"href":"https:\/\/akerkimya.com\/eticaret\/wp-json\/wp\/v2\/product"}],"about":[{"href":"https:\/\/akerkimya.com\/eticaret\/wp-json\/wp\/v2\/types\/product"}],"replies":[{"embeddable":true,"href":"https:\/\/akerkimya.com\/eticaret\/wp-json\/wp\/v2\/comments?post=17918"}],"version-history":[{"count":2,"href":"https:\/\/akerkimya.com\/eticaret\/wp-json\/wp\/v2\/product\/17918\/revisions"}],"predecessor-version":[{"id":18620,"href":"https:\/\/akerkimya.com\/eticaret\/wp-json\/wp\/v2\/product\/17918\/revisions\/18620"}],"wp:featuredmedia":[{"embeddable":true,"href":"https:\/\/akerkimya.com\/eticaret\/wp-json\/wp\/v2\/media\/17916"}],"wp:attachment":[{"href":"https:\/\/akerkimya.com\/eticaret\/wp-json\/wp\/v2\/media?parent=17918"}],"wp:term":[{"taxonomy":"product_cat","embeddable":true,"href":"https:\/\/akerkimya.com\/eticaret\/wp-json\/wp\/v2\/product_cat?post=17918"},{"taxonomy":"product_tag","embeddable":true,"href":"https:\/\/akerkimya.com\/eticaret\/wp-json\/wp\/v2\/product_tag?post=17918"}],"curies":[{"name":"wp","href":"https:\/\/api.w.org\/{rel}","templated":true}]}}