{"id":17919,"date":"2025-01-07T14:11:41","date_gmt":"2025-01-07T11:11:41","guid":{"rendered":"https:\/\/akerkimya.com\/eticaret\/?post_type=product&#038;p=17919"},"modified":"2026-03-30T02:24:26","modified_gmt":"2026-03-29T23:24:26","slug":"inaktif-maya","status":"publish","type":"product","link":"https:\/\/akerkimya.com\/eticaret\/urun\/inaktif-maya\/","title":{"rendered":"\u0130NAKT\u0130F MAYA"},"content":{"rendered":"<h1>\u0130NAKT\u0130F MAYA<\/h1>\n<p><strong>Sitoplazmadan ayr\u0131lm\u0131\u015f h\u00fccre duvar\u0131 maya ekstrakt\u0131 olarak adland\u0131r\u0131l\u0131r. H\u00fccre duvar\u0131n\u0131n tamam\u0131na yak\u0131n\u0131 glukan ve mannan oligosakkaritler gibi karbonhidratlardan olu\u015fur. Kendine has maya kokusu vard\u0131r. T\u00fcm hayvan t\u00fcrlerinin rasyonlar\u0131nda protein kayna\u011f\u0131 olarak %1 ile%3 oran\u0131nda kullan\u0131labilir. <\/strong><\/p>\n<p><strong>\u00a0<\/strong><\/p>\n<p><strong>\u0130NAKT\u0130F MAYA \u00d6ZELL\u0130KLER\u0130<\/strong><\/p>\n<p><strong>\u0130naktif mayalarda protein de\u011feri ne kadar y\u00fcksekse \u00fcr\u00fcn o kadar kalitelidir.<\/strong><\/p>\n<p><strong>\u0130naktif maya i\u00e7erisindeki Mos+beta glukan ekstrakt mayadan beklenen faydalar\u0131n b\u00fcy\u00fck bir k\u0131sm\u0131n\u0131 sa\u011flar.\u00a0 <\/strong><\/p>\n<p><strong>\u00a0<\/strong><\/p>\n<p><strong>ANAL\u0130Z <\/strong><\/p>\n<p><strong>NEM: %9<\/strong><\/p>\n<p><strong>PROTE\u0130N: %39 <\/strong><\/p>\n<p><strong>K\u00dcL: %6<\/strong><\/p>\n<p><strong>YA\u011e: %6<\/strong><\/p>\n<p><strong>L\u0130F: %6<\/strong><\/p>\n<p><strong>\u00a0<\/strong><\/p>\n<p><strong>AM\u0130NOAS\u0130TLER <\/strong><\/p>\n<p><strong>MET\u0130YON\u0130N:%1,46<\/strong><\/p>\n<p><strong>L\u0130Z\u0130N:%3,05<\/strong><\/p>\n<p><strong>TR\u0130PTOFAN: %1,02<\/strong><\/p>\n<p><strong>S\u0130ST\u0130N: %1,71<\/strong><\/p>\n<p><strong>FEN\u0130LALAN\u0130N: %6<\/strong><\/p>\n<p><strong>TREON\u0130N: %2,28<\/strong><\/p>\n<p><strong>\u00a0<\/strong><\/p>\n<p><strong>M\u0130NERALLER<\/strong><\/p>\n<p><strong>\u00c7\u0130NKO: 57 mg\/kg<\/strong><\/p>\n<p><strong>BAKIR: 8,49 mg\/kg<\/strong><\/p>\n<p><strong>DEM\u0130R: 99,5 mg\/kg<\/strong><\/p>\n<p><strong>MANGANEZ: 86,5 mg\/kg<\/strong><\/p>\n<p><strong>POTASYUM: % 1,05<\/strong><\/p>\n<p><strong>MAGNEZYUM: % 0,10<\/strong><\/p>\n<p><strong>SODYUM: % 0,40<\/strong><\/p>\n<p><strong>FOSFOR TOPLAM: % 0,78<\/strong><\/p>\n<p><strong>KALS\u0130YUM: % 0,18<\/strong><\/p>\n<p><strong>\u00a0<\/strong><\/p>\n<p><strong>KULLANIM ALANLARI <\/strong><\/p>\n<p><strong>Besin kayna\u011f\u0131 ve lezzet artt\u0131r\u0131c\u0131 olarak kullan\u0131l\u0131r.<\/strong><\/p>\n<p><strong>Hamur gev\u015fetici \u00f6zelli\u011fi nedeni ile unlu mamullerde kullan\u0131m\u0131 mevcuttur.<\/strong><\/p>\n<p><strong>\u0130naktif maya besinleri a\u00e7\u0131\u015f\u0131ndan zengindir. \u0130nsan v\u00fccudunun ihtiyac\u0131 olan amino asit ve B vitaminleri i\u00e7in takviye olarak kullan\u0131l\u0131r.<\/strong><\/p>\n<p><strong>Ba\u011f\u0131rsak sa\u011fl\u0131\u011f\u0131 a\u00e7\u0131s\u0131ndan, kab\u0131zl\u0131\u011f\u0131 azaltabilen diyet lifi a\u00e7\u0131s\u0131ndan zengindir.<\/strong><\/p>\n<p><strong>\u0130naktif maya iyi bir protein kayna\u011f\u0131d\u0131r. Vejetaryenler i\u00e7in uygun olan \u00fcr\u00fcnlere etli benzeri bir tat vermesi nedeniyle g\u0131dada kullan\u0131l\u0131r.<\/strong><\/p>\n<p><strong>Toksin ba\u011flay\u0131c\u0131 ve ba\u011f\u0131\u015f\u0131kl\u0131k sistemi g\u00fc\u00e7lendirici bir etkiye sahiptir. Bu nedenle s\u00fct verimi y\u00fcksek hayvanlarda laktasyon boyunca kullan\u0131l\u0131r.<\/strong><\/p>\n<p><strong>B\u00fcy\u00fckba\u015f hayvanlarda inaktif mayan\u0131n i\u015fkembedeki g\u00f6revi asit t\u00fcketen bakteriler i\u00e7in besin kayna\u011f\u0131 olmalar\u0131 ve bunlar\u0131n i\u015fkembedeki say\u0131lar\u0131n\u0131 artt\u0131rarak Ph\u2019n\u0131n a\u015fa\u011f\u0131ya \u00e7ekilmesi yani asidoz olay\u0131n\u0131 \u00f6nleyici olarak kullan\u0131l\u0131r.<\/strong><\/p>\n<p><strong>E vitamini ile hayvanlar\u0131n t\u00fcylerini g\u00fc\u00e7lendirmede de kullan\u0131l\u0131r.<\/strong><\/p>\n<p><strong>\u00a0<\/strong><\/p>\n<p><strong>AMBALAJ<\/strong><\/p>\n<p><strong>1-5-20 Kg torbalar halindedir.<\/strong><\/p>\n<p><strong>\u00a0<\/strong><\/p>\n<p><strong>DEPOLAMA<\/strong><\/p>\n<p><strong>Serin, kuru, \u0131\u015f\u0131ks\u0131z ve rutubetsiz ortamlarda depolanmal\u0131d\u0131r.<\/strong><\/p>\n<p><strong>\u00a0<\/strong><\/p>\n","protected":false},"excerpt":{"rendered":"<p>\u0130NAKT\u0130F MAYA Sitoplazmadan ayr\u0131lm\u0131\u015f h\u00fccre duvar\u0131 maya ekstrakt\u0131 olarak adland\u0131r\u0131l\u0131r. H\u00fccre duvar\u0131n\u0131n tamam\u0131na yak\u0131n\u0131 glukan ve mannan oligosakkaritler gibi karbonhidratlardan<\/p>\n","protected":false},"featured_media":17925,"comment_status":"open","ping_status":"closed","template":"","meta":{"_joinchat":[]},"product_cat":[76,80,81],"product_tag":[],"class_list":{"0":"post-17919","1":"product","2":"type-product","3":"status-publish","4":"has-post-thumbnail","6":"product_cat-gida-ve-katki-kimyasallari","7":"product_cat-veteriner-ve-ilac-kimyasallari","8":"product_cat-yem-katki-kimyasallari","10":"first","11":"instock","12":"shipping-taxable","13":"purchasable","14":"product-type-variable"},"yoast_head":"<!-- This site is optimized with the Yoast SEO Premium plugin v20.2.1 (Yoast SEO v20.2.1) - https:\/\/yoast.com\/wordpress\/plugins\/seo\/ -->\n<title>\u0130NAKT\u0130F MAYA - Akerkimya<\/title>\n<meta name=\"robots\" content=\"index, follow, max-snippet:-1, max-image-preview:large, max-video-preview:-1\" \/>\n<link rel=\"canonical\" href=\"https:\/\/akerkimya.com\/eticaret\/urun\/inaktif-maya\/\" \/>\n<meta property=\"og:locale\" content=\"tr_TR\" \/>\n<meta property=\"og:type\" content=\"article\" \/>\n<meta property=\"og:title\" content=\"\u0130NAKT\u0130F MAYA\" \/>\n<meta property=\"og:description\" content=\"\u0130NAKT\u0130F MAYA Sitoplazmadan ayr\u0131lm\u0131\u015f h\u00fccre duvar\u0131 maya ekstrakt\u0131 olarak adland\u0131r\u0131l\u0131r. H\u00fccre duvar\u0131n\u0131n tamam\u0131na yak\u0131n\u0131 glukan ve mannan oligosakkaritler gibi karbonhidratlardan\" \/>\n<meta property=\"og:url\" content=\"https:\/\/akerkimya.com\/eticaret\/urun\/inaktif-maya\/\" \/>\n<meta property=\"og:site_name\" content=\"Akerkimya\" \/>\n<meta property=\"article:modified_time\" content=\"2026-03-29T23:24:26+00:00\" \/>\n<meta property=\"og:image\" content=\"https:\/\/akerkimya.com\/eticaret\/wp-content\/uploads\/2025\/01\/INAKTIF-MAYA-GUNCEL.png\" \/>\n\t<meta property=\"og:image:width\" content=\"1000\" \/>\n\t<meta property=\"og:image:height\" content=\"1000\" \/>\n\t<meta property=\"og:image:type\" content=\"image\/png\" \/>\n<meta name=\"twitter:card\" content=\"summary_large_image\" \/>\n<meta name=\"twitter:label1\" content=\"Tahmini okuma s\u00fcresi\" \/>\n\t<meta name=\"twitter:data1\" content=\"2 dakika\" \/>\n<script type=\"application\/ld+json\" class=\"yoast-schema-graph\">{\"@context\":\"https:\/\/schema.org\",\"@graph\":[{\"@type\":\"WebPage\",\"@id\":\"https:\/\/akerkimya.com\/eticaret\/urun\/inaktif-maya\/\",\"url\":\"https:\/\/akerkimya.com\/eticaret\/urun\/inaktif-maya\/\",\"name\":\"\u0130NAKT\u0130F MAYA - Akerkimya\",\"isPartOf\":{\"@id\":\"https:\/\/akerkimya.com\/eticaret\/#website\"},\"datePublished\":\"2025-01-07T11:11:41+00:00\",\"dateModified\":\"2026-03-29T23:24:26+00:00\",\"breadcrumb\":{\"@id\":\"https:\/\/akerkimya.com\/eticaret\/urun\/inaktif-maya\/#breadcrumb\"},\"inLanguage\":\"tr\",\"potentialAction\":[{\"@type\":\"ReadAction\",\"target\":[\"https:\/\/akerkimya.com\/eticaret\/urun\/inaktif-maya\/\"]}]},{\"@type\":\"BreadcrumbList\",\"@id\":\"https:\/\/akerkimya.com\/eticaret\/urun\/inaktif-maya\/#breadcrumb\",\"itemListElement\":[{\"@type\":\"ListItem\",\"position\":1,\"name\":\"Home\",\"item\":\"https:\/\/akerkimya.com\/eticaret\/\"},{\"@type\":\"ListItem\",\"position\":2,\"name\":\"Market\",\"item\":\"https:\/\/akerkimya.com\/eticaret\/market\/\"},{\"@type\":\"ListItem\",\"position\":3,\"name\":\"\u0130NAKT\u0130F MAYA\"}]},{\"@type\":\"WebSite\",\"@id\":\"https:\/\/akerkimya.com\/eticaret\/#website\",\"url\":\"https:\/\/akerkimya.com\/eticaret\/\",\"name\":\"Akerkimya\",\"description\":\"\",\"potentialAction\":[{\"@type\":\"SearchAction\",\"target\":{\"@type\":\"EntryPoint\",\"urlTemplate\":\"https:\/\/akerkimya.com\/eticaret\/?s={search_term_string}\"},\"query-input\":\"required name=search_term_string\"}],\"inLanguage\":\"tr\"}]}<\/script>\n<!-- \/ Yoast SEO Premium plugin. -->","yoast_head_json":{"title":"\u0130NAKT\u0130F MAYA - Akerkimya","robots":{"index":"index","follow":"follow","max-snippet":"max-snippet:-1","max-image-preview":"max-image-preview:large","max-video-preview":"max-video-preview:-1"},"canonical":"https:\/\/akerkimya.com\/eticaret\/urun\/inaktif-maya\/","og_locale":"tr_TR","og_type":"article","og_title":"\u0130NAKT\u0130F MAYA","og_description":"\u0130NAKT\u0130F MAYA Sitoplazmadan ayr\u0131lm\u0131\u015f h\u00fccre duvar\u0131 maya ekstrakt\u0131 olarak adland\u0131r\u0131l\u0131r. H\u00fccre duvar\u0131n\u0131n tamam\u0131na yak\u0131n\u0131 glukan ve mannan oligosakkaritler gibi karbonhidratlardan","og_url":"https:\/\/akerkimya.com\/eticaret\/urun\/inaktif-maya\/","og_site_name":"Akerkimya","article_modified_time":"2026-03-29T23:24:26+00:00","og_image":[{"width":1000,"height":1000,"url":"https:\/\/akerkimya.com\/eticaret\/wp-content\/uploads\/2025\/01\/INAKTIF-MAYA-GUNCEL.png","type":"image\/png"}],"twitter_card":"summary_large_image","twitter_misc":{"Tahmini okuma s\u00fcresi":"2 dakika"},"schema":{"@context":"https:\/\/schema.org","@graph":[{"@type":"WebPage","@id":"https:\/\/akerkimya.com\/eticaret\/urun\/inaktif-maya\/","url":"https:\/\/akerkimya.com\/eticaret\/urun\/inaktif-maya\/","name":"\u0130NAKT\u0130F MAYA - Akerkimya","isPartOf":{"@id":"https:\/\/akerkimya.com\/eticaret\/#website"},"datePublished":"2025-01-07T11:11:41+00:00","dateModified":"2026-03-29T23:24:26+00:00","breadcrumb":{"@id":"https:\/\/akerkimya.com\/eticaret\/urun\/inaktif-maya\/#breadcrumb"},"inLanguage":"tr","potentialAction":[{"@type":"ReadAction","target":["https:\/\/akerkimya.com\/eticaret\/urun\/inaktif-maya\/"]}]},{"@type":"BreadcrumbList","@id":"https:\/\/akerkimya.com\/eticaret\/urun\/inaktif-maya\/#breadcrumb","itemListElement":[{"@type":"ListItem","position":1,"name":"Home","item":"https:\/\/akerkimya.com\/eticaret\/"},{"@type":"ListItem","position":2,"name":"Market","item":"https:\/\/akerkimya.com\/eticaret\/market\/"},{"@type":"ListItem","position":3,"name":"\u0130NAKT\u0130F MAYA"}]},{"@type":"WebSite","@id":"https:\/\/akerkimya.com\/eticaret\/#website","url":"https:\/\/akerkimya.com\/eticaret\/","name":"Akerkimya","description":"","potentialAction":[{"@type":"SearchAction","target":{"@type":"EntryPoint","urlTemplate":"https:\/\/akerkimya.com\/eticaret\/?s={search_term_string}"},"query-input":"required name=search_term_string"}],"inLanguage":"tr"}]}},"_links":{"self":[{"href":"https:\/\/akerkimya.com\/eticaret\/wp-json\/wp\/v2\/product\/17919","targetHints":{"allow":["GET"]}}],"collection":[{"href":"https:\/\/akerkimya.com\/eticaret\/wp-json\/wp\/v2\/product"}],"about":[{"href":"https:\/\/akerkimya.com\/eticaret\/wp-json\/wp\/v2\/types\/product"}],"replies":[{"embeddable":true,"href":"https:\/\/akerkimya.com\/eticaret\/wp-json\/wp\/v2\/comments?post=17919"}],"version-history":[{"count":2,"href":"https:\/\/akerkimya.com\/eticaret\/wp-json\/wp\/v2\/product\/17919\/revisions"}],"predecessor-version":[{"id":19548,"href":"https:\/\/akerkimya.com\/eticaret\/wp-json\/wp\/v2\/product\/17919\/revisions\/19548"}],"wp:featuredmedia":[{"embeddable":true,"href":"https:\/\/akerkimya.com\/eticaret\/wp-json\/wp\/v2\/media\/17925"}],"wp:attachment":[{"href":"https:\/\/akerkimya.com\/eticaret\/wp-json\/wp\/v2\/media?parent=17919"}],"wp:term":[{"taxonomy":"product_cat","embeddable":true,"href":"https:\/\/akerkimya.com\/eticaret\/wp-json\/wp\/v2\/product_cat?post=17919"},{"taxonomy":"product_tag","embeddable":true,"href":"https:\/\/akerkimya.com\/eticaret\/wp-json\/wp\/v2\/product_tag?post=17919"}],"curies":[{"name":"wp","href":"https:\/\/api.w.org\/{rel}","templated":true}]}}