{"id":18006,"date":"2025-01-07T16:32:13","date_gmt":"2025-01-07T13:32:13","guid":{"rendered":"https:\/\/akerkimya.com\/eticaret\/?post_type=product&#038;p=18006"},"modified":"2026-03-30T02:23:25","modified_gmt":"2026-03-29T23:23:25","slug":"hidrazin-hidrat","status":"publish","type":"product","link":"https:\/\/akerkimya.com\/eticaret\/urun\/hidrazin-hidrat\/","title":{"rendered":"H\u0130DRAZ\u0130N H\u0130DRAT"},"content":{"rendered":"<h1>H\u0130DRAZ\u0130N H\u0130DRAT<\/h1>\n<p><strong>Hidrazin hidrat, H6N2O form\u00fcl\u00fcne sahip basit bir azot grubuna sahip hidrit ve inorganik yap\u0131l\u0131 bir bile\u015fiktir. Hidrazin hidrat, hidrazin s\u00fclfat\u0131n sodyum hidroksi ile reaksiyona sokulmas\u0131yla elde edilir. Ticari olarak \u00fcretimi %100 saf olarak ger\u00e7ekle\u015ftirilir. Sat\u0131c\u0131lar ve kullan\u0131c\u0131lar taraf\u0131ndan belirli konsantrasyonlar da seyreltilerek farkl\u0131 konsantrasyonlar elde edilir.<\/strong><\/p>\n<p><strong>\u00a0<\/strong><\/p>\n<p><strong>H\u0130DRAZ\u0130N H\u0130DRAT \u00d6ZELL\u0130KLER\u0130<\/strong><\/p>\n<p><strong>Renksiz s\u0131v\u0131 formundad\u0131r. Hafif amonyak kokuya sahiptir. <\/strong><\/p>\n<p><strong>Yan\u0131c\u0131 bir maddedir. <\/strong><\/p>\n<p><strong>G\u00fc\u00e7l\u00fc bir baz ve indirgeme maddesidir.<\/strong><\/p>\n<p><strong>Alkol ve kloroform ile \u00e7\u00f6z\u00fcl\u00fcr.<\/strong><\/p>\n<p><strong>Olduk\u00e7a zehirlidir ve tehlikeli olacak \u015fekilde karars\u0131zd\u0131r.<\/strong><\/p>\n<p><strong>\u00a0<\/strong><\/p>\n<p><strong>TEKN\u0130K \u00d6ZELL\u0130KLER <\/strong><\/p>\n<p><strong>CAS NUMARASI: 7803-57-8<\/strong><\/p>\n<p><strong>K\u0130MYASAL \u0130SM\u0130: Hidrazin Hidrat, Hidrazinyum Hidroksit, Hidrazin Monohidrat, Hidrazin Su<\/strong><\/p>\n<p><strong>MOLOK\u00dcLER FORM\u00dcL\u00dc: H6N2O<\/strong><\/p>\n<p><strong>ORTALAMA K\u0130TLE: 50.060398 Da <\/strong><\/p>\n<p><strong>MONO\u0130ZOTOP\u0130K K\u0130TLE: 50.048012 Da<\/strong><\/p>\n<p><strong>ER\u0130ME NOKTASI: -52\u00b0C<\/strong><\/p>\n<p><strong>KAYNAMA NOKTASI: 120-121\u00b0C<\/strong><\/p>\n<p><strong>PARLAMA NOKTASI: 75 (167F)\u00b0C<\/strong><\/p>\n<p><strong>\u00d6ZG\u00dcL A\u011eIRLIK: 1.027<\/strong><\/p>\n<p><strong>MOLEK\u00dcL A\u011eIRLI\u011eI: 50.061 g\/mol<\/strong><\/p>\n<p><strong>KIRILMA \u0130ND\u0130S\u0130: 1.4310<\/strong><\/p>\n<p><strong>YO\u011eUNLU\u011eU: 1.032 g\/mlt dir.<\/strong><\/p>\n<p><strong>SUDA \u00c7\u00d6Z\u00dcN\u00dcRL\u00dcK: d\u00fc\u015f\u00fckt\u00fcr<\/strong><\/p>\n<p><strong>\u00a0<\/strong><\/p>\n<p><strong>KULLANIM ALANLARI <\/strong><\/p>\n<p><strong>Farmas\u00f6tiklerde aktif kimyasal bile\u015fenleri ve zirai ila\u00e7 imalat\u0131nda kullan\u0131l\u0131r.<\/strong><\/p>\n<p><strong>Buhar ile \u00e7al\u0131\u015fan d\u00fc\u015f\u00fck ve y\u00fcksek bas\u0131n\u00e7l\u0131 kazanlarda oksidasyon olu\u015fumunu \u00f6nlemek i\u00e7in kullan\u0131l\u0131r.<\/strong><\/p>\n<p><strong>Bitki b\u00fcy\u00fcme d\u00fczenleyicisi olan herbisit ve fungusitlerin imalat\u0131nda kullan\u0131lmaktad\u0131r.<\/strong><\/p>\n<p><strong>N\u00fckleer ve konvansiyonel elektrik santrali buhar d\u00f6n\u00fc\u015f\u00fcmlerinde, a\u015f\u0131nd\u0131r\u0131c\u0131l\u0131\u011f\u0131 \u00f6nlemek i\u00e7in \u00e7\u00f6z\u00fcnm\u00fc\u015f oksijen konsantrasyonlar\u0131 kontrol etmek i\u00e7in oksijen tutucu olarak kullan\u0131l\u0131r.<\/strong><\/p>\n<p><strong>Su ar\u0131tma ve end\u00fcstriyel kazanlarda indirgeyici ajan ve ph d\u00fczenleyici olarak kullan\u0131l\u0131r.<\/strong><\/p>\n<p><strong>Metalik maden sekt\u00f6r\u00fcnde kimyasal ar\u0131tma i\u015fleminde kullan\u0131l\u0131r. <\/strong><\/p>\n<p><strong>Elektro kaplama sekt\u00f6r\u00fcnde indirgeyici ajan olarak kullan\u0131l\u0131r.<\/strong><\/p>\n<p><strong>Roket motorlar\u0131nda metil alkol ile birlikte itici gaz olarak kullan\u0131l\u0131r.<\/strong><\/p>\n<p><strong>Hidrojen Peroksit <\/strong><strong>\u2018in katalitik ayr\u0131\u015fmas\u0131n\u0131 sa\u011flamak amac\u0131yla kullan\u0131l\u0131r.<\/strong><\/p>\n<p><strong>T\u0131p sekt\u00f6r\u00fcnde, t\u00fcberk\u00fclozun kontrol alt\u0131na al\u0131nmas\u0131nda ve sakinle\u015ftirici ila\u00e7lar\u0131n \u00fcretiminde kullan\u0131lan bir kimyasald\u0131r. <\/strong><\/p>\n<p><strong>Plastik sekt\u00f6r\u00fcnde \u015fi\u015firmeyi etkileyen polimerizasyon ba\u015flat\u0131c\u0131s\u0131 maddelerin imalat\u0131nda kullan\u0131lan kimyasal maddedir.<\/strong><\/p>\n<p><strong>\u00a0<\/strong><\/p>\n<p><strong>AMBALAJ <\/strong><\/p>\n<p><strong>200 kg f\u0131\u00e7\u0131larda <\/strong><\/p>\n<p><strong>\u00a0<\/strong><\/p>\n<p><strong>DEPOLAMA <\/strong><\/p>\n<p><strong>Serin ve kuru bir alanda muhafaza ediniz<\/strong><\/p>\n","protected":false},"excerpt":{"rendered":"<p>H\u0130DRAZ\u0130N H\u0130DRAT Hidrazin hidrat, H6N2O form\u00fcl\u00fcne sahip basit bir azot grubuna sahip hidrit ve inorganik yap\u0131l\u0131 bir bile\u015fiktir. Hidrazin hidrat,<\/p>\n","protected":false},"featured_media":18010,"comment_status":"open","ping_status":"closed","template":"","meta":{"_joinchat":[]},"product_cat":[79,80],"product_tag":[],"class_list":{"0":"post-18006","1":"product","2":"type-product","3":"status-publish","4":"has-post-thumbnail","6":"product_cat-tarim-kimyasallari","7":"product_cat-veteriner-ve-ilac-kimyasallari","9":"first","10":"outofstock","11":"shipping-taxable","12":"product-type-variable"},"yoast_head":"<!-- This site is optimized with the Yoast SEO Premium plugin v20.2.1 (Yoast SEO v20.2.1) - https:\/\/yoast.com\/wordpress\/plugins\/seo\/ -->\n<title>H\u0130DRAZ\u0130N H\u0130DRAT - Akerkimya<\/title>\n<meta name=\"robots\" content=\"index, follow, max-snippet:-1, max-image-preview:large, max-video-preview:-1\" \/>\n<link rel=\"canonical\" href=\"https:\/\/akerkimya.com\/eticaret\/urun\/hidrazin-hidrat\/\" \/>\n<meta property=\"og:locale\" content=\"tr_TR\" \/>\n<meta property=\"og:type\" content=\"article\" \/>\n<meta property=\"og:title\" content=\"H\u0130DRAZ\u0130N H\u0130DRAT\" \/>\n<meta property=\"og:description\" content=\"H\u0130DRAZ\u0130N H\u0130DRAT Hidrazin hidrat, H6N2O form\u00fcl\u00fcne sahip basit bir azot grubuna sahip hidrit ve inorganik yap\u0131l\u0131 bir bile\u015fiktir. Hidrazin hidrat,\" \/>\n<meta property=\"og:url\" content=\"https:\/\/akerkimya.com\/eticaret\/urun\/hidrazin-hidrat\/\" \/>\n<meta property=\"og:site_name\" content=\"Akerkimya\" \/>\n<meta property=\"article:modified_time\" content=\"2026-03-29T23:23:25+00:00\" \/>\n<meta property=\"og:image\" content=\"https:\/\/akerkimya.com\/eticaret\/wp-content\/uploads\/2025\/01\/HIDRAZIN-HIDRAT-GUNCEL.png\" \/>\n\t<meta property=\"og:image:width\" content=\"1000\" \/>\n\t<meta property=\"og:image:height\" content=\"1000\" \/>\n\t<meta property=\"og:image:type\" content=\"image\/png\" \/>\n<meta name=\"twitter:card\" content=\"summary_large_image\" \/>\n<meta name=\"twitter:label1\" content=\"Tahmini okuma s\u00fcresi\" \/>\n\t<meta name=\"twitter:data1\" content=\"2 dakika\" \/>\n<script type=\"application\/ld+json\" class=\"yoast-schema-graph\">{\"@context\":\"https:\/\/schema.org\",\"@graph\":[{\"@type\":\"WebPage\",\"@id\":\"https:\/\/akerkimya.com\/eticaret\/urun\/hidrazin-hidrat\/\",\"url\":\"https:\/\/akerkimya.com\/eticaret\/urun\/hidrazin-hidrat\/\",\"name\":\"H\u0130DRAZ\u0130N H\u0130DRAT - Akerkimya\",\"isPartOf\":{\"@id\":\"https:\/\/akerkimya.com\/eticaret\/#website\"},\"datePublished\":\"2025-01-07T13:32:13+00:00\",\"dateModified\":\"2026-03-29T23:23:25+00:00\",\"breadcrumb\":{\"@id\":\"https:\/\/akerkimya.com\/eticaret\/urun\/hidrazin-hidrat\/#breadcrumb\"},\"inLanguage\":\"tr\",\"potentialAction\":[{\"@type\":\"ReadAction\",\"target\":[\"https:\/\/akerkimya.com\/eticaret\/urun\/hidrazin-hidrat\/\"]}]},{\"@type\":\"BreadcrumbList\",\"@id\":\"https:\/\/akerkimya.com\/eticaret\/urun\/hidrazin-hidrat\/#breadcrumb\",\"itemListElement\":[{\"@type\":\"ListItem\",\"position\":1,\"name\":\"Home\",\"item\":\"https:\/\/akerkimya.com\/eticaret\/\"},{\"@type\":\"ListItem\",\"position\":2,\"name\":\"Market\",\"item\":\"https:\/\/akerkimya.com\/eticaret\/market\/\"},{\"@type\":\"ListItem\",\"position\":3,\"name\":\"H\u0130DRAZ\u0130N H\u0130DRAT\"}]},{\"@type\":\"WebSite\",\"@id\":\"https:\/\/akerkimya.com\/eticaret\/#website\",\"url\":\"https:\/\/akerkimya.com\/eticaret\/\",\"name\":\"Akerkimya\",\"description\":\"\",\"potentialAction\":[{\"@type\":\"SearchAction\",\"target\":{\"@type\":\"EntryPoint\",\"urlTemplate\":\"https:\/\/akerkimya.com\/eticaret\/?s={search_term_string}\"},\"query-input\":\"required name=search_term_string\"}],\"inLanguage\":\"tr\"}]}<\/script>\n<!-- \/ Yoast SEO Premium plugin. -->","yoast_head_json":{"title":"H\u0130DRAZ\u0130N H\u0130DRAT - Akerkimya","robots":{"index":"index","follow":"follow","max-snippet":"max-snippet:-1","max-image-preview":"max-image-preview:large","max-video-preview":"max-video-preview:-1"},"canonical":"https:\/\/akerkimya.com\/eticaret\/urun\/hidrazin-hidrat\/","og_locale":"tr_TR","og_type":"article","og_title":"H\u0130DRAZ\u0130N H\u0130DRAT","og_description":"H\u0130DRAZ\u0130N H\u0130DRAT Hidrazin hidrat, H6N2O form\u00fcl\u00fcne sahip basit bir azot grubuna sahip hidrit ve inorganik yap\u0131l\u0131 bir bile\u015fiktir. Hidrazin hidrat,","og_url":"https:\/\/akerkimya.com\/eticaret\/urun\/hidrazin-hidrat\/","og_site_name":"Akerkimya","article_modified_time":"2026-03-29T23:23:25+00:00","og_image":[{"width":1000,"height":1000,"url":"https:\/\/akerkimya.com\/eticaret\/wp-content\/uploads\/2025\/01\/HIDRAZIN-HIDRAT-GUNCEL.png","type":"image\/png"}],"twitter_card":"summary_large_image","twitter_misc":{"Tahmini okuma s\u00fcresi":"2 dakika"},"schema":{"@context":"https:\/\/schema.org","@graph":[{"@type":"WebPage","@id":"https:\/\/akerkimya.com\/eticaret\/urun\/hidrazin-hidrat\/","url":"https:\/\/akerkimya.com\/eticaret\/urun\/hidrazin-hidrat\/","name":"H\u0130DRAZ\u0130N H\u0130DRAT - Akerkimya","isPartOf":{"@id":"https:\/\/akerkimya.com\/eticaret\/#website"},"datePublished":"2025-01-07T13:32:13+00:00","dateModified":"2026-03-29T23:23:25+00:00","breadcrumb":{"@id":"https:\/\/akerkimya.com\/eticaret\/urun\/hidrazin-hidrat\/#breadcrumb"},"inLanguage":"tr","potentialAction":[{"@type":"ReadAction","target":["https:\/\/akerkimya.com\/eticaret\/urun\/hidrazin-hidrat\/"]}]},{"@type":"BreadcrumbList","@id":"https:\/\/akerkimya.com\/eticaret\/urun\/hidrazin-hidrat\/#breadcrumb","itemListElement":[{"@type":"ListItem","position":1,"name":"Home","item":"https:\/\/akerkimya.com\/eticaret\/"},{"@type":"ListItem","position":2,"name":"Market","item":"https:\/\/akerkimya.com\/eticaret\/market\/"},{"@type":"ListItem","position":3,"name":"H\u0130DRAZ\u0130N H\u0130DRAT"}]},{"@type":"WebSite","@id":"https:\/\/akerkimya.com\/eticaret\/#website","url":"https:\/\/akerkimya.com\/eticaret\/","name":"Akerkimya","description":"","potentialAction":[{"@type":"SearchAction","target":{"@type":"EntryPoint","urlTemplate":"https:\/\/akerkimya.com\/eticaret\/?s={search_term_string}"},"query-input":"required name=search_term_string"}],"inLanguage":"tr"}]}},"_links":{"self":[{"href":"https:\/\/akerkimya.com\/eticaret\/wp-json\/wp\/v2\/product\/18006","targetHints":{"allow":["GET"]}}],"collection":[{"href":"https:\/\/akerkimya.com\/eticaret\/wp-json\/wp\/v2\/product"}],"about":[{"href":"https:\/\/akerkimya.com\/eticaret\/wp-json\/wp\/v2\/types\/product"}],"replies":[{"embeddable":true,"href":"https:\/\/akerkimya.com\/eticaret\/wp-json\/wp\/v2\/comments?post=18006"}],"version-history":[{"count":1,"href":"https:\/\/akerkimya.com\/eticaret\/wp-json\/wp\/v2\/product\/18006\/revisions"}],"predecessor-version":[{"id":18016,"href":"https:\/\/akerkimya.com\/eticaret\/wp-json\/wp\/v2\/product\/18006\/revisions\/18016"}],"wp:featuredmedia":[{"embeddable":true,"href":"https:\/\/akerkimya.com\/eticaret\/wp-json\/wp\/v2\/media\/18010"}],"wp:attachment":[{"href":"https:\/\/akerkimya.com\/eticaret\/wp-json\/wp\/v2\/media?parent=18006"}],"wp:term":[{"taxonomy":"product_cat","embeddable":true,"href":"https:\/\/akerkimya.com\/eticaret\/wp-json\/wp\/v2\/product_cat?post=18006"},{"taxonomy":"product_tag","embeddable":true,"href":"https:\/\/akerkimya.com\/eticaret\/wp-json\/wp\/v2\/product_tag?post=18006"}],"curies":[{"name":"wp","href":"https:\/\/api.w.org\/{rel}","templated":true}]}}